{"id":134,"date":"2021-08-17T21:43:44","date_gmt":"2021-08-17T21:43:44","guid":{"rendered":"https:\/\/www.ull.es\/institutos\/instituto-universitario-bio-organica\/?page_id=134"},"modified":"2021-10-05T11:09:59","modified_gmt":"2021-10-05T11:09:59","slug":"estancias-de-formacion","status":"publish","type":"page","link":"https:\/\/www.ull.es\/institutos\/instituto-universitario-bio-organica\/estancias-de-formacion\/","title":{"rendered":"Estancias de formaci\u00f3n"},"content":{"rendered":"<p>[vc_row full_width=\u00bbstretch_row_content\u00bb el_class=\u00bbprincipio-marcha\u00bb][vc_column css=\u00bb.vc_custom_1588939369209{padding-top: 40px !important;}\u00bb][vc_custom_heading text=\u00bbEstancias de formaci\u00f3n\u00bb font_container=\u00bbtag:h2|text_align:center|color:%23ffffff\u00bb use_theme_fonts=\u00bbyes\u00bb css_animation=\u00bbfadeInDownBig\u00bb][\/vc_column][\/vc_row][vc_row][vc_column][vc_empty_space][vc_column_text]<span style=\"font-weight: 400;\">El IUBO forma investigadores (estudiantes y profesionales) de universidades, tanto nacionales como extranjeros en las \u00e1reas de Qu\u00edmica Bio-Org\u00e1nica, Biomedicina, Biotecnolog\u00eda, Geoqu\u00edmica Org\u00e1nica y Materiales Inteligentes.\u00a0<\/span><\/p>\n<p><span style=\"font-weight: 400;\">Asimismo, los grupos de investigaci\u00f3n adscritos al IUBO participan de forma extensa en los programas de grado y posgrado de la Universidad de La Laguna, <\/span><span style=\"font-weight: 400;\">actuando como laboratorios receptores del alumnado de<\/span><span style=\"font-weight: 400;\"> Trabajos de Fin de Grado, Trabajos de Fin de M\u00e1ster y Tesis Doctorales.<\/span><\/p>\n<p><span style=\"font-weight: 400;\">Por otra parte, impartimos docencia en diferentes M\u00e1steres en las \u00e1reas de Qu\u00edmica, Farmacia, Biolog\u00eda y Medicina, y nuestras l\u00edneas de investigaci\u00f3n forman parte de varios Programas de Doctorado.\u00a0<\/span>[\/vc_column_text][vc_empty_space][\/vc_column][\/vc_row]<\/p>\n","protected":false},"excerpt":{"rendered":"<p>[vc_row full_width=\u00bbstretch_row_content\u00bb el_class=\u00bbprincipio-marcha\u00bb][vc_column css=\u00bb.vc_custom_1588939369209{padding-top: 40px !important;}\u00bb][vc_custom_heading text=\u00bbEstancias de formaci\u00f3n\u00bb font_container=\u00bbtag:h2|text_align:center|color:%23ffffff\u00bb use_theme_fonts=\u00bbyes\u00bb css_animation=\u00bbfadeInDownBig\u00bb][\/vc_column][\/vc_row][vc_row][vc_column][vc_empty_space][vc_column_text]El IUBO forma investigadores (estudiantes y profesionales) de universidades, tanto nacionales como extranjeros en las \u00e1reas de Qu\u00edmica Bio-Org\u00e1nica, Biomedicina, Biotecnolog\u00eda, Geoqu\u00edmica Org\u00e1nica y Materiales Inteligentes.\u00a0 Asimismo, los grupos de investigaci\u00f3n adscritos al IUBO participan de forma extensa en los programas de grado y&#8230;<\/p>\n","protected":false},"author":2,"featured_media":0,"parent":0,"menu_order":0,"comment_status":"closed","ping_status":"closed","template":"templates\/template-no-title.php","meta":[],"_links":{"self":[{"href":"https:\/\/www.ull.es\/institutos\/instituto-universitario-bio-organica\/wp-json\/wp\/v2\/pages\/134"}],"collection":[{"href":"https:\/\/www.ull.es\/institutos\/instituto-universitario-bio-organica\/wp-json\/wp\/v2\/pages"}],"about":[{"href":"https:\/\/www.ull.es\/institutos\/instituto-universitario-bio-organica\/wp-json\/wp\/v2\/types\/page"}],"author":[{"embeddable":true,"href":"https:\/\/www.ull.es\/institutos\/instituto-universitario-bio-organica\/wp-json\/wp\/v2\/users\/2"}],"replies":[{"embeddable":true,"href":"https:\/\/www.ull.es\/institutos\/instituto-universitario-bio-organica\/wp-json\/wp\/v2\/comments?post=134"}],"version-history":[{"count":6,"href":"https:\/\/www.ull.es\/institutos\/instituto-universitario-bio-organica\/wp-json\/wp\/v2\/pages\/134\/revisions"}],"predecessor-version":[{"id":209,"href":"https:\/\/www.ull.es\/institutos\/instituto-universitario-bio-organica\/wp-json\/wp\/v2\/pages\/134\/revisions\/209"}],"wp:attachment":[{"href":"https:\/\/www.ull.es\/institutos\/instituto-universitario-bio-organica\/wp-json\/wp\/v2\/media?parent=134"}],"curies":[{"name":"wp","href":"https:\/\/api.w.org\/{rel}","templated":true}]}}