{"id":114,"date":"2019-07-17T11:55:43","date_gmt":"2019-07-17T11:55:43","guid":{"rendered":"http:\/\/www.ull.es\/institutos\/instituto-universitario-estudios-avanzados-fisica-atomica-molecular-fotonica\/?page_id=114"},"modified":"2026-04-28T10:33:40","modified_gmt":"2026-04-28T10:33:40","slug":"lineas-investigadoras","status":"publish","type":"page","link":"https:\/\/www.ull.es\/institutos\/instituto-universitario-estudios-avanzados-fisica-atomica-molecular-fotonica\/lineas-investigadoras\/","title":{"rendered":"L\u00edneas Investigadoras"},"content":{"rendered":"<p>[vc_row full_width=\u00bbstretch_row\u00bb disable_element=\u00bbyes\u00bb css=\u00bb.vc_custom_1565085514996{background-image: url(http:\/\/www.ull.es\/institutos\/instituto-universitario-estudios-avanzados-fisica-atomica-molecular-fotonica\/wp-content\/uploads\/sites\/7\/2019\/07\/atomica11.jpg?id=117) !important;background-position: center !important;background-repeat: no-repeat !important;background-size: cover !important;}\u00bb][vc_column][vc_empty_space][vc_empty_space][vc_custom_heading text=\u00bbL\u00cdNEAS INVESTIGADORAS\u00bb font_container=\u00bbtag:h1|font_size:3em|text_align:left|color:%23ffffff\u00bb use_theme_fonts=\u00bbyes\u00bb][vc_empty_space][vc_empty_space][\/vc_column][\/vc_row][vc_row][vc_column][vc_column_text]<\/p>\n<h1>L\u00edneas Investigadoras<\/h1>\n<p>[\/vc_column_text][vc_empty_space][\/vc_column][\/vc_row][vc_row full_width=\u00bbstretch_row\u00bb][vc_column width=\u00bb1\/2&#8243; el_class=\u00bbpadding-50-right\u00bb][vc_btn title=\u00bbMec\u00e1nica cu\u00e1ntica y sus aplicaciones a computaci\u00f3n cu\u00e1ntica. Decoherencia. Transporte. Tiempo en Mec\u00e1nica Cu\u00e1ntica. Medida en Mec\u00e1nica Cu\u00e1ntica. Caos Cu\u00e1ntico. Relojes cu\u00e1nticos\u00bb shape=\u00bbsquare\u00bb size=\u00bblg\u00bb][vc_btn title=\u00bbF\u00edsica molecular. Agregados at\u00f3micos y moleculares. Din\u00e1mica molecular y MonteCarlo. Nanoestructuras. Simulaci\u00f3n de l\u00edquidos\u00bb shape=\u00bbsquare\u00bb size=\u00bblg\u00bb][vc_btn title=\u00bbMatem\u00e1tica aplicada. Ecuaciones de la F\u00edsica Matem\u00e1tica. Geometr\u00eda diferencial y Relatividad\u00bb shape=\u00bbsquare\u00bb size=\u00bblg\u00bb][vc_btn title=\u00bbSistemas din\u00e1micos y din\u00e1mica no lineal. Transporte y mec\u00e1nica estad\u00edstica alejada del equilibrio. Caos din\u00e1mico. Sistemas complejos cl\u00e1sicos y cu\u00e1nticos\u00bb shape=\u00bbsquare\u00bb size=\u00bblg\u00bb][vc_btn title=\u00bbAn\u00e1lisis de se\u00f1ales tiempo-frecuencia\u00bb shape=\u00bbsquare\u00bb size=\u00bblg\u00bb][vc_single_image image=\u00bb121&#8243; img_size=\u00bbfull\u00bb][\/vc_column][vc_column width=\u00bb1\/2&#8243; css=\u00bb.vc_custom_1563365734504{padding-right: 5% !important;padding-left: 5% !important;}\u00bb][vc_single_image image=\u00bb116&#8243; img_size=\u00bbfull\u00bb css=\u00bb.vc_custom_1563365515482{padding-left: 50px !important;}\u00bb][vc_empty_space][vc_btn title=\u00bbControl de sistemas cu\u00e1nticos\u00bb shape=\u00bbsquare\u00bb size=\u00bblg\u00bb][vc_btn title=\u00bbEspectroscop\u00eda l\u00e1ser y altas presiones\u00bb shape=\u00bbsquare\u00bb size=\u00bblg\u00bb][vc_btn title=\u00bbMicroresonadores y Optomec\u00e1nica\u00bb shape=\u00bbsquare\u00bb size=\u00bblg\u00bb][vc_btn title=\u00bbNanoestructurado de materiales por l\u00e1ser de femtosegundos\u00bb shape=\u00bbsquare\u00bb size=\u00bblg\u00bb][vc_btn title=\u00bbFot\u00f3nica Integrada\u00bb shape=\u00bbsquare\u00bb size=\u00bblg\u00bb][\/vc_column][\/vc_row]<\/p>\n","protected":false},"excerpt":{"rendered":"<p>[vc_row full_width=\u00bbstretch_row\u00bb disable_element=\u00bbyes\u00bb css=\u00bb.vc_custom_1565085514996{background-image: url(http:\/\/www.ull.es\/institutos\/instituto-universitario-estudios-avanzados-fisica-atomica-molecular-fotonica\/wp-content\/uploads\/sites\/7\/2019\/07\/atomica11.jpg?id=117) !important;background-position: center !important;background-repeat: no-repeat !important;background-size: cover !important;}\u00bb][vc_column][vc_empty_space][vc_empty_space][vc_custom_heading text=\u00bbL\u00cdNEAS INVESTIGADORAS\u00bb font_container=\u00bbtag:h1|font_size:3em|text_align:left|color:%23ffffff\u00bb use_theme_fonts=\u00bbyes\u00bb][vc_empty_space][vc_empty_space][\/vc_column][\/vc_row][vc_row][vc_column][vc_column_text] L\u00edneas Investigadoras [\/vc_column_text][vc_empty_space][\/vc_column][\/vc_row][vc_row full_width=\u00bbstretch_row\u00bb][vc_column width=\u00bb1\/2&#8243; el_class=\u00bbpadding-50-right\u00bb][vc_btn title=\u00bbMec\u00e1nica cu\u00e1ntica y sus aplicaciones a computaci\u00f3n cu\u00e1ntica. Decoherencia. Transporte. Tiempo en Mec\u00e1nica Cu\u00e1ntica. Medida en Mec\u00e1nica Cu\u00e1ntica. Caos Cu\u00e1ntico. Relojes cu\u00e1nticos\u00bb shape=\u00bbsquare\u00bb size=\u00bblg\u00bb][vc_btn title=\u00bbF\u00edsica molecular. Agregados at\u00f3micos y moleculares. Din\u00e1mica molecular y&#8230;<\/p>\n","protected":false},"author":2,"featured_media":0,"parent":0,"menu_order":0,"comment_status":"closed","ping_status":"closed","template":"","meta":[],"_links":{"self":[{"href":"https:\/\/www.ull.es\/institutos\/instituto-universitario-estudios-avanzados-fisica-atomica-molecular-fotonica\/wp-json\/wp\/v2\/pages\/114"}],"collection":[{"href":"https:\/\/www.ull.es\/institutos\/instituto-universitario-estudios-avanzados-fisica-atomica-molecular-fotonica\/wp-json\/wp\/v2\/pages"}],"about":[{"href":"https:\/\/www.ull.es\/institutos\/instituto-universitario-estudios-avanzados-fisica-atomica-molecular-fotonica\/wp-json\/wp\/v2\/types\/page"}],"author":[{"embeddable":true,"href":"https:\/\/www.ull.es\/institutos\/instituto-universitario-estudios-avanzados-fisica-atomica-molecular-fotonica\/wp-json\/wp\/v2\/users\/2"}],"replies":[{"embeddable":true,"href":"https:\/\/www.ull.es\/institutos\/instituto-universitario-estudios-avanzados-fisica-atomica-molecular-fotonica\/wp-json\/wp\/v2\/comments?post=114"}],"version-history":[{"count":34,"href":"https:\/\/www.ull.es\/institutos\/instituto-universitario-estudios-avanzados-fisica-atomica-molecular-fotonica\/wp-json\/wp\/v2\/pages\/114\/revisions"}],"predecessor-version":[{"id":298,"href":"https:\/\/www.ull.es\/institutos\/instituto-universitario-estudios-avanzados-fisica-atomica-molecular-fotonica\/wp-json\/wp\/v2\/pages\/114\/revisions\/298"}],"wp:attachment":[{"href":"https:\/\/www.ull.es\/institutos\/instituto-universitario-estudios-avanzados-fisica-atomica-molecular-fotonica\/wp-json\/wp\/v2\/media?parent=114"}],"curies":[{"name":"wp","href":"https:\/\/api.w.org\/{rel}","templated":true}]}}

Líneas Investigadoras

<p>[vc_row full_width=»stretch_row» disable_element=»yes» css=».vc_custom_1565085514996{background-image: url(http://www.ull.es/institutos/instituto-universitario-estudios-avanzados-fisica-atomica-molecular-fotonica/wp-content/uploads/sites/7/2019/07/atomica11.jpg?id=117) !important;background-position: center !important;background-repeat: no-repeat !important;background-size: cover !important;}»][vc_column][vc_empty_space][vc_empty_space][vc_custom_heading text=»LÍNEAS INVESTIGADORAS» font_container=»tag:h1|font_size:3em|text_align:left|color:%23ffffff» use_theme_fonts=»yes»][vc_empty_space][vc_empty_space][/vc_column][/vc_row][vc_row][vc_column][vc_column_text]</p>
<h1>Líneas Investigadoras</h1>
<p>[/vc_column_text][vc_empty_space][/vc_column][/vc_row][vc_row full_width=»stretch_row»][vc_column width=»1/2&#8243; el_class=»padding-50-right»][vc_btn title=»Mecánica cuántica y sus aplicaciones a computación cuántica. Decoherencia. Transporte. Tiempo en Mecánica Cuántica. Medida en Mecánica Cuántica. Caos Cuántico. Relojes cuánticos» shape=»square» size=»lg»][vc_btn title=»Física molecular. Agregados atómicos y moleculares. Dinámica molecular y MonteCarlo. Nanoestructuras. Simulación de líquidos» shape=»square» size=»lg»][vc_btn title=»Matemática aplicada. Ecuaciones de la Física Matemática. Geometría diferencial y Relatividad» shape=»square» size=»lg»][vc_btn title=»Sistemas dinámicos y dinámica no lineal. Transporte y mecánica estadística alejada del equilibrio. Caos dinámico. Sistemas complejos clásicos y cuánticos» shape=»square» size=»lg»][vc_btn title=»Análisis de señales tiempo-frecuencia» shape=»square» size=»lg»][vc_single_image image=»121&#8243; img_size=»full»][/vc_column][vc_column width=»1/2&#8243; css=».vc_custom_1563365734504{padding-right: 5% !important;padding-left: 5% !important;}»][vc_single_image image=»116&#8243; img_size=»full» css=».vc_custom_1563365515482{padding-left: 50px !important;}»][vc_empty_space][vc_btn title=»Control de sistemas cuánticos» shape=»square» size=»lg»][vc_btn title=»Espectroscopía láser y altas presiones» shape=»square» size=»lg»][vc_btn title=»Microresonadores y Optomecánica» shape=»square» size=»lg»][vc_btn title=»Nanoestructurado de materiales por láser de femtosegundos» shape=»square» size=»lg»][vc_btn title=»Fotónica Integrada» shape=»square» size=»lg»][/vc_column][/vc_row]</p>

<p>[vc_row full_width=»stretch_row» disable_element=»yes» css=».vc_custom_1565085514996{background-image: url(http://www.ull.es/institutos/instituto-universitario-estudios-avanzados-fisica-atomica-molecular-fotonica/wp-content/uploads/sites/7/2019/07/atomica11.jpg?id=117) !important;background-position: center !important;background-repeat: no-repeat !important;background-size: cover !important;}»][vc_column][vc_empty_space][vc_empty_space][vc_custom_heading text=»LÍNEAS INVESTIGADORAS» font_container=»tag:h1|font_size:3em|text_align:left|color:%23ffffff» use_theme_fonts=»yes»][vc_empty_space][vc_empty_space][/vc_column][/vc_row][vc_row][vc_column][vc_column_text] Líneas Investigadoras [/vc_column_text][vc_empty_space][/vc_column][/vc_row][vc_row full_width=»stretch_row»][vc_column width=»1/2&#8243; el_class=»padding-50-right»][vc_btn title=»Mecánica cuántica y sus aplicaciones a computación cuántica. Decoherencia. Transporte. Tiempo en Mecánica Cuántica. Medida en Mecánica Cuántica. Caos Cuántico. Relojes cuánticos» shape=»square» size=»lg»][vc_btn title=»Física molecular. Agregados atómicos y moleculares. Dinámica molecular y&#8230;</p>
