{"id":21,"date":"2021-07-12T19:28:02","date_gmt":"2021-07-12T19:28:02","guid":{"rendered":"https:\/\/www.ull.es\/institutos\/instituto-estudios-medievales-renancentistas\/?page_id=21"},"modified":"2023-01-25T16:32:45","modified_gmt":"2023-01-25T16:32:45","slug":"noticias","status":"publish","type":"page","link":"https:\/\/www.ull.es\/institutos\/instituto-universitario-estudios-medievales-renacentistas\/noticias\/","title":{"rendered":"Noticias"},"content":{"rendered":"<p>[vc_row full_width=\u00bbstretch_row_content\u00bb el_class=\u00bbprincipio-marcha\u00bb][vc_column css=\u00bb.vc_custom_1626182143646{padding-top: 40px !important;}\u00bb el_class=\u00bbprincipio-marcha\u00bb][vc_custom_heading text=\u00bbNoticias\u00bb font_container=\u00bbtag:h2|text_align:center|color:%23ffffff\u00bb use_theme_fonts=\u00bbyes\u00bb css_animation=\u00bbfadeInDownBig\u00bb el_class=\u00bbprincipio-marcha\u00bb][\/vc_column][\/vc_row][vc_row][vc_column][vc_empty_space][vc_column_text]<style>\n\n    .vc_row-has-fill+.vc_row-full-width+.vc_row.vc-noticias>.vc_column_container>.vc_column-inner {\n        padding: 0 !important;\n    }\n\n    .news-block {\n        background: #f5f5f5;\n    }\n\n    .news-block ul li {\n        min-height: 300px;\n        border-right: solid 3px #fff;\n    }\n\n    .news-block ul li:last-child {\n        border-right: none;\n    }\n\n    .news-block ul {\n        list-style: none;\n        margin: 0;\n        padding: 0;\n    }\n\n    .news-block ul li {\n        padding: 0 !important;\n    }\n\n    .news-block .caption {\n        padding: 8px 10px;\n    }\n    .news-block .caption h4 {\n        font-size: 14px;\n        font-weight: normal !important;\n        padding-top: 8px;\n        line-height: normal !important;\n    }\n\n    .news-block .caption .date {\n        font-size: 12px;\n        font-weight: bold;\n        color: #444;\n        margin-top: 6px;\n    }\n\n    .news-control{\n        width: 100%;\n        padding: 8px 15px;\n        overflow: hidden;\n    }\n\n    .news-control a {\n        color: #444;\n    }\n\n    .news-block a:hover {\n        text-decoration: none !important;\n        border: 0;\n    }\n    .news-control a.right { float: right; }\n    .news-control a.left { float: left; }\n\n    .news-block .thumbnail {\n        border: 0;\n        padding: 0;\n        border-radius: 0;\n        margin-bottom: 0;\n    }\n\n    .news-block .thumbnail a {\n        display: block;\n        width: 100%;\n        height: 160px;\n        background-size: cover;\n        background-repeat: no-repeat;\n    }\n\n    .more-news {\n        margin-top: 30px;\n    }\n\n    .more-news a {\n        display: block;\n        float: right;\n        background: #5c068c;\n        padding: 8px 20px;\n        color: #fff;\n    }\n\n    .more-news a:hover {\n        text-decoration: none;\n    }\n\n    .more-news a i {\n        margin-left: 6px;\n    }\n\n    .news-header h2 {\n        color: #444;\n        font-weight: bold;\n        width: 100%;\n        border-bottom: solid 3px #fff;\n        padding: 12px;\n        padding-bottom: 15px;\n        margin: 0;\n        font-size: 30px;\n        line-height: 30px;\n        text-transform: uppercase;\n    }\n\n    @media only screen and (max-width : 480px) {\n        .news-header h2 {\n            font-size: 20px;\n            padding: 10px;\n            line-height: 24px;\n        }\n    }\n\n<\/style>\n\n<div class=\"news-block\">\n    <div class=\"news-header\">\n        <h2>\u00daltimas noticias<\/h2>\n    <\/div>\n\n\n    <div class=\"news-control\">\n        <a class=\"left \" href=\"#newsCarousel\" role=\"button\" data-slide=\"prev\">\n            <span class=\"fa fa-chevron-left\" aria-hidden=\"true\"><\/span>\n            <span class=\"sr-only\">Siguiente<\/span>\n        <\/a>\n        <a class=\"right\" href=\"#newsCarousel\" role=\"button\" data-slide=\"next\">\n            <span class=\"fa fa-chevron-right\" aria-hidden=\"true\"><\/span>\n            <span class=\"sr-only\">Anterior<\/span>\n        <\/a>\n    <\/div>\n\n\n    <div class=\"carousel slide\" id=\"newsCarousel\">\n        <div class=\"carousel-inner\">\n\n                                <div class=\"item active\">\n                    <ul class=\"thumbnails\">\n                                <li class=\"col-sm-3 col-xs-6\">\n                    <div class=\"fff\">\n                        <div class=\"thumbnail\">\n                            <a href=\"https:\/\/www.ull.es\/portal\/noticias\/2025\/francia-redefine-papel-geopolitico\/\" style=\"background-image: url('https:\/\/www.ull.es\/portal\/noticias\/wp-content\/uploads\/sites\/13\/2025\/07\/Dia-Francia-07-300x200.jpg');\"><\/a>\n                        <\/div>\n                        <div class=\"caption\">\n                            <p class=\"date\">\n                                14 Jul 2025 - 12:01 UTC                            <\/p>\n                            <h4><a href=\"https:\/\/www.ull.es\/portal\/noticias\/2025\/francia-redefine-papel-geopolitico\/\">Francia redefine su papel geopol\u00edtico<\/a><\/h4>\n                        <\/div>\n                    <\/div>\n                <\/li>\n                                <li class=\"col-sm-3 col-xs-6\">\n                    <div class=\"fff\">\n                        <div class=\"thumbnail\">\n                            <a href=\"https:\/\/www.ull.es\/portal\/noticias\/2024\/canarias-reconoce-excelencia-aznar-valladares\/\" style=\"background-image: url('https:\/\/www.ull.es\/portal\/noticias\/wp-content\/uploads\/sites\/13\/2024\/05\/premios-canarias-2024-300x200.jpg');\"><\/a>\n                        <\/div>\n                        <div class=\"caption\">\n                            <p class=\"date\">\n                                31 May 2024 - 11:44 UTC                            <\/p>\n                            <h4><a href=\"https:\/\/www.ull.es\/portal\/noticias\/2024\/canarias-reconoce-excelencia-aznar-valladares\/\">Canarias reconoce la excelencia de Aznar y Valladares en su d\u00eda institucional<\/a><\/h4>\n                        <\/div>\n                    <\/div>\n                <\/li>\n                                <li class=\"col-sm-3 col-xs-6\">\n                    <div class=\"fff\">\n                        <div class=\"thumbnail\">\n                            <a href=\"https:\/\/www.ull.es\/portal\/noticias\/2024\/investigacion-como-acceso-empleo\/\" style=\"background-image: url('https:\/\/www.ull.es\/portal\/noticias\/wp-content\/uploads\/sites\/13\/2024\/05\/Programa-investigo-03-300x200.jpg');\"><\/a>\n                        <\/div>\n                        <div class=\"caption\">\n                            <p class=\"date\">\n                                29 May 2024 - 07:56 UTC                            <\/p>\n                            <h4><a href=\"https:\/\/www.ull.es\/portal\/noticias\/2024\/investigacion-como-acceso-empleo\/\">La investigaci\u00f3n como acceso al empleo<\/a><\/h4>\n                        <\/div>\n                    <\/div>\n                <\/li>\n                                <li class=\"col-sm-3 col-xs-6\">\n                    <div class=\"fff\">\n                        <div class=\"thumbnail\">\n                            <a href=\"https:\/\/www.ull.es\/portal\/noticias\/2023\/cuadernos-cemyr-indices-internacionales\/\" style=\"background-image: url('https:\/\/www.ull.es\/portal\/noticias\/wp-content\/uploads\/sites\/13\/2023\/09\/cuaderno-cemyr-31-copia-300x188.jpg');\"><\/a>\n                        <\/div>\n                        <div class=\"caption\">\n                            <p class=\"date\">\n                                08 Sep 2023 - 08:43 UTC                            <\/p>\n                            <h4><a href=\"https:\/\/www.ull.es\/portal\/noticias\/2023\/cuadernos-cemyr-indices-internacionales\/\">La revista de la ULL \u201cCuadernos del Cemyr\u201d logra la evaluaci\u00f3n positiva en varios \u00edndices internacionales<\/a><\/h4>\n                        <\/div>\n                    <\/div>\n                <\/li>\n                                                        <\/ul>\n                    <\/div>\n                                        <div class=\"item \">\n                    <ul class=\"thumbnails\">\n                                <li class=\"col-sm-3 col-xs-6\">\n                    <div class=\"fff\">\n                        <div class=\"thumbnail\">\n                            <a href=\"https:\/\/www.ull.es\/portal\/noticias\/2023\/ull-cabildo-crean-talentum-transferencia-investigacion\/\" style=\"background-image: url('https:\/\/www.ull.es\/portal\/noticias\/wp-content\/uploads\/sites\/13\/2023\/02\/Firma-convenio-Cabildo-05-300x200.jpg');\"><\/a>\n                        <\/div>\n                        <div class=\"caption\">\n                            <p class=\"date\">\n                                09 Feb 2023 - 13:33 UTC                            <\/p>\n                            <h4><a href=\"https:\/\/www.ull.es\/portal\/noticias\/2023\/ull-cabildo-crean-talentum-transferencia-investigacion\/\">ULL y Cabildo crean el programa Talentum para incentivar la transferencia de la investigaci\u00f3n<\/a><\/h4>\n                        <\/div>\n                    <\/div>\n                <\/li>\n                                <li class=\"col-sm-3 col-xs-6\">\n                    <div class=\"fff\">\n                        <div class=\"thumbnail\">\n                            <a href=\"https:\/\/www.ull.es\/portal\/noticias\/2023\/un-ciclo-de-conferencias-muestra-a-la-sociedad-la-actividad-de-los-institutos-de-investigacion-de-la-ull\/\" style=\"background-image: url('https:\/\/www.ull.es\/portal\/noticias\/wp-content\/uploads\/sites\/13\/2023\/01\/Jorn-Inst-Univ-Investigacion-07-300x200.jpg');\"><\/a>\n                        <\/div>\n                        <div class=\"caption\">\n                            <p class=\"date\">\n                                26 Jan 2023 - 13:44 UTC                            <\/p>\n                            <h4><a href=\"https:\/\/www.ull.es\/portal\/noticias\/2023\/un-ciclo-de-conferencias-muestra-a-la-sociedad-la-actividad-de-los-institutos-de-investigacion-de-la-ull\/\">Un ciclo de conferencias muestra a la sociedad la actividad de los Institutos de Investigaci\u00f3n de la ULL<\/a><\/h4>\n                        <\/div>\n                    <\/div>\n                <\/li>\n                                <li class=\"col-sm-3 col-xs-6\">\n                    <div class=\"fff\">\n                        <div class=\"thumbnail\">\n                            <a href=\"https:\/\/www.ull.es\/portal\/noticias\/2022\/la-revista-cuadernos-del-cemyr-de-la-universidad-de-la-laguna-e-publica-en-ojs\/\" style=\"background-image: url('https:\/\/www.ull.es\/portal\/noticias\/wp-content\/uploads\/sites\/13\/2022\/09\/cemyr-horizontal-300x200.jpg');\"><\/a>\n                        <\/div>\n                        <div class=\"caption\">\n                            <p class=\"date\">\n                                27 Sep 2022 - 08:08 UTC                            <\/p>\n                            <h4><a href=\"https:\/\/www.ull.es\/portal\/noticias\/2022\/la-revista-cuadernos-del-cemyr-de-la-universidad-de-la-laguna-e-publica-en-ojs\/\">La revista Cuadernos del Cemyr de la Universidad de La Laguna se publica en OJS<\/a><\/h4>\n                        <\/div>\n                    <\/div>\n                <\/li>\n                                <li class=\"col-sm-3 col-xs-6\">\n                    <div class=\"fff\">\n                        <div class=\"thumbnail\">\n                            <a href=\"https:\/\/www.ull.es\/portal\/noticias\/2022\/las-investigadoras-ana-vina-elizabeth-cordoba-y-placida-rodriguez-premiadas-por-el-instituto-de-estudios-de-las-mujeres-en-el-8m\/\" style=\"background-image: url('https:\/\/www.ull.es\/portal\/noticias\/wp-content\/uploads\/sites\/13\/2022\/03\/Dia-intern-de-las-mujeres-02-300x200.jpg');\"><\/a>\n                        <\/div>\n                        <div class=\"caption\">\n                            <p class=\"date\">\n                                08 Mar 2022 - 14:03 UTC                            <\/p>\n                            <h4><a href=\"https:\/\/www.ull.es\/portal\/noticias\/2022\/las-investigadoras-ana-vina-elizabeth-cordoba-y-placida-rodriguez-premiadas-por-el-instituto-de-estudios-de-las-mujeres-en-el-8m\/\">Las investigadoras Ana Vi\u00f1a, Elizabeth C\u00f3rdoba y Pl\u00e1cida Rodr\u00edguez, premiadas por el Instituto de Estudios de las Mujeres en el 8M<\/a><\/h4>\n                        <\/div>\n                    <\/div>\n                <\/li>\n                                                        <\/ul>\n                    <\/div>\n                                        <div class=\"item \">\n                    <ul class=\"thumbnails\">\n                                <li class=\"col-sm-3 col-xs-6\">\n                    <div class=\"fff\">\n                        <div class=\"thumbnail\">\n                            <a href=\"https:\/\/www.ull.es\/portal\/noticias\/2022\/dolores-corbella-elegida-silla-d-rae\/\" style=\"background-image: url('https:\/\/www.ull.es\/portal\/noticias\/wp-content\/uploads\/sites\/13\/2022\/02\/dolores-corbella-alberto-mahtani-2-300x261.jpeg');\"><\/a>\n                        <\/div>\n                        <div class=\"caption\">\n                            <p class=\"date\">\n                                17 Feb 2022 - 20:03 UTC                            <\/p>\n                            <h4><a href=\"https:\/\/www.ull.es\/portal\/noticias\/2022\/dolores-corbella-elegida-silla-d-rae\/\">La fil\u00f3loga de la ULL Dolores Corbella, elegida para ocupar la silla &#8216;d&#8217; de la RAE<\/a><\/h4>\n                        <\/div>\n                    <\/div>\n                <\/li>\n                                <li class=\"col-sm-3 col-xs-6\">\n                    <div class=\"fff\">\n                        <div class=\"thumbnail\">\n                            <a href=\"https:\/\/www.ull.es\/portal\/noticias\/2020\/ana-vina-medievalista-macaronesia\/\" style=\"background-image: url('https:\/\/www.ull.es\/portal\/noticias\/wp-content\/uploads\/sites\/13\/2020\/12\/Ana-Vin\u0303a-17-300x200.jpg');\"><\/a>\n                        <\/div>\n                        <div class=\"caption\">\n                            <p class=\"date\">\n                                17 Dec 2020 - 14:28 UTC                            <\/p>\n                            <h4><a href=\"https:\/\/www.ull.es\/portal\/noticias\/2020\/ana-vina-medievalista-macaronesia\/\">Una medievalista en la Macaronesia<\/a><\/h4>\n                        <\/div>\n                    <\/div>\n                <\/li>\n                                                        <\/ul>\n                    <\/div>\n                            <\/div>\n    <\/div>\n<\/div>\n\n<div class=\"more-news\">\n    <a href=\"https:\/\/www.ull.es\/portal\/noticias\">M\u00c1S NOTICIAS <i class=\"fa fa-chevron-right\"><\/i><\/a>\n<\/div>\n\n<script>\n    $(document).ready(function() {\n        $('#newsCarousel').carousel({\n            interval: 11000\n        })\n    });\n<\/script>\n[\/vc_column_text][\/vc_column][\/vc_row]<\/p>\n","protected":false},"excerpt":{"rendered":"<p>[vc_row full_width=\u00bbstretch_row_content\u00bb el_class=\u00bbprincipio-marcha\u00bb][vc_column css=\u00bb.vc_custom_1626182143646{padding-top: 40px !important;}\u00bb el_class=\u00bbprincipio-marcha\u00bb][vc_custom_heading text=\u00bbNoticias\u00bb font_container=\u00bbtag:h2|text_align:center|color:%23ffffff\u00bb use_theme_fonts=\u00bbyes\u00bb css_animation=\u00bbfadeInDownBig\u00bb el_class=\u00bbprincipio-marcha\u00bb][\/vc_column][\/vc_row][vc_row][vc_column][vc_empty_space][vc_column_text][\/vc_column_text][\/vc_column][\/vc_row]<\/p>\n","protected":false},"author":2,"featured_media":0,"parent":0,"menu_order":0,"comment_status":"closed","ping_status":"closed","template":"templates\/template-no-title.php","meta":[],"_links":{"self":[{"href":"https:\/\/www.ull.es\/institutos\/instituto-universitario-estudios-medievales-renacentistas\/wp-json\/wp\/v2\/pages\/21"}],"collection":[{"href":"https:\/\/www.ull.es\/institutos\/instituto-universitario-estudios-medievales-renacentistas\/wp-json\/wp\/v2\/pages"}],"about":[{"href":"https:\/\/www.ull.es\/institutos\/instituto-universitario-estudios-medievales-renacentistas\/wp-json\/wp\/v2\/types\/page"}],"author":[{"embeddable":true,"href":"https:\/\/www.ull.es\/institutos\/instituto-universitario-estudios-medievales-renacentistas\/wp-json\/wp\/v2\/users\/2"}],"replies":[{"embeddable":true,"href":"https:\/\/www.ull.es\/institutos\/instituto-universitario-estudios-medievales-renacentistas\/wp-json\/wp\/v2\/comments?post=21"}],"version-history":[{"count":7,"href":"https:\/\/www.ull.es\/institutos\/instituto-universitario-estudios-medievales-renacentistas\/wp-json\/wp\/v2\/pages\/21\/revisions"}],"predecessor-version":[{"id":251,"href":"https:\/\/www.ull.es\/institutos\/instituto-universitario-estudios-medievales-renacentistas\/wp-json\/wp\/v2\/pages\/21\/revisions\/251"}],"wp:attachment":[{"href":"https:\/\/www.ull.es\/institutos\/instituto-universitario-estudios-medievales-renacentistas\/wp-json\/wp\/v2\/media?parent=21"}],"curies":[{"name":"wp","href":"https:\/\/api.w.org\/{rel}","templated":true}]}}