{"id":59,"date":"2021-07-13T12:46:38","date_gmt":"2021-07-13T12:46:38","guid":{"rendered":"https:\/\/www.ull.es\/institutos\/instituto-estudios-medievales-renancentistas\/?page_id=59"},"modified":"2021-10-22T12:44:34","modified_gmt":"2021-10-22T12:44:34","slug":"lineas-de-actuacion","status":"publish","type":"page","link":"https:\/\/www.ull.es\/institutos\/instituto-universitario-estudios-medievales-renacentistas\/lineas-de-actuacion\/","title":{"rendered":"L\u00edneas de Actuaci\u00f3n"},"content":{"rendered":"<p>[vc_row full_width=\u00bbstretch_row_content\u00bb el_class=\u00bbprincipio-marcha\u00bb][vc_column css=\u00bb.vc_custom_1626182143646{padding-top: 40px !important;}\u00bb el_class=\u00bbprincipio-marcha\u00bb][vc_custom_heading text=\u00bbL\u00edneas de Actuaci\u00f3n\u00bb font_container=\u00bbtag:h2|text_align:center|color:%23ffffff\u00bb use_theme_fonts=\u00bbyes\u00bb css_animation=\u00bbfadeInDownBig\u00bb][\/vc_column][\/vc_row][vc_row full_width=\u00bbstretch_row_content\u00bb equal_height=\u00bbyes\u00bb][vc_column width=\u00bb1\/2&#8243; css=\u00bb.vc_custom_1588936329456{padding-top: 5% !important;padding-right: 10% !important;padding-bottom: 5% !important;padding-left: 10% !important;background-color: #f2f2f2 !important;}\u00bb][vc_column_text]<span style=\"font-weight: 400;\">Las actividades del IEMyR abarcan los campos de la docencia, la investigaci\u00f3n y la extensi\u00f3n universitaria. Desarrolladas a lo largo del a\u00f1o, dos de ellas se celebran con car\u00e1cter regular: el Seminario del IEMyR y el Curso de Estudios Medievales. Los\u00a0Seminarios del IEMyR\u00a0tienen periodicidad anual y vienen celebr\u00e1ndose desde 1991 durante la primavera, siendo uno de los pocos eventos de esta categor\u00eda a nivel nacional que se han celebrado ininterrumpidamente durante m\u00e1s de 30 a\u00f1os. Cada edici\u00f3n del Seminario se desarrolla alrededor de un tema monogr\u00e1fico, que es desarrollado desde una perspectiva interdisciplinar por especialistas nacionales y extranjeros. Desde sus respectivos campos de investigaci\u00f3n, los participantes muestran el estado de la cuesti\u00f3n\u00a0y las posibilidades futuras de investigaci\u00f3n del tema propuesto. Forman parte del programa de perfeccionamiento del profesorado del Vicerrectorado de Investigaci\u00f3n de la Universidad de La Laguna, estando abiertos tambi\u00e9n a los alumnos de doctorado. Sus trabajos se publican desde 1993 en\u00a0<\/span><a href=\"https:\/\/docs.google.com\/document\/d\/1GJzq1nWekyPGF7fermhjSaePe8sgLZEkSAgD4z1Qe30\/edit?usp=sharing\" target=\"_blank\" rel=\"noopener\"><span style=\"font-weight: 400;\">los Cuadernos del Cemyr<\/span><\/a><span style=\"font-weight: 400;\">. Al mismo tiempo, los\u00a0Cursos de Estudios Medievales\u00a0se celebran anualmente en el primer cuatrimestre del a\u00f1o acad\u00e9mico, y tienen car\u00e1cter divulgativo: est\u00e1n destinados a alumnos universitarios y p\u00fablico en general. En ellos participan las distintas \u00e1reas del Instituto, abordando un tema monogr\u00e1fico desde cada una de las correspondientes perspectivas. El IEMyR engloba un nutrido n\u00famero de grupos de car\u00e1cter interdisciplinar, que desarrollan proyectos de investigaci\u00f3n de gran alcance nacional. En este terreno existen experiencias de colaboraci\u00f3n entre miembros de diferentes \u00e1reas dentro del Instituto. El car\u00e1cter transversal de estos grupos ha facilitado la creaci\u00f3n de m\u00faltiples proyectos, algunos desarrollados en el marco de las Humanidades Digitales. Adem\u00e1s de las diferentes actividades, publicaciones y proyectos de investigaci\u00f3n, desde el IEMyR se impuls\u00f3 la creaci\u00f3n del <\/span><i><span style=\"font-weight: 400;\">Master Universitario en Estudios Medievales Europeos. La G\u00e9nesis de Europa, una Perspectiva Cultural<\/span><\/i><span style=\"font-weight: 400;\">, cuya docencia se desarroll\u00f3 entre los a\u00f1os 2015 y 2018.<\/span>[\/vc_column_text][\/vc_column][vc_column width=\u00bb1\/2&#8243; css=\u00bb.vc_custom_1634214285633{background: #e5e5e5 url(http:\/\/www.ull.es\/institutos\/instituto-estudios-medievales-renancentistas\/wp-content\/uploads\/sites\/21\/2021\/10\/shutterstock_11793559.jpeg?id=164) !important;background-position: center !important;background-repeat: no-repeat !important;background-size: cover !important;}\u00bb][vc_empty_space height=\u00bb500px\u00bb][\/vc_column][\/vc_row]<\/p>\n","protected":false},"excerpt":{"rendered":"<p>[vc_row full_width=\u00bbstretch_row_content\u00bb el_class=\u00bbprincipio-marcha\u00bb][vc_column css=\u00bb.vc_custom_1626182143646{padding-top: 40px !important;}\u00bb el_class=\u00bbprincipio-marcha\u00bb][vc_custom_heading text=\u00bbL\u00edneas de Actuaci\u00f3n\u00bb font_container=\u00bbtag:h2|text_align:center|color:%23ffffff\u00bb use_theme_fonts=\u00bbyes\u00bb css_animation=\u00bbfadeInDownBig\u00bb][\/vc_column][\/vc_row][vc_row full_width=\u00bbstretch_row_content\u00bb equal_height=\u00bbyes\u00bb][vc_column width=\u00bb1\/2&#8243; css=\u00bb.vc_custom_1588936329456{padding-top: 5% !important;padding-right: 10% !important;padding-bottom: 5% !important;padding-left: 10% !important;background-color: #f2f2f2 !important;}\u00bb][vc_column_text]Las actividades del IEMyR abarcan los campos de la docencia, la investigaci\u00f3n y la extensi\u00f3n universitaria. Desarrolladas a lo largo del a\u00f1o, dos de ellas se celebran con car\u00e1cter&#8230;<\/p>\n","protected":false},"author":2,"featured_media":0,"parent":0,"menu_order":0,"comment_status":"closed","ping_status":"closed","template":"templates\/template-no-title.php","meta":[],"_links":{"self":[{"href":"https:\/\/www.ull.es\/institutos\/instituto-universitario-estudios-medievales-renacentistas\/wp-json\/wp\/v2\/pages\/59"}],"collection":[{"href":"https:\/\/www.ull.es\/institutos\/instituto-universitario-estudios-medievales-renacentistas\/wp-json\/wp\/v2\/pages"}],"about":[{"href":"https:\/\/www.ull.es\/institutos\/instituto-universitario-estudios-medievales-renacentistas\/wp-json\/wp\/v2\/types\/page"}],"author":[{"embeddable":true,"href":"https:\/\/www.ull.es\/institutos\/instituto-universitario-estudios-medievales-renacentistas\/wp-json\/wp\/v2\/users\/2"}],"replies":[{"embeddable":true,"href":"https:\/\/www.ull.es\/institutos\/instituto-universitario-estudios-medievales-renacentistas\/wp-json\/wp\/v2\/comments?post=59"}],"version-history":[{"count":6,"href":"https:\/\/www.ull.es\/institutos\/instituto-universitario-estudios-medievales-renacentistas\/wp-json\/wp\/v2\/pages\/59\/revisions"}],"predecessor-version":[{"id":190,"href":"https:\/\/www.ull.es\/institutos\/instituto-universitario-estudios-medievales-renacentistas\/wp-json\/wp\/v2\/pages\/59\/revisions\/190"}],"wp:attachment":[{"href":"https:\/\/www.ull.es\/institutos\/instituto-universitario-estudios-medievales-renacentistas\/wp-json\/wp\/v2\/media?parent=59"}],"curies":[{"name":"wp","href":"https:\/\/api.w.org\/{rel}","templated":true}]}}