{"id":105,"date":"2020-12-14T09:47:48","date_gmt":"2020-12-14T09:47:48","guid":{"rendered":"http:\/\/www.ull.es\/institutos\/instituto-universitario-estudios-mujeres\/?page_id=105"},"modified":"2021-05-04T10:48:53","modified_gmt":"2021-05-04T10:48:53","slug":"representantes-en-comisiones","status":"publish","type":"page","link":"https:\/\/www.ull.es\/institutos\/instituto-universitario-estudios-mujeres\/representantes-en-comisiones\/","title":{"rendered":"Representantes en comisiones"},"content":{"rendered":"<p>[vc_row full_width=\u00bbstretch_row_content\u00bb el_class=\u00bbprincipio-marcha\u00bb][vc_column css=\u00bb.vc_custom_1588939369209{padding-top: 40px !important;}\u00bb][vc_custom_heading text=\u00bbRepresentantes en comisiones\u00bb font_container=\u00bbtag:h2|text_align:center|color:%23ffffff\u00bb use_theme_fonts=\u00bbyes\u00bb css_animation=\u00bbfadeInDownBig\u00bb][\/vc_column][\/vc_row][vc_row][vc_column][vc_empty_space height=\u00bb60px\u00bb][vc_column_text]<\/p>\n<h3>Representante del IUEM en la comisi\u00f3n de investigaci\u00f3n de la ULL<\/h3>\n<p>[\/vc_column_text][vc_empty_space height=\u00bb20px\u00bb][vc_row_inner][vc_column_inner][vc_column_text]<\/p>\n<div class=\"sppb-person-information\" style=\"text-align: left;\">\n<p class=\"sppb-addon-title sppb-feature-box-title sppb-media-heading\"><i class=\"fa fa-chevron-right\" style=\"color: #5c068c;\" aria-hidden=\"true\" aria-label=\"Realizar y fomentar la investigaci\u00f3n e impartir docencia en el nivel de postgrado en estudios de las mujeres.\"><\/i> Titular: Eva Darias Beautell<\/p>\n<\/div>\n<p>[\/vc_column_text][vc_column_text]<\/p>\n<div class=\"sppb-person-information\" style=\"text-align: left;\">\n<div id=\"sppb-addon-1603882024105\" class=\"clearfix\">\n<div class=\"sppb-addon sppb-addon-feature sppb-text-left major-color\">\n<div class=\"sppb-addon-content sppb-text-left\">\n<div class=\"sppb-media\">\n<div class=\"sppb-media-body\">\n<div class=\"sppb-media-content\">\n<p class=\"sppb-addon-title sppb-feature-box-title sppb-media-heading\"><i class=\"fa fa-chevron-right\" style=\"color: #5c068c;\" aria-hidden=\"true\" aria-label=\"Realizar y fomentar la investigaci\u00f3n e impartir docencia en el nivel de postgrado en estudios de las mujeres.\"><\/i> Suplente: Pilar Matud Aznar<\/p>\n<\/div>\n<\/div>\n<\/div>\n<\/div>\n<\/div>\n<\/div>\n<\/div>\n<p>[\/vc_column_text][\/vc_column_inner][\/vc_row_inner][vc_empty_space height=\u00bb20px\u00bb][vc_column_text]<\/p>\n<h3>Representante del IUEM en la comisi\u00f3n de elaboraci\u00f3n, seguimiento y evaluaci\u00f3n del plan de igualdad<\/h3>\n<h3 class=\"sppb-addon-title\"><\/h3>\n<p>[\/vc_column_text][vc_empty_space height=\u00bb20px\u00bb][vc_row_inner][vc_column_inner][vc_column_text]<\/p>\n<div class=\"sppb-person-information\" style=\"text-align: left;\">\n<div class=\"sppb-person-information\">\n<p class=\"sppb-addon-title sppb-feature-box-title sppb-media-heading\"><i class=\"fa fa-chevron-right\" style=\"color: #5c068c;\" aria-hidden=\"true\" aria-label=\"Realizar y fomentar la investigaci\u00f3n e impartir docencia en el nivel de postgrado en estudios de las mujeres.\"><\/i> Titular: Marta Jim\u00e9nez Ja\u00e9n<\/p>\n<\/div>\n<\/div>\n<p>[\/vc_column_text][vc_column_text]<\/p>\n<div class=\"sppb-person-information\" style=\"text-align: center;\">\n<div class=\"sppb-person-information\">\n<div id=\"sppb-addon-1601633047632\" class=\"clearfix\">\n<div class=\"sppb-addon sppb-addon-feature sppb-text-left major-color\">\n<div class=\"sppb-addon-content sppb-text-left\">\n<div class=\"sppb-media\">\n<div class=\"sppb-media-body\">\n<div class=\"sppb-media-content\">\n<p class=\"sppb-addon-title sppb-feature-box-title sppb-media-heading\" style=\"text-align: left;\"><i class=\"fa fa-chevron-right\" style=\"color: #5c068c;\" aria-hidden=\"true\" aria-label=\"Realizar y fomentar la investigaci\u00f3n e impartir docencia en el nivel de postgrado en estudios de las mujeres.\"><\/i> Suplente: Laura Aguilera \u00c1vila<\/p>\n<div class=\"sppb-addon-text\"><\/div>\n<\/div>\n<\/div>\n<\/div>\n<\/div>\n<\/div>\n<\/div>\n<div id=\"sppb-addon-1604658180169\" class=\"clearfix\">\n<div class=\"sppb-addon sppb-addon-header sppb-text-left\"><\/div>\n<\/div>\n<\/div>\n<\/div>\n<p>[\/vc_column_text][\/vc_column_inner][\/vc_row_inner][vc_empty_space height=\u00bb20px\u00bb][vc_column_text]<\/p>\n<h3 class=\"sppb-addon-title\">Comisi\u00f3n permanente del IUEM<\/h3>\n<h3 class=\"sppb-addon-title\"><\/h3>\n<p>[\/vc_column_text][vc_empty_space height=\u00bb20px\u00bb][vc_row_inner][vc_column_inner][vc_column_text]<\/p>\n<div class=\"sppb-person-information\" style=\"text-align: left;\">\n<div class=\"sppb-person-information\">\n<p class=\"sppb-addon-title sppb-feature-box-title sppb-media-heading\"><i class=\"fa fa-chevron-right\" style=\"color: #5c068c;\" aria-hidden=\"true\" aria-label=\"Realizar y fomentar la investigaci\u00f3n e impartir docencia en el nivel de postgrado en estudios de las mujeres.\"><\/i> Margarita I. Ramos Quintana<\/p>\n<\/div>\n<\/div>\n<p>[\/vc_column_text][vc_column_text]<\/p>\n<div class=\"sppb-person-information\" style=\"text-align: left;\">\n<div class=\"sppb-person-information\">\n<div id=\"sppb-addon-1601633047632\" class=\"clearfix\">\n<div class=\"sppb-addon sppb-addon-feature sppb-text-left major-color\">\n<div class=\"sppb-addon-content sppb-text-left\">\n<div class=\"sppb-media\">\n<div class=\"sppb-media-body\">\n<div class=\"sppb-media-content\">\n<p class=\"sppb-addon-title sppb-feature-box-title sppb-media-heading\"><i class=\"fa fa-chevron-right\" style=\"color: #5c068c;\" aria-hidden=\"true\" aria-label=\"Realizar y fomentar la investigaci\u00f3n e impartir docencia en el nivel de postgrado en estudios de las mujeres.\"><\/i> Laura Aguilera \u00c1vila<\/p>\n<\/div>\n<\/div>\n<\/div>\n<\/div>\n<\/div>\n<\/div>\n<\/div>\n<\/div>\n<p>[\/vc_column_text][vc_column_text]<\/p>\n<div class=\"sppb-person-information\" style=\"text-align: center;\">\n<div class=\"sppb-person-information\">\n<p class=\"sppb-addon-title sppb-feature-box-title sppb-media-heading\" style=\"text-align: left;\"><i class=\"fa fa-chevron-right\" style=\"color: #5c068c;\" aria-hidden=\"true\" aria-label=\"Realizar y fomentar la investigaci\u00f3n e impartir docencia en el nivel de postgrado en estudios de las mujeres.\"><\/i> Inmaculada Blasco Herranz<\/p>\n<\/div>\n<\/div>\n<p>[\/vc_column_text][vc_column_text]<\/p>\n<div class=\"sppb-person-information\" style=\"text-align: center;\">\n<div class=\"sppb-person-information\">\n<p class=\"sppb-addon-title sppb-feature-box-title sppb-media-heading\" style=\"text-align: left;\"><i class=\"fa fa-chevron-right\" style=\"color: #5c068c;\" aria-hidden=\"true\" aria-label=\"Realizar y fomentar la investigaci\u00f3n e impartir docencia en el nivel de postgrado en estudios de las mujeres.\"><\/i> Casilda \u00c1lvarez Siverio<\/p>\n<\/div>\n<\/div>\n<p>[\/vc_column_text][vc_column_text]<\/p>\n<div class=\"sppb-person-information\" style=\"text-align: center;\">\n<div class=\"sppb-person-information\">\n<p class=\"sppb-addon-title sppb-feature-box-title sppb-media-heading\" style=\"text-align: left;\"><i class=\"fa fa-chevron-right\" style=\"color: #5c068c;\" aria-hidden=\"true\" aria-label=\"Realizar y fomentar la investigaci\u00f3n e impartir docencia en el nivel de postgrado en estudios de las mujeres.\"><\/i> Esperanza Ceballos Vacas<\/p>\n<\/div>\n<\/div>\n<p>[\/vc_column_text][vc_column_text]<\/p>\n<div class=\"sppb-person-information\" style=\"text-align: left;\">\n<div class=\"sppb-person-information\">\n<div id=\"sppb-addon-1601633047632\" class=\"clearfix\">\n<div class=\"sppb-addon sppb-addon-feature sppb-text-left major-color\">\n<div class=\"sppb-addon-content sppb-text-left\">\n<div class=\"sppb-media\">\n<div class=\"sppb-media-body\">\n<div class=\"sppb-media-content\">\n<p class=\"sppb-addon-title sppb-feature-box-title sppb-media-heading\"><i class=\"fa fa-chevron-right\" style=\"color: #5c068c;\" aria-hidden=\"true\" aria-label=\"Realizar y fomentar la investigaci\u00f3n e impartir docencia en el nivel de postgrado en estudios de las mujeres.\"><\/i> Grecy P\u00e9rez Amores<\/p>\n<\/div>\n<\/div>\n<\/div>\n<\/div>\n<\/div>\n<\/div>\n<\/div>\n<\/div>\n<p>[\/vc_column_text][vc_column_text]<\/p>\n<div class=\"sppb-person-information\" style=\"text-align: left;\">\n<div class=\"sppb-person-information\">\n<div id=\"sppb-addon-1604658180183\" class=\"clearfix\">\n<div class=\"sppb-addon sppb-addon-feature sppb-text-left major-color\">\n<div class=\"sppb-addon-content sppb-text-left\">\n<div class=\"sppb-media\">\n<div class=\"sppb-media-body\">\n<div class=\"sppb-media-content\">\n<p class=\"sppb-addon-title sppb-feature-box-title sppb-media-heading\"><i class=\"fa fa-chevron-right\" style=\"color: #5c068c;\" aria-hidden=\"true\" aria-label=\"Realizar y fomentar la investigaci\u00f3n e impartir docencia en el nivel de postgrado en estudios de las mujeres.\"><\/i> Natividad Garrido Rodr\u00edguez<\/p>\n<\/div>\n<\/div>\n<\/div>\n<\/div>\n<\/div>\n<\/div>\n<\/div>\n<\/div>\n<p>[\/vc_column_text][\/vc_column_inner][\/vc_row_inner][vc_empty_space height=\u00bb20px\u00bb][vc_column_text]<\/p>\n<h3 class=\"sppb-addon-title\">Consejo asesor en materia de igualdad<\/h3>\n<h3 class=\"sppb-addon-title\"><\/h3>\n<h3 class=\"sppb-addon-title\"><\/h3>\n<p>[\/vc_column_text][vc_empty_space height=\u00bb20px\u00bb][vc_row_inner][vc_column_inner][vc_column_text]<\/p>\n<div class=\"sppb-person-information\" style=\"text-align: left;\">\n<div class=\"sppb-person-information\">\n<p class=\"sppb-addon-title sppb-feature-box-title sppb-media-heading\"><i class=\"fa fa-chevron-right\" style=\"color: #5c068c;\" aria-hidden=\"true\" aria-label=\"Realizar y fomentar la investigaci\u00f3n e impartir docencia en el nivel de postgrado en estudios de las mujeres.\"><\/i> Pilar Matud Aznar<\/p>\n<\/div>\n<\/div>\n<p>[\/vc_column_text][vc_column_text]<\/p>\n<div class=\"sppb-person-information\" style=\"text-align: left;\">\n<div class=\"sppb-person-information\">\n<div id=\"sppb-addon-1601633047632\" class=\"clearfix\">\n<div class=\"sppb-addon sppb-addon-feature sppb-text-left major-color\">\n<div class=\"sppb-addon-content sppb-text-left\">\n<div class=\"sppb-media\">\n<div class=\"sppb-media-body\">\n<div class=\"sppb-media-content\">\n<p class=\"sppb-addon-title sppb-feature-box-title sppb-media-heading\"><i class=\"fa fa-chevron-right\" style=\"color: #5c068c;\" aria-hidden=\"true\" aria-label=\"Realizar y fomentar la investigaci\u00f3n e impartir docencia en el nivel de postgrado en estudios de las mujeres.\"><\/i> M\u00aa Eugenia Monz\u00f3n Perdomo<\/p>\n<\/div>\n<\/div>\n<\/div>\n<\/div>\n<\/div>\n<\/div>\n<\/div>\n<\/div>\n<p>[\/vc_column_text][vc_column_text]<\/p>\n<div class=\"sppb-person-information\" style=\"text-align: left;\">\n<div class=\"sppb-person-information\">\n<div id=\"sppb-addon-1604658180183\" class=\"clearfix\">\n<div class=\"sppb-addon sppb-addon-feature sppb-text-left major-color\">\n<div class=\"sppb-addon-content sppb-text-left\">\n<div class=\"sppb-media\">\n<div class=\"sppb-media-body\">\n<div class=\"sppb-media-content\">\n<p class=\"sppb-addon-title sppb-feature-box-title sppb-media-heading\"><i class=\"fa fa-chevron-right\" style=\"color: #5c068c;\" aria-hidden=\"true\" aria-label=\"Realizar y fomentar la investigaci\u00f3n e impartir docencia en el nivel de postgrado en estudios de las mujeres.\"><\/i> Mar\u00eda Dolores Serrano Niza<\/p>\n<\/div>\n<\/div>\n<\/div>\n<\/div>\n<\/div>\n<\/div>\n<\/div>\n<\/div>\n<p>[\/vc_column_text][vc_column_text]<\/p>\n<div class=\"sppb-person-information\" style=\"text-align: left;\">\n<div class=\"sppb-person-information\">\n<p class=\"sppb-addon-title sppb-feature-box-title sppb-media-heading\"><i class=\"fa fa-chevron-right\" style=\"color: #5c068c;\" aria-hidden=\"true\" aria-label=\"Realizar y fomentar la investigaci\u00f3n e impartir docencia en el nivel de postgrado en estudios de las mujeres.\"><\/i> Dulce Mar\u00eda Cair\u00f3s Barreto<\/p>\n<\/div>\n<\/div>\n<p>[\/vc_column_text][vc_column_text]<\/p>\n<div class=\"sppb-person-information\" style=\"text-align: left;\">\n<div class=\"sppb-person-information\">\n<p class=\"sppb-addon-title sppb-feature-box-title sppb-media-heading\"><i class=\"fa fa-chevron-right\" style=\"color: #5c068c;\" aria-hidden=\"true\" aria-label=\"Realizar y fomentar la investigaci\u00f3n e impartir docencia en el nivel de postgrado en estudios de las mujeres.\"><\/i> Luis Capote P\u00e9rez<\/p>\n<\/div>\n<\/div>\n<p>[\/vc_column_text][\/vc_column_inner][\/vc_row_inner][vc_empty_space height=\u00bb20px\u00bb][vc_column_text]<\/p>\n<h3 class=\"sppb-addon-title\">Plataforma universitaria de estudios feministas y de g\u00e9nero(EUFEM)<\/h3>\n<h3 class=\"sppb-addon-title\"><\/h3>\n<h3 class=\"sppb-addon-title\"><\/h3>\n<p>[\/vc_column_text][vc_empty_space height=\u00bb20px\u00bb][vc_row_inner][vc_column_inner][vc_column_text]<\/p>\n<div class=\"sppb-person-information\" style=\"text-align: center;\">\n<div class=\"sppb-person-information\">\n<div id=\"sppb-addon-1604658180243\" class=\"clearfix\">\n<div class=\"sppb-addon sppb-addon-feature sppb-text-left major-color\">\n<div class=\"sppb-addon-content sppb-text-left\">\n<div class=\"sppb-media\">\n<div class=\"sppb-media-body\">\n<div class=\"sppb-media-content\">\n<p class=\"sppb-addon-title sppb-feature-box-title sppb-media-heading\" style=\"text-align: left;\"><i class=\"fa fa-chevron-right\" style=\"color: #5c068c;\" aria-hidden=\"true\" aria-label=\"Realizar y fomentar la investigaci\u00f3n e impartir docencia en el nivel de postgrado en estudios de las mujeres.\"><\/i> Vocal. Inmaculada Perdomo Reyes<\/p>\n<\/div>\n<\/div>\n<\/div>\n<\/div>\n<\/div>\n<\/div>\n<\/div>\n<\/div>\n<p>[\/vc_column_text][\/vc_column_inner][\/vc_row_inner][vc_column_text].La composici\u00f3n de estas Comisiones se aprob\u00f3 en el Consejo Extraordinario del IUEM celebrado el 18 de febrero de 2020.[\/vc_column_text][vc_empty_space height=\u00bb60px\u00bb][\/vc_column][\/vc_row]<\/p>\n","protected":false},"excerpt":{"rendered":"<p>[vc_row full_width=\u00bbstretch_row_content\u00bb el_class=\u00bbprincipio-marcha\u00bb][vc_column css=\u00bb.vc_custom_1588939369209{padding-top: 40px !important;}\u00bb][vc_custom_heading text=\u00bbRepresentantes en comisiones\u00bb font_container=\u00bbtag:h2|text_align:center|color:%23ffffff\u00bb use_theme_fonts=\u00bbyes\u00bb css_animation=\u00bbfadeInDownBig\u00bb][\/vc_column][\/vc_row][vc_row][vc_column][vc_empty_space height=\u00bb60px\u00bb][vc_column_text] Representante del IUEM en la comisi\u00f3n de investigaci\u00f3n de la ULL [\/vc_column_text][vc_empty_space height=\u00bb20px\u00bb][vc_row_inner][vc_column_inner][vc_column_text] Titular: Eva Darias Beautell [\/vc_column_text][vc_column_text] Suplente: Pilar Matud Aznar [\/vc_column_text][\/vc_column_inner][\/vc_row_inner][vc_empty_space height=\u00bb20px\u00bb][vc_column_text] Representante del IUEM en la comisi\u00f3n de elaboraci\u00f3n, seguimiento y evaluaci\u00f3n del plan de igualdad [\/vc_column_text][vc_empty_space height=\u00bb20px\u00bb][vc_row_inner][vc_column_inner][vc_column_text] Titular:&#8230;<\/p>\n","protected":false},"author":2,"featured_media":0,"parent":0,"menu_order":0,"comment_status":"closed","ping_status":"closed","template":"templates\/template-no-title.php","meta":[],"_links":{"self":[{"href":"https:\/\/www.ull.es\/institutos\/instituto-universitario-estudios-mujeres\/wp-json\/wp\/v2\/pages\/105"}],"collection":[{"href":"https:\/\/www.ull.es\/institutos\/instituto-universitario-estudios-mujeres\/wp-json\/wp\/v2\/pages"}],"about":[{"href":"https:\/\/www.ull.es\/institutos\/instituto-universitario-estudios-mujeres\/wp-json\/wp\/v2\/types\/page"}],"author":[{"embeddable":true,"href":"https:\/\/www.ull.es\/institutos\/instituto-universitario-estudios-mujeres\/wp-json\/wp\/v2\/users\/2"}],"replies":[{"embeddable":true,"href":"https:\/\/www.ull.es\/institutos\/instituto-universitario-estudios-mujeres\/wp-json\/wp\/v2\/comments?post=105"}],"version-history":[{"count":11,"href":"https:\/\/www.ull.es\/institutos\/instituto-universitario-estudios-mujeres\/wp-json\/wp\/v2\/pages\/105\/revisions"}],"predecessor-version":[{"id":590,"href":"https:\/\/www.ull.es\/institutos\/instituto-universitario-estudios-mujeres\/wp-json\/wp\/v2\/pages\/105\/revisions\/590"}],"wp:attachment":[{"href":"https:\/\/www.ull.es\/institutos\/instituto-universitario-estudios-mujeres\/wp-json\/wp\/v2\/media?parent=105"}],"curies":[{"name":"wp","href":"https:\/\/api.w.org\/{rel}","templated":true}]}}