{"id":277,"date":"2020-12-15T12:03:42","date_gmt":"2020-12-15T12:03:42","guid":{"rendered":"http:\/\/www.ull.es\/institutos\/instituto-universitario-estudios-mujeres\/?page_id=277"},"modified":"2022-03-04T12:38:24","modified_gmt":"2022-03-04T12:38:24","slug":"actos-institucionales","status":"publish","type":"page","link":"https:\/\/www.ull.es\/institutos\/instituto-universitario-estudios-mujeres\/actos-institucionales\/","title":{"rendered":"Actos Institucionales"},"content":{"rendered":"<p>[vc_row full_width=\u00bbstretch_row_content\u00bb el_class=\u00bbprincipio-marcha\u00bb][vc_column css=\u00bb.vc_custom_1588939369209{padding-top: 40px !important;}\u00bb][vc_custom_heading text=\u00bbActos Institucionales\u00bb font_container=\u00bbtag:h2|text_align:center|color:%23ffffff\u00bb use_theme_fonts=\u00bbyes\u00bb css_animation=\u00bbfadeInDownBig\u00bb][\/vc_column][\/vc_row][vc_row][vc_column][vc_empty_space height=\u00bb40px\u00bb][\/vc_column][\/vc_row][vc_row full_width=\u00bbstretch_row\u00bb gap=\u00bb1&#8243; equal_height=\u00bbyes\u00bb][vc_column css_animation=\u00bbfadeInLeft\u00bb width=\u00bb1\/4&#8243; css=\u00bb.vc_custom_1608219495269{padding-bottom: 7% !important;}\u00bb][vc_empty_space height=\u00bb20px\u00bb][vc_single_image image=\u00bb675&#8243; img_size=\u00bbfull\u00bb onclick=\u00bblink_image\u00bb][vc_empty_space][\/vc_column][vc_column css_animation=\u00bbfadeInRight\u00bb width=\u00bb3\/4&#8243;][vc_empty_space height=\u00bb20px\u00bb][vc_column_text css_animation=\u00bbnone\u00bb]<\/p>\n<h2>Acto Conmemorativo del D\u00eda Internacional de las Mujeres<\/h2>\n<p>[\/vc_column_text][vc_column_text]<time title=\"\" datetime=\"2020-03-04T10:42:58+00:00\" data-toggle=\"tooltip\" data-original-title=\"Fecha de publicaci\u00f3n\">8 de marzo de 2022<\/time><\/p>\n<ul>\n<li>Hora: 9:30-13:00h<\/li>\n<li>Lugar: Sal\u00f3n de actos de la Facultad de Ciencias Sociales y de la Comunicaci\u00f3n<\/li>\n<li>Modalidad: Presencial<\/li>\n<li>Para descargar el programa completo, pulse en\u00a0<a href=\"https:\/\/drive.google.com\/file\/d\/1Wvrtn-E2PjBbnjNl2ktBTkUX9Dzs59K-\/view?usp=sharing\" target=\"_blank\" rel=\"noopener\" target=\"_blank\" rel=\"noopener\">ESTE ENLACE<\/a><\/li>\n<\/ul>\n<p>[\/vc_column_text][\/vc_column][\/vc_row][vc_row][vc_column][vc_empty_space height=\u00bb40px\u00bb][\/vc_column][\/vc_row][vc_row full_width=\u00bbstretch_row\u00bb gap=\u00bb1&#8243; equal_height=\u00bbyes\u00bb][vc_column css_animation=\u00bbfadeInLeft\u00bb width=\u00bb1\/4&#8243; css=\u00bb.vc_custom_1608219495269{padding-bottom: 7% !important;}\u00bb][vc_empty_space height=\u00bb20px\u00bb][vc_single_image image=\u00bb641&#8243; img_size=\u00bbfull\u00bb onclick=\u00bblink_image\u00bb][vc_empty_space][\/vc_column][vc_column css_animation=\u00bbfadeInRight\u00bb width=\u00bb3\/4&#8243;][vc_empty_space height=\u00bb20px\u00bb][vc_column_text css_animation=\u00bbnone\u00bb]<\/p>\n<h2>Acto Institucional 25 de Noviembre de 2021<\/h2>\n<p><strong>D\u00eda Internacional de la Eliminaci\u00f3n de la Violencia contra las Mujeres<\/strong>[\/vc_column_text][vc_column_text]<time title=\"\" datetime=\"2020-03-04T10:42:58+00:00\" data-toggle=\"tooltip\" data-original-title=\"Fecha de publicaci\u00f3n\">25 de noviembre de 2021<\/time><\/p>\n<ul>\n<li>Hora: 9:00-13:00h<\/li>\n<li>Lugar: Aula Magna de la Secci\u00f3n de F\u00edsica y Matem\u00e1ticas de la Universidad de La Laguna<\/li>\n<li>Modalidad: H\u00edbrido (Online \/ Presencial)<\/li>\n<li>Para descargar el programa completo, pulse en\u00a0<a href=\"https:\/\/drive.google.com\/file\/d\/1LOTIwSAqONKvee1NddaOF94i2mWJtv5n\/view?usp=sharing\" target=\"_blank\" rel=\"noopener\" target=\"_blank\" rel=\"noopener\">ESTE ENLACE<\/a><\/li>\n<\/ul>\n<p>[\/vc_column_text][\/vc_column][\/vc_row][vc_row][vc_column][vc_empty_space][\/vc_column][\/vc_row][vc_row full_width=\u00bbstretch_row\u00bb gap=\u00bb1&#8243; equal_height=\u00bbyes\u00bb][vc_column css_animation=\u00bbfadeInLeft\u00bb width=\u00bb1\/4&#8243; css=\u00bb.vc_custom_1608219495269{padding-bottom: 7% !important;}\u00bb][vc_empty_space height=\u00bb20px\u00bb][vc_single_image image=\u00bb676&#8243; img_size=\u00bbfull\u00bb onclick=\u00bblink_image\u00bb][vc_empty_space][\/vc_column][vc_column css_animation=\u00bbfadeInRight\u00bb width=\u00bb3\/4&#8243;][vc_empty_space height=\u00bb20px\u00bb][vc_column_text css_animation=\u00bbnone\u00bb]<\/p>\n<h2>Acto conmemorativo del D\u00eda Internacional de las Mujeres<\/h2>\n<h2><\/h2>\n<p>[\/vc_column_text][vc_column_text]<time title=\"\" datetime=\"2020-03-04T10:42:58+00:00\" data-toggle=\"tooltip\" data-original-title=\"Fecha de publicaci\u00f3n\">04 Marzo 2020<\/time><\/p>\n<ul>\n<li>Para descargar el programa completo, pulse en\u00a0<a href=\"http:\/\/www.ull.es\/institutos\/instituto-universitario-estudios-mujeres\/wp-content\/uploads\/sites\/14\/2020\/12\/dia-mujer-2020-programa.pdf&quot;\" target=\"_blank\" rel=\"noopener noreferrer\" target=\"_blank\" rel=\"noopener\">ESTE ENLACE<\/a><\/li>\n<li><a href=\"https:\/\/www.iuem-ull.org\/galeria\/acto-conmemorativo-dia-internacional-de-la-mujer-2020.html\" target=\"_blank\" rel=\"noopener\">Galer\u00eda de fotos del acto<\/a><\/li>\n<\/ul>\n<p>[\/vc_column_text][\/vc_column][\/vc_row][vc_row][vc_column][vc_empty_space][\/vc_column][\/vc_row][vc_row full_width=\u00bbstretch_row\u00bb gap=\u00bb1&#8243; equal_height=\u00bbyes\u00bb][vc_column css_animation=\u00bbfadeInLeft\u00bb width=\u00bb1\/4&#8243; css=\u00bb.vc_custom_1608219516735{padding-bottom: 7% !important;}\u00bb][vc_empty_space height=\u00bb20px\u00bb][vc_single_image image=\u00bb282&#8243; img_size=\u00bbfull\u00bb onclick=\u00bblink_image\u00bb][vc_empty_space][\/vc_column][vc_column css_animation=\u00bbfadeInRight\u00bb width=\u00bb3\/4&#8243;][vc_empty_space height=\u00bb20px\u00bb][vc_column_text css_animation=\u00bbnone\u00bb]<\/p>\n<h2>8 de marzo. D\u00eda Internacional de las Mujeres<\/h2>\n<h2><\/h2>\n<p>[\/vc_column_text][vc_column_text]<time title=\"\" datetime=\"2016-02-18T10:49:59+00:00\" data-toggle=\"tooltip\" data-original-title=\"Fecha de publicaci\u00f3n\">18 Febrero 2016<\/time><\/p>\n<ul>\n<li>Dercargue el programa pulsando en\u00a0<a target=\"_blank\" rel=\"noopener noreferrer\" target=\"_blank\" rel=\"noopener\">Este enlace<\/a><\/li>\n<\/ul>\n<p>[\/vc_column_text][\/vc_column][\/vc_row][vc_row][vc_column][vc_empty_space][\/vc_column][\/vc_row][vc_row full_width=\u00bbstretch_row\u00bb gap=\u00bb1&#8243; equal_height=\u00bbyes\u00bb][vc_column css_animation=\u00bbfadeInLeft\u00bb width=\u00bb1\/4&#8243; css=\u00bb.vc_custom_1608219542546{padding-bottom: 7% !important;}\u00bb][vc_empty_space height=\u00bb20px\u00bb][vc_single_image image=\u00bb278&#8243; img_size=\u00bbfull\u00bb onclick=\u00bblink_image\u00bb][vc_empty_space][\/vc_column][vc_column css_animation=\u00bbfadeInRight\u00bb width=\u00bb3\/4&#8243;][vc_empty_space height=\u00bb20px\u00bb][vc_column_text css_animation=\u00bbnone\u00bb]<\/p>\n<h2>Actividades para 8 de marzo: D\u00eda Internacional de las Mujeres<\/h2>\n<p>[\/vc_column_text][vc_column_text]<time title=\"\" datetime=\"2013-03-05T09:52:11+00:00\" data-toggle=\"tooltip\" data-original-title=\"Fecha de publicaci\u00f3n\">05 Marzo 2013<\/time><br \/>\nJueves 7 de marzo a las 10 horas en el Aula Magna de la Facultad de Ciencias Econ\u00f3micas y Empresariales:<\/p>\n<ul>\n<li>Manifiesto de la Red de Unidades de Igualdad (RUIGEU)<\/li>\n<li>Diagn\u00f3stico de igualdad en la Universidad de La Laguna<\/li>\n<li>Mesa redonda y debate \u201cPlan de Igualdad de la ULL\u201d<\/li>\n<li>Conferencia La promoci\u00f3n del liderazgo saludable desde una perspectiva de g\u00e9nero<\/li>\n<\/ul>\n<p>Descargue el programa completo de las actividades en\u00a0<a href=\"http:\/\/www.ull.es\/institutos\/instituto-universitario-estudios-mujeres\/wp-content\/uploads\/sites\/14\/2020\/12\/programa-8-marzo-2013-compressed.pdf\" target=\"_blank\" rel=\"noopener noreferrer\" target=\"_blank\" rel=\"noopener\">Este enlace<\/a><\/p>\n<p>[\/vc_column_text][\/vc_column][\/vc_row][vc_row][vc_column][vc_empty_space][\/vc_column][\/vc_row]<\/p>\n","protected":false},"excerpt":{"rendered":"<p>[vc_row full_width=\u00bbstretch_row_content\u00bb el_class=\u00bbprincipio-marcha\u00bb][vc_column css=\u00bb.vc_custom_1588939369209{padding-top: 40px !important;}\u00bb][vc_custom_heading text=\u00bbActos Institucionales\u00bb font_container=\u00bbtag:h2|text_align:center|color:%23ffffff\u00bb use_theme_fonts=\u00bbyes\u00bb css_animation=\u00bbfadeInDownBig\u00bb][\/vc_column][\/vc_row][vc_row][vc_column][vc_empty_space height=\u00bb40px\u00bb][\/vc_column][\/vc_row][vc_row full_width=\u00bbstretch_row\u00bb gap=\u00bb1&#8243; equal_height=\u00bbyes\u00bb][vc_column css_animation=\u00bbfadeInLeft\u00bb width=\u00bb1\/4&#8243; css=\u00bb.vc_custom_1608219495269{padding-bottom: 7% !important;}\u00bb][vc_empty_space height=\u00bb20px\u00bb][vc_single_image image=\u00bb675&#8243; img_size=\u00bbfull\u00bb onclick=\u00bblink_image\u00bb][vc_empty_space][\/vc_column][vc_column css_animation=\u00bbfadeInRight\u00bb width=\u00bb3\/4&#8243;][vc_empty_space height=\u00bb20px\u00bb][vc_column_text css_animation=\u00bbnone\u00bb] Acto Conmemorativo del D\u00eda Internacional de las Mujeres [\/vc_column_text][vc_column_text]8 de marzo de 2022 Hora: 9:30-13:00h Lugar: Sal\u00f3n de actos de la Facultad de Ciencias Sociales y de&#8230;<\/p>\n","protected":false},"author":2,"featured_media":0,"parent":0,"menu_order":0,"comment_status":"closed","ping_status":"closed","template":"templates\/template-no-title.php","meta":[],"_links":{"self":[{"href":"https:\/\/www.ull.es\/institutos\/instituto-universitario-estudios-mujeres\/wp-json\/wp\/v2\/pages\/277"}],"collection":[{"href":"https:\/\/www.ull.es\/institutos\/instituto-universitario-estudios-mujeres\/wp-json\/wp\/v2\/pages"}],"about":[{"href":"https:\/\/www.ull.es\/institutos\/instituto-universitario-estudios-mujeres\/wp-json\/wp\/v2\/types\/page"}],"author":[{"embeddable":true,"href":"https:\/\/www.ull.es\/institutos\/instituto-universitario-estudios-mujeres\/wp-json\/wp\/v2\/users\/2"}],"replies":[{"embeddable":true,"href":"https:\/\/www.ull.es\/institutos\/instituto-universitario-estudios-mujeres\/wp-json\/wp\/v2\/comments?post=277"}],"version-history":[{"count":10,"href":"https:\/\/www.ull.es\/institutos\/instituto-universitario-estudios-mujeres\/wp-json\/wp\/v2\/pages\/277\/revisions"}],"predecessor-version":[{"id":677,"href":"https:\/\/www.ull.es\/institutos\/instituto-universitario-estudios-mujeres\/wp-json\/wp\/v2\/pages\/277\/revisions\/677"}],"wp:attachment":[{"href":"https:\/\/www.ull.es\/institutos\/instituto-universitario-estudios-mujeres\/wp-json\/wp\/v2\/media?parent=277"}],"curies":[{"name":"wp","href":"https:\/\/api.w.org\/{rel}","templated":true}]}}