{"id":970,"date":"2026-04-16T10:48:36","date_gmt":"2026-04-16T10:48:36","guid":{"rendered":"https:\/\/www.ull.es\/institutos\/instituto-universitario-estudios-mujeres\/?page_id=970"},"modified":"2026-04-17T08:18:21","modified_gmt":"2026-04-17T08:18:21","slug":"la-ull-en-negro","status":"publish","type":"page","link":"https:\/\/www.ull.es\/institutos\/instituto-universitario-estudios-mujeres\/la-ull-en-negro\/","title":{"rendered":"La ULL en Negro"},"content":{"rendered":"<p>[vc_row full_width=\u00bbstretch_row_content\u00bb el_class=\u00bbprincipio-marcha\u00bb][vc_column css=\u00bb.vc_custom_1588939369209{padding-top: 40px !important;}\u00bb][vc_custom_heading text=\u00bbLa ULL en Negro\u00bb font_container=\u00bbtag:h2|text_align:center|color:%23ffffff\u00bb use_theme_fonts=\u00bbyes\u00bb css_animation=\u00bbfadeInDownBig\u00bb][\/vc_column][\/vc_row][vc_row][vc_column][vc_empty_space][\/vc_column][\/vc_row][vc_row full_width=\u00bbstretch_row\u00bb gap=\u00bb1&#8243; equal_height=\u00bbyes\u00bb][vc_column css_animation=\u00bbfadeInLeft\u00bb width=\u00bb1\/3&#8243; css=\u00bb.vc_custom_1608280295745{padding-bottom: 7% !important;}\u00bb][vc_empty_space height=\u00bb20px\u00bb][vc_single_image image=\u00bb989&#8243; img_size=\u00bbfull\u00bb onclick=\u00bblink_image\u00bb][vc_empty_space][\/vc_column][vc_column css_animation=\u00bbfadeInRight\u00bb width=\u00bb2\/3&#8243;][vc_empty_space height=\u00bb20px\u00bb][vc_column_text css_animation=\u00bbnone\u00bb]<\/p>\n<h2 class=\"tribe-events-single-event-title\">2025<\/h2>\n<p>[\/vc_column_text][vc_column_text]25 de noviembre de 2025<\/p>\n<p>El martes, 25 de noviembre, de 10:00 a 14:00 horas en el Hall de la Facultad de Ciencias de la Salud se instalar\u00e1 un stand donde la comunidad universitaria podr\u00e1 escribir mensajes contra las violencias machistas y fotografiarse con mensajes de concienciaci\u00f3n y sensibilizaci\u00f3n y movilizarse en sus redes con los hashtag #LaULLenNegro y etiquetando al Instituto Universitario de Estudios de las Mujeres.<\/p>\n<p>Se invita a toda la comunidad universitaria a asistir de negro a la concentraci\u00f3n que se realizar\u00e1 a las 14:00 horas en dicho espacio para hacer una foto grupal con los mensajes contras las violencias machistas.[\/vc_column_text][\/vc_column][\/vc_row][vc_row full_width=\u00bbstretch_row\u00bb gap=\u00bb1&#8243; equal_height=\u00bbyes\u00bb][vc_column css_animation=\u00bbfadeInLeft\u00bb width=\u00bb1\/3&#8243; css=\u00bb.vc_custom_1608280295745{padding-bottom: 7% !important;}\u00bb][vc_empty_space height=\u00bb20px\u00bb][vc_single_image image=\u00bb990&#8243; img_size=\u00bbfull\u00bb onclick=\u00bblink_image\u00bb][vc_empty_space][\/vc_column][vc_column css_animation=\u00bbfadeInRight\u00bb width=\u00bb2\/3&#8243;][vc_empty_space height=\u00bb20px\u00bb][vc_column_text css_animation=\u00bbnone\u00bb]<\/p>\n<h2 class=\"tribe-events-single-event-title\">2024<\/h2>\n<p>[\/vc_column_text][vc_column_text]25 de noviembre de 2024<\/p>\n<p>De 10:00 a 14:00 horas habr\u00e1 un stand en el hall del Aulario General C\u00e9sar Manrique donde la comunidad universitaria podr\u00e1 escribir mensajes contra las violencias machistas y fotografiarse con mensajes de concienciaci\u00f3n y sensibilizaci\u00f3n y movilizarse en sus redes con los hashtag #LaULLenNegro y etiquetando al Instituto Universitario de Estudios de las Mujeres.<\/p>\n<p>Se invita a toda la comunidad universitaria y a asistir de negro a la concentraci\u00f3n que se realizar\u00e1 a las 14:00 horas en dicho espacio para hacer una foto grupal con los mensajes contra las violencias machistas y #LaULLenNegro.<\/p>\n<p>[\/vc_column_text][\/vc_column][\/vc_row][vc_row full_width=\u00bbstretch_row\u00bb gap=\u00bb1&#8243; equal_height=\u00bbyes\u00bb][vc_column css_animation=\u00bbfadeInLeft\u00bb width=\u00bb1\/3&#8243; css=\u00bb.vc_custom_1608280295745{padding-bottom: 7% !important;}\u00bb][vc_empty_space height=\u00bb20px\u00bb][vc_single_image image=\u00bb991&#8243; img_size=\u00bbfull\u00bb onclick=\u00bblink_image\u00bb][vc_empty_space][\/vc_column][vc_column css_animation=\u00bbfadeInRight\u00bb width=\u00bb2\/3&#8243;][vc_empty_space height=\u00bb20px\u00bb][vc_column_text css_animation=\u00bbnone\u00bb]<\/p>\n<h2 class=\"tribe-events-single-event-title\">2023<\/h2>\n<p>[\/vc_column_text][vc_column_text]27 de noviembre de 2023<\/p>\n<p><span style=\"font-weight: 400\">Entre las 10:00 y las 14:00 horas, se instalar\u00e1 un stand en el pasillo frente a la sala de decanas y decanos del M\u00f3dulo B de la Facultad de Educaci\u00f3n (Campus Central), donde se invita\u00a0 a la comunidad universitaria a participar de forma activa mediante la grabaci\u00f3n de mensajes contra las violencias machistas y la realizaci\u00f3n de fotograf\u00edas de concienciaci\u00f3n y sensibilizaci\u00f3n. Asimismo, se promover\u00e1 la difusi\u00f3n de estas acciones en redes sociales a trav\u00e9s del hashtag #LaULLenNegro, etiquetando al Instituto Universitario de Estudios de las Mujeres. Se habilitar\u00e1 tambi\u00e9n un tabl\u00f3n negro en el hall para recoger mensajes de concienciaci\u00f3n, fomentando la implicaci\u00f3n colectiva. Como parte de la iniciativa, se entregar\u00e1n camisetas conmemorativas de #LaULLenNegro a las personas participantes, hasta fin de existencias.<\/span><\/p>\n<p><span style=\"font-weight: 400\">La actividad concluir\u00e1 con una concentraci\u00f3n a las 14:00 horas en el mismo espacio, a la que se invita a acudir con indumentaria de color negro. En este acto final se realizar\u00e1 una fotograf\u00eda grupal con los mensajes elaborados, como muestra del compromiso de la comunidad universitaria frente a las violencias machistas.<\/span>[\/vc_column_text][\/vc_column][\/vc_row]<\/p>\n","protected":false},"excerpt":{"rendered":"<p>[vc_row full_width=\u00bbstretch_row_content\u00bb el_class=\u00bbprincipio-marcha\u00bb][vc_column css=\u00bb.vc_custom_1588939369209{padding-top: 40px !important;}\u00bb][vc_custom_heading text=\u00bbLa ULL en Negro\u00bb font_container=\u00bbtag:h2|text_align:center|color:%23ffffff\u00bb use_theme_fonts=\u00bbyes\u00bb css_animation=\u00bbfadeInDownBig\u00bb][\/vc_column][\/vc_row][vc_row][vc_column][vc_empty_space][\/vc_column][\/vc_row][vc_row full_width=\u00bbstretch_row\u00bb gap=\u00bb1&#8243; equal_height=\u00bbyes\u00bb][vc_column css_animation=\u00bbfadeInLeft\u00bb width=\u00bb1\/3&#8243; css=\u00bb.vc_custom_1608280295745{padding-bottom: 7% !important;}\u00bb][vc_empty_space height=\u00bb20px\u00bb][vc_single_image image=\u00bb989&#8243; img_size=\u00bbfull\u00bb onclick=\u00bblink_image\u00bb][vc_empty_space][\/vc_column][vc_column css_animation=\u00bbfadeInRight\u00bb width=\u00bb2\/3&#8243;][vc_empty_space height=\u00bb20px\u00bb][vc_column_text css_animation=\u00bbnone\u00bb] 2025 [\/vc_column_text][vc_column_text]25 de noviembre de 2025 El martes, 25 de noviembre, de 10:00 a 14:00 horas en el Hall de la Facultad de Ciencias de la&#8230;<\/p>\n","protected":false},"author":2,"featured_media":0,"parent":0,"menu_order":0,"comment_status":"closed","ping_status":"closed","template":"templates\/template-no-title.php","meta":[],"_links":{"self":[{"href":"https:\/\/www.ull.es\/institutos\/instituto-universitario-estudios-mujeres\/wp-json\/wp\/v2\/pages\/970"}],"collection":[{"href":"https:\/\/www.ull.es\/institutos\/instituto-universitario-estudios-mujeres\/wp-json\/wp\/v2\/pages"}],"about":[{"href":"https:\/\/www.ull.es\/institutos\/instituto-universitario-estudios-mujeres\/wp-json\/wp\/v2\/types\/page"}],"author":[{"embeddable":true,"href":"https:\/\/www.ull.es\/institutos\/instituto-universitario-estudios-mujeres\/wp-json\/wp\/v2\/users\/2"}],"replies":[{"embeddable":true,"href":"https:\/\/www.ull.es\/institutos\/instituto-universitario-estudios-mujeres\/wp-json\/wp\/v2\/comments?post=970"}],"version-history":[{"count":13,"href":"https:\/\/www.ull.es\/institutos\/instituto-universitario-estudios-mujeres\/wp-json\/wp\/v2\/pages\/970\/revisions"}],"predecessor-version":[{"id":992,"href":"https:\/\/www.ull.es\/institutos\/instituto-universitario-estudios-mujeres\/wp-json\/wp\/v2\/pages\/970\/revisions\/992"}],"wp:attachment":[{"href":"https:\/\/www.ull.es\/institutos\/instituto-universitario-estudios-mujeres\/wp-json\/wp\/v2\/media?parent=970"}],"curies":[{"name":"wp","href":"https:\/\/api.w.org\/{rel}","templated":true}]}}

<p>[vc_row full_width=»stretch_row_content» el_class=»principio-marcha»][vc_column css=».vc_custom_1588939369209{padding-top: 40px !important;}»][vc_custom_heading text=»La ULL en Negro» font_container=»tag:h2|text_align:center|color:%23ffffff» use_theme_fonts=»yes» css_animation=»fadeInDownBig»][/vc_column][/vc_row][vc_row][vc_column][vc_empty_space][/vc_column][/vc_row][vc_row full_width=»stretch_row» gap=»1&#8243; equal_height=»yes»][vc_column css_animation=»fadeInLeft» width=»1/3&#8243; css=».vc_custom_1608280295745{padding-bottom: 7% !important;}»][vc_empty_space height=»20px»][vc_single_image image=»989&#8243; img_size=»full» onclick=»link_image»][vc_empty_space][/vc_column][vc_column css_animation=»fadeInRight» width=»2/3&#8243;][vc_empty_space height=»20px»][vc_column_text css_animation=»none»]</p>
<h2 class="tribe-events-single-event-title">2025</h2>
<p>[/vc_column_text][vc_column_text]25 de noviembre de 2025</p>
<p>El martes, 25 de noviembre, de 10:00 a 14:00 horas en el Hall de la Facultad de Ciencias de la Salud se instalará un stand donde la comunidad universitaria podrá escribir mensajes contra las violencias machistas y fotografiarse con mensajes de concienciación y sensibilización y movilizarse en sus redes con los hashtag #LaULLenNegro y etiquetando al Instituto Universitario de Estudios de las Mujeres.</p>
<p>Se invita a toda la comunidad universitaria a asistir de negro a la concentración que se realizará a las 14:00 horas en dicho espacio para hacer una foto grupal con los mensajes contras las violencias machistas.[/vc_column_text][/vc_column][/vc_row][vc_row full_width=»stretch_row» gap=»1&#8243; equal_height=»yes»][vc_column css_animation=»fadeInLeft» width=»1/3&#8243; css=».vc_custom_1608280295745{padding-bottom: 7% !important;}»][vc_empty_space height=»20px»][vc_single_image image=»990&#8243; img_size=»full» onclick=»link_image»][vc_empty_space][/vc_column][vc_column css_animation=»fadeInRight» width=»2/3&#8243;][vc_empty_space height=»20px»][vc_column_text css_animation=»none»]</p>
<h2 class="tribe-events-single-event-title">2024</h2>
<p>[/vc_column_text][vc_column_text]25 de noviembre de 2024</p>
<p>De 10:00 a 14:00 horas habrá un stand en el hall del Aulario General César Manrique donde la comunidad universitaria podrá escribir mensajes contra las violencias machistas y fotografiarse con mensajes de concienciación y sensibilización y movilizarse en sus redes con los hashtag #LaULLenNegro y etiquetando al Instituto Universitario de Estudios de las Mujeres.</p>
<p>Se invita a toda la comunidad universitaria y a asistir de negro a la concentración que se realizará a las 14:00 horas en dicho espacio para hacer una foto grupal con los mensajes contra las violencias machistas y #LaULLenNegro.</p>
<p>[/vc_column_text][/vc_column][/vc_row][vc_row full_width=»stretch_row» gap=»1&#8243; equal_height=»yes»][vc_column css_animation=»fadeInLeft» width=»1/3&#8243; css=».vc_custom_1608280295745{padding-bottom: 7% !important;}»][vc_empty_space height=»20px»][vc_single_image image=»991&#8243; img_size=»full» onclick=»link_image»][vc_empty_space][/vc_column][vc_column css_animation=»fadeInRight» width=»2/3&#8243;][vc_empty_space height=»20px»][vc_column_text css_animation=»none»]</p>
<h2 class="tribe-events-single-event-title">2023</h2>
<p>[/vc_column_text][vc_column_text]27 de noviembre de 2023</p>
<p><span style="font-weight: 400">Entre las 10:00 y las 14:00 horas, se instalará un stand en el pasillo frente a la sala de decanas y decanos del Módulo B de la Facultad de Educación (Campus Central), donde se invita  a la comunidad universitaria a participar de forma activa mediante la grabación de mensajes contra las violencias machistas y la realización de fotografías de concienciación y sensibilización. Asimismo, se promoverá la difusión de estas acciones en redes sociales a través del hashtag #LaULLenNegro, etiquetando al Instituto Universitario de Estudios de las Mujeres. Se habilitará también un tablón negro en el hall para recoger mensajes de concienciación, fomentando la implicación colectiva. Como parte de la iniciativa, se entregarán camisetas conmemorativas de #LaULLenNegro a las personas participantes, hasta fin de existencias.</span></p>
<p><span style="font-weight: 400">La actividad concluirá con una concentración a las 14:00 horas en el mismo espacio, a la que se invita a acudir con indumentaria de color negro. En este acto final se realizará una fotografía grupal con los mensajes elaborados, como muestra del compromiso de la comunidad universitaria frente a las violencias machistas.</span>[/vc_column_text][/vc_column][/vc_row]</p>
