{"id":31,"date":"2021-06-22T11:54:35","date_gmt":"2021-06-22T11:54:35","guid":{"rendered":"https:\/\/www.ull.es\/institutos\/instituto-universitario-andres-bello\/?page_id=31"},"modified":"2021-06-25T08:02:08","modified_gmt":"2021-06-25T08:02:08","slug":"historia","status":"publish","type":"page","link":"https:\/\/www.ull.es\/institutos\/instituto-universitario-linguistica-andres-bello\/historia\/","title":{"rendered":"Historia"},"content":{"rendered":"<p>[vc_row full_width=\u00bbstretch_row_content\u00bb el_class=\u00bbprincipio-marcha\u00bb][vc_column css=\u00bb.vc_custom_1588939369209{padding-top: 40px !important;}\u00bb][vc_custom_heading text=\u00bbHistoria\u00bb font_container=\u00bbtag:h2|text_align:center|color:%23ffffff\u00bb use_theme_fonts=\u00bbyes\u00bb css_animation=\u00bbfadeInDownBig\u00bb][\/vc_column][\/vc_row][vc_row full_width=\u00bbstretch_row_content\u00bb equal_height=\u00bbyes\u00bb][vc_column width=\u00bb1\/2&#8243; css=\u00bb.vc_custom_1588936329456{padding-top: 5% !important;padding-right: 10% !important;padding-bottom: 5% !important;padding-left: 10% !important;background-color: #f2f2f2 !important;}\u00bb][vc_column_text]<span style=\"font-weight: 400;\">El Instituto Universitario de Ling\u00fc\u00edstica Andr\u00e9s Bello (INULAB) fue creado en 1976 por la Universidad de La Laguna, a propuesta del profesor Ram\u00f3n Trujillo, una de las personas que, con el profesor Gregorio Salvador, m\u00e1s contribuyeron a modernizar los estudios del lenguaje en nuestra antigua Facultad de Filosof\u00eda y Letras, luego Facultad de Filolog\u00eda y ahora Facultad de Humanidades. Al parecer, la intenci\u00f3n del profesor Trujillo era crear un centro de investigaci\u00f3n filol\u00f3gica con vocaci\u00f3n atl\u00e1ntica, que actuara como v\u00ednculo entre Espa\u00f1a y Am\u00e9rica, que es el papel que hab\u00eda tocado jugar a Canarias siempre en el mundo hisp\u00e1nico. El proyecto era realmente prometedor y su fundador y primer director hizo varios viajes a Am\u00e9rica para su promoci\u00f3n.<\/span>[\/vc_column_text][\/vc_column][vc_column width=\u00bb1\/2&#8243; css=\u00bb.vc_custom_1624607787217{background: #e5e5e5 url(http:\/\/www.ull.es\/institutos\/instituto-universitario-andres-bello\/wp-content\/uploads\/sites\/20\/2021\/06\/historia.jpg?id=157) !important;background-position: center !important;background-repeat: no-repeat !important;background-size: cover !important;}\u00bb][vc_empty_space height=\u00bb500px\u00bb][\/vc_column][\/vc_row][vc_row full_width=\u00bbstretch_row_content\u00bb equal_height=\u00bbyes\u00bb][vc_column width=\u00bb1\/2&#8243; css=\u00bb.vc_custom_1624608120336{background: #f2f2f2 url(http:\/\/www.ull.es\/institutos\/instituto-universitario-andres-bello\/wp-content\/uploads\/sites\/20\/2021\/06\/historia-2.jpg?id=159) !important;background-position: center !important;background-repeat: no-repeat !important;background-size: cover !important;}\u00bb][vc_empty_space height=\u00bb500px\u00bb][\/vc_column][vc_column width=\u00bb1\/2&#8243; css=\u00bb.vc_custom_1624362795750{padding-top: 5% !important;padding-right: 10% !important;padding-bottom: 5% !important;padding-left: 10% !important;background-color: #e5e5e5 !important;}\u00bb][vc_column_text]<span style=\"font-weight: 400;\">Precisamente por ello, lo que podr\u00edamos denominar la puesta de largo del Instituto, que cont\u00f3 en principio con el apoyo del Cabildo Insular de Tenerife, que proporcion\u00f3 su primera sede en la calle Anchieta de La Laguna (donde hoy est\u00e1 el Centro de Documentaci\u00f3n de Canarias y Am\u00e9rica &#8211; CEDOCAM), se llev\u00f3 a cabo con la publicaci\u00f3n de una edici\u00f3n cr\u00edtica de una de las m\u00e1s importantes contribuciones del mundo americano a la cultura hispana, la <\/span><i><span style=\"font-weight: 400;\">Gram\u00e1tica de la lengua castellana<\/span><\/i> <i><span style=\"font-weight: 400;\">para uso de los americanos<\/span><\/i><span style=\"font-weight: 400;\">, del venezolano de ascendencia canaria Andr\u00e9s Bello, una edici\u00f3n que realiz\u00f3 el propio Trujillo, con la colaboraci\u00f3n de un grupo de j\u00f3venes profesores de la vieja Facultad de Filosof\u00eda y Letras, entre los que se contaban Manuel Almeida Su\u00e1rez, Margarita G\u00f3mez Sierra, Mar\u00eda Jes\u00fas Artiles Le\u00f3n y Josefa Dorta Luis. Luego la actividad del Instituto se enriqueci\u00f3 enormemente con la redacci\u00f3n de las tesis doctorales de varios de sus miembros, dirigidas todas por el doctor Trujillo, como la de Manuel Almeida, que vers\u00f3 sobre el habla rural de Gran Canaria; la de Marcial Morera, que vers\u00f3 sobre la sem\u00e1ntica de las preposiciones espa\u00f1olas; la de Josefa Dorta, que vers\u00f3 sobre los tiempos y modos verbales de la gram\u00e1tica del citado Bello; la de Dolores Garc\u00eda Padr\u00f3n, que vers\u00f3 sobre la sem\u00e1ntica de los verbos de movimiento en espa\u00f1ol; la de Juana Herrera Santana, que vers\u00f3 sobre el an\u00e1lisis socioling\u00fc\u00edstico de los relativos en espa\u00f1ol; etc. Esta fue la que podr\u00edamos denominar la primera etapa de la historia del Instituto Universitario de Ling\u00fc\u00edstica Andr\u00e9s Bello.<\/span>[\/vc_column_text][\/vc_column][\/vc_row][vc_row full_width=\u00bbstretch_row_content\u00bb equal_height=\u00bbyes\u00bb][vc_column width=\u00bb1\/2&#8243; css=\u00bb.vc_custom_1588936329456{padding-top: 5% !important;padding-right: 10% !important;padding-bottom: 5% !important;padding-left: 10% !important;background-color: #f2f2f2 !important;}\u00bb][vc_column_text]<span style=\"font-weight: 400;\">La expansi\u00f3n experimentada por nuestra universidad en las \u00faltimas d\u00e9cadas y la reestructuraci\u00f3n de sus centros condujeron a que nuestro Instituto abriera sus puertas a otras lenguas, como el lat\u00edn y griego cl\u00e1sicos, el griego moderno, el ingl\u00e9s, el franc\u00e9s, el \u00e1rabe, etc., y a nuevas l\u00edneas de investigaci\u00f3n en el estudio del lenguaje, adem\u00e1s de la sem\u00e1ntica, la dialectolog\u00eda, la gram\u00e1tica y la socioling\u00fc\u00edstica de la primera etapa. Esta apertura, que ha ido fraguando de forma paulatina y que ha sido comandada en este siglo por distintos equipos directivos \u2013primero, por los profesores Manuel Almeida Su\u00e1rez y Francisco J. Castillo Mart\u00edn; luego, por el profesor Francisco J. Cort\u00e9s Rodr\u00edguez y la profesora M.\u00aa Isabel Gonz\u00e1lez Aguiar; en tercer lugar, por las profesoras Dolores Garc\u00eda Padr\u00f3n y M.\u00aa del Carmen Fumero P\u00e9rez; en cuarto lugar, por el profesor Jos\u00e9 J. Batista Rodr\u00edguez y la profesora M.\u00aa del Carmen Fumero P\u00e9rez; en quinto lugar, por el profesor Marcial Morera P\u00e9rez y la profesora Ana D\u00edaz Gal\u00e1n; y en la actualidad, por las profesoras Juana Herrera Santana y Ana D\u00edaz Gal\u00e1n\u2013 ha sido en verdad enriquecedora.<\/span>[\/vc_column_text][\/vc_column][vc_column width=\u00bb1\/2&#8243; css=\u00bb.vc_custom_1624607984904{background: #e5e5e5 url(http:\/\/www.ull.es\/institutos\/instituto-universitario-andres-bello\/wp-content\/uploads\/sites\/20\/2021\/06\/historia-3.jpg?id=160) !important;background-position: center !important;background-repeat: no-repeat !important;background-size: cover !important;}\u00bb][vc_empty_space height=\u00bb500px\u00bb][\/vc_column][\/vc_row][vc_row full_width=\u00bbstretch_row_content\u00bb equal_height=\u00bbyes\u00bb][vc_column width=\u00bb1\/2&#8243; css=\u00bb.vc_custom_1624608127287{background: #f2f2f2 url(http:\/\/www.ull.es\/institutos\/instituto-universitario-andres-bello\/wp-content\/uploads\/sites\/20\/2021\/06\/historia-4.jpg?id=162) !important;background-position: center !important;background-repeat: no-repeat !important;background-size: cover !important;}\u00bb][vc_empty_space height=\u00bb500px\u00bb][\/vc_column][vc_column width=\u00bb1\/2&#8243; css=\u00bb.vc_custom_1624362795750{padding-top: 5% !important;padding-right: 10% !important;padding-bottom: 5% !important;padding-left: 10% !important;background-color: #e5e5e5 !important;}\u00bb][vc_column_text]<span style=\"font-weight: 400;\">Hoy cuenta el Instituto de Ling\u00fc\u00edstica Andr\u00e9s Bello con una treintena de profesores investigadores de nuestra universidad pertenecientes a diferentes \u00e1reas de conocimiento y departamentos, una decena de alumnas y alumnos de doctorado y varios investigadores asociados de otras universidades nacionales y extranjeras (Las Palmas de Gran Canaria, Gaston Berger de Saint-Louis de Senegal, Leipzig\u2026), aunados todos ellos en torno a diversos grupos de investigaci\u00f3n; sirve de marco a m\u00faltiples proyectos de investigaci\u00f3n de gram\u00e1tica, lexicolog\u00eda, lexicograf\u00eda, socioling\u00fc\u00edstica, dialectolog\u00eda, ling\u00fc\u00edstica textual, did\u00e1ctica de la lengua, traductolog\u00eda, procesamiento del lenguaje natural, etc., algunos de ellos financiados por el Estado o por la Comunidad Aut\u00f3noma Canaria; publica decenas y decenas de art\u00edculos, cap\u00edtulos de libros y libros al a\u00f1o; participa en numerosos congresos nacionales e internacionales; y organiza peri\u00f3dicamente actividad cient\u00edfica diversa, en formato de cursos, conferencias, seminarios, congresos, etc.<\/span>[\/vc_column_text][\/vc_column][\/vc_row]<\/p>\n","protected":false},"excerpt":{"rendered":"<p>[vc_row full_width=\u00bbstretch_row_content\u00bb el_class=\u00bbprincipio-marcha\u00bb][vc_column css=\u00bb.vc_custom_1588939369209{padding-top: 40px !important;}\u00bb][vc_custom_heading text=\u00bbHistoria\u00bb font_container=\u00bbtag:h2|text_align:center|color:%23ffffff\u00bb use_theme_fonts=\u00bbyes\u00bb css_animation=\u00bbfadeInDownBig\u00bb][\/vc_column][\/vc_row][vc_row full_width=\u00bbstretch_row_content\u00bb equal_height=\u00bbyes\u00bb][vc_column width=\u00bb1\/2&#8243; css=\u00bb.vc_custom_1588936329456{padding-top: 5% !important;padding-right: 10% !important;padding-bottom: 5% !important;padding-left: 10% !important;background-color: #f2f2f2 !important;}\u00bb][vc_column_text]El Instituto Universitario de Ling\u00fc\u00edstica Andr\u00e9s Bello (INULAB) fue creado en 1976 por la Universidad de La Laguna, a propuesta del profesor Ram\u00f3n Trujillo, una de las personas que, con el profesor&#8230;<\/p>\n","protected":false},"author":2,"featured_media":0,"parent":0,"menu_order":0,"comment_status":"closed","ping_status":"closed","template":"templates\/template-no-title.php","meta":[],"_links":{"self":[{"href":"https:\/\/www.ull.es\/institutos\/instituto-universitario-linguistica-andres-bello\/wp-json\/wp\/v2\/pages\/31"}],"collection":[{"href":"https:\/\/www.ull.es\/institutos\/instituto-universitario-linguistica-andres-bello\/wp-json\/wp\/v2\/pages"}],"about":[{"href":"https:\/\/www.ull.es\/institutos\/instituto-universitario-linguistica-andres-bello\/wp-json\/wp\/v2\/types\/page"}],"author":[{"embeddable":true,"href":"https:\/\/www.ull.es\/institutos\/instituto-universitario-linguistica-andres-bello\/wp-json\/wp\/v2\/users\/2"}],"replies":[{"embeddable":true,"href":"https:\/\/www.ull.es\/institutos\/instituto-universitario-linguistica-andres-bello\/wp-json\/wp\/v2\/comments?post=31"}],"version-history":[{"count":5,"href":"https:\/\/www.ull.es\/institutos\/instituto-universitario-linguistica-andres-bello\/wp-json\/wp\/v2\/pages\/31\/revisions"}],"predecessor-version":[{"id":164,"href":"https:\/\/www.ull.es\/institutos\/instituto-universitario-linguistica-andres-bello\/wp-json\/wp\/v2\/pages\/31\/revisions\/164"}],"wp:attachment":[{"href":"https:\/\/www.ull.es\/institutos\/instituto-universitario-linguistica-andres-bello\/wp-json\/wp\/v2\/media?parent=31"}],"curies":[{"name":"wp","href":"https:\/\/api.w.org\/{rel}","templated":true}]}}