{"id":52,"date":"2021-06-22T12:30:35","date_gmt":"2021-06-22T12:30:35","guid":{"rendered":"https:\/\/www.ull.es\/institutos\/instituto-universitario-andres-bello\/?page_id=52"},"modified":"2021-06-22T13:01:08","modified_gmt":"2021-06-22T13:01:08","slug":"grupos-de-investigacion","status":"publish","type":"page","link":"https:\/\/www.ull.es\/institutos\/instituto-universitario-linguistica-andres-bello\/grupos-de-investigacion\/","title":{"rendered":"Grupos de investigaci\u00f3n"},"content":{"rendered":"<p>[vc_row full_width=\u00bbstretch_row_content\u00bb el_class=\u00bbprincipio-marcha\u00bb][vc_column css=\u00bb.vc_custom_1588939369209{padding-top: 40px !important;}\u00bb][vc_custom_heading text=\u00bbGrupos de investigaci\u00f3n\u00bb font_container=\u00bbtag:h2|text_align:center|color:%23ffffff\u00bb use_theme_fonts=\u00bbyes\u00bb css_animation=\u00bbfadeInDownBig\u00bb][\/vc_column][\/vc_row][vc_row full_width=\u00bbstretch_row_content\u00bb equal_height=\u00bbyes\u00bb][vc_column css=\u00bb.vc_custom_1588945461556{background-color: #f2f2f2 !important;}\u00bb][vc_tta_accordion active_section=\u00bb0&#8243;][vc_tta_section title=\u00bbAn\u00e1lisis de la Instrucci\u00f3n Gramatical ELE (AIGELE)\u00bb tab_id=\u00bb1624366323199-a2d06922-e8a1&#8243;][vc_empty_space height=\u00bb20px\u00bb][vc_column_text css=\u00bb.vc_custom_1624365203821{padding-right: 3% !important;padding-left: 3% !important;}\u00bb]<a href=\"https:\/\/portalciencia.ull.es\/grupos\/6372\/detalle\" target=\"_blank\" rel=\"noopener\"><span style=\"font-weight: 400;\">https:\/\/portalciencia.ull.es\/grupos\/6372\/detalle<\/span><\/a><\/p>\n<p><span style=\"font-weight: 400;\"><strong>Responsable:<\/strong> Antonio Cano Gin\u00e9s<\/span><\/p>\n<p><span style=\"font-weight: 400;\"><strong>Otros miembros del grupo:<\/strong> Ferm\u00edn Dom\u00ednguez Santana y Javier Medina L\u00f3p<\/span>[\/vc_column_text][vc_empty_space height=\u00bb20px\u00bb][\/vc_tta_section][vc_tta_section title=\u00bbAn\u00e1lisis sem\u00e1ntico del lenguaje (ALSNL)\u00bb tab_id=\u00bb1624366323219-4e89795e-fe7a\u00bb][vc_empty_space height=\u00bb20px\u00bb][vc_column_text css=\u00bb.vc_custom_1624365261964{padding-right: 3% !important;padding-left: 3% !important;}\u00bb]<a href=\"https:\/\/portalciencia.ull.es\/grupos\/6302\/detalle\" target=\"_blank\" rel=\"noopener\"><span style=\"font-weight: 400;\">https:\/\/portalciencia.ull.es\/grupos\/6302\/detalle<\/span><\/a><\/p>\n<p><span style=\"font-weight: 400;\"><strong>Responsable:<\/strong> Marcial Morera P\u00e9rez<\/span><\/p>\n<p><span style=\"font-weight: 400;\"><strong>Otros miembros del grupo:<\/strong> Jos\u00e9 Juan Batista Rodr\u00edguez, Dolores Garc\u00eda Padr\u00f3n, H\u00e9ctor E. Hern\u00e1ndez Arocha, Juana L. Herrera Santana, Gonzalo Ortega Ojeda y Encarnaci\u00f3n Tabares Plasencia.<\/span>[\/vc_column_text][vc_empty_space height=\u00bb20px\u00bb][\/vc_tta_section][vc_tta_section title=\u00bbCanarias-Alemania (CAN-AL)\u00bb tab_id=\u00bb1624366399774-c9280498-5528&#8243;][vc_empty_space height=\u00bb20px\u00bb][vc_column_text css=\u00bb.vc_custom_1624366689538{padding-right: 3% !important;padding-left: 3% !important;}\u00bb]<a href=\"https:\/\/portalciencia.ull.es\/grupos\/6365\/detalle\" target=\"_blank\" rel=\"noopener\"><span style=\"font-weight: 400;\">https:\/\/portalciencia.ull.es\/grupos\/6365\/detalle<\/span><\/a><\/p>\n<p><span style=\"font-weight: 400;\"><strong>Responsable:<\/strong> Jos\u00e9 Juan Batista Rodr\u00edguez<\/span><\/p>\n<p><span style=\"font-weight: 400;\"><strong>Otros miembros del grupo:<\/strong> Elia Hern\u00e1ndez Socas y Encarnaci\u00f3n Tabares Plasencia.<\/span><\/p>\n<ul>\n<li style=\"list-style-type: none;\"><\/li>\n<\/ul>\n<ul>\n<li style=\"list-style-type: none;\"><\/li>\n<\/ul>\n<p>[\/vc_column_text][vc_empty_space height=\u00bb20px\u00bb][\/vc_tta_section][vc_tta_section title=\u00bbComputational Semantics &#8211; Linguistic Engineering (COSLING) &#8211; Grupo de sem\u00e1ntica computacional e ingenier\u00eda ling\u00fc\u00edstica\u00bb tab_id=\u00bb1624366453362-d85f3453-b58b\u00bb][vc_empty_space height=\u00bb20px\u00bb][vc_column_text css=\u00bb.vc_custom_1624366733000{padding-right: 3% !important;padding-left: 3% !important;}\u00bb]<a href=\"https:\/\/portalciencia.ull.es\/grupos\/6355\/detalle\" target=\"_blank\" rel=\"noopener\"><span style=\"font-weight: 400;\">https:\/\/portalciencia.ull.es\/grupos\/6355\/detalle<\/span><\/a><\/p>\n<p><span style=\"font-weight: 400;\"><strong>Responsable:<\/strong> Francisco Jos\u00e9 Cort\u00e9s Rodr\u00edguez<\/span><\/p>\n<p><span style=\"font-weight: 400;\"><strong>Otros miembros del grupo:<\/strong> Ana D\u00edaz Gal\u00e1n, M.\u00aa del Carmen Fumero P\u00e9rez, Marta Gonz\u00e1lez Orta, M.\u00aa Auxiliadora Mart\u00edn D\u00edaz y Carlos van Arkel Sim\u00f3n.<\/span>[\/vc_column_text][vc_empty_space height=\u00bb20px\u00bb][\/vc_tta_section][vc_tta_section title=\u00bbComunicaci\u00f3n, Sociedad y Lenguajes (CoSoLen)\u00bb tab_id=\u00bb1624366491106-7c5e7230-11f4&#8243;][vc_empty_space height=\u00bb20px\u00bb][vc_column_text css=\u00bb.vc_custom_1624366830039{padding-right: 3% !important;padding-left: 3% !important;}\u00bb]<a href=\"https:\/\/portalciencia.ull.es\/grupos\/6364\/detalle\" target=\"_blank\" rel=\"noopener\"><span style=\"font-weight: 400;\">https:\/\/portalciencia.ull.es\/grupos\/6364\/detalle<\/span><\/a><\/p>\n<p><span style=\"font-weight: 400;\"><strong>Responsable:<\/strong> M. \u00aa Jos\u00e9 Serrano Montesinos<\/span><\/p>\n<p><span style=\"font-weight: 400;\"><strong>Otros miembros del grupo:<\/strong> Mar\u00eda Zaida Gonz\u00e1lez Abrante (Personal Investigador en Formaci\u00f3n FPI\/FPU predoctoral).<\/span><span style=\"font-weight: 400;\"><br \/>\n<\/span>[\/vc_column_text][vc_empty_space height=\u00bb20px\u00bb][\/vc_tta_section][vc_tta_section title=\u00bbEscangrupo\u00bb tab_id=\u00bb1624366521624-6ef4e47a-4860&#8243;][vc_empty_space height=\u00bb20px\u00bb][vc_column_text css=\u00bb.vc_custom_1624366837082{padding-right: 3% !important;padding-left: 3% !important;}\u00bb]<a href=\"https:\/\/portalciencia.ull.es\/grupos\/6338\/detalle\" target=\"_blank\" rel=\"noopener\"><span style=\"font-weight: 400;\">https:\/\/portalciencia.ull.es\/grupos\/6338\/detalle<\/span><\/a><\/p>\n<p><span style=\"font-weight: 400;\"><strong>Responsable:<\/strong> Carmen D\u00edaz Alay\u00f3n<\/span><\/p>\n<p><span style=\"font-weight: 400;\"><strong>Otros miembros del grupo:<\/strong> Javier Medina L\u00f3pez y Gonzalo Ortega Ojeda.<\/span>[\/vc_column_text][vc_empty_space height=\u00bb20px\u00bb][\/vc_tta_section][vc_tta_section title=\u00bbEstudios lexicol\u00f3gicos, ling\u00fc\u00edstica, m\u00e9tricos y traducciones de textos (Tradylat)\u00bb tab_id=\u00bb1624366550618-79f85267-d55d\u00bb][vc_empty_space height=\u00bb20px\u00bb][vc_column_text css=\u00bb.vc_custom_1624366843987{padding-right: 3% !important;padding-left: 3% !important;}\u00bb]<a href=\"https:\/\/portalciencia.ull.es\/grupos\/6323\/detalle\" target=\"_blank\" rel=\"noopener\"><span style=\"font-weight: 400;\">https:\/\/portalciencia.ull.es\/grupos\/6323\/detalle<\/span><\/a><\/p>\n<p><span style=\"font-weight: 400;\"><strong>Responsable:<\/strong> Francisca del Mar Plaza Pic\u00f3n<\/span><\/p>\n<p><span style=\"font-weight: 400;\"><strong>Otros miembros del grupo:<\/strong> Jos\u00e9 Antonio Gonz\u00e1lez Marrero, M.\u00aa del Pilar Lojendio Quintero y Miguel \u00c1ngel R\u00e1bade Navarro.<\/span>[\/vc_column_text][vc_empty_space height=\u00bb20px\u00bb][\/vc_tta_section][vc_tta_section title=\u00bbRelaciones interculturales franco-canarias (Fran-Can)\u00bb tab_id=\u00bb1624366581550-0feba729-4c8b\u00bb][vc_empty_space height=\u00bb20px\u00bb][vc_column_text css=\u00bb.vc_custom_1624366851083{padding-right: 3% !important;padding-left: 3% !important;}\u00bb]<a href=\"https:\/\/portalciencia.ull.es\/grupos\/6510\/detalle\" target=\"_blank\" rel=\"noopener\"><span style=\"font-weight: 400;\">https:\/\/portalciencia.ull.es\/grupos\/6510\/detalle<\/span><\/a><\/p>\n<p><span style=\"font-weight: 400;\"><strong>Responsable:<\/strong> Jos\u00e9 M. Oliver Frade<\/span><\/p>\n<p><span style=\"font-weight: 400;\"><strong>Otros miembros del grupo:<\/strong> Clara Curell Aguil\u00e0 y M.\u00aa Cristina Gonz\u00e1lez Uriarte Marr\u00f3n.<\/span>[\/vc_column_text][vc_empty_space height=\u00bb20px\u00bb][\/vc_tta_section][\/vc_tta_accordion][\/vc_column][\/vc_row]<\/p>\n","protected":false},"excerpt":{"rendered":"<p>[vc_row full_width=\u00bbstretch_row_content\u00bb el_class=\u00bbprincipio-marcha\u00bb][vc_column css=\u00bb.vc_custom_1588939369209{padding-top: 40px !important;}\u00bb][vc_custom_heading text=\u00bbGrupos de investigaci\u00f3n\u00bb font_container=\u00bbtag:h2|text_align:center|color:%23ffffff\u00bb use_theme_fonts=\u00bbyes\u00bb css_animation=\u00bbfadeInDownBig\u00bb][\/vc_column][\/vc_row][vc_row full_width=\u00bbstretch_row_content\u00bb equal_height=\u00bbyes\u00bb][vc_column css=\u00bb.vc_custom_1588945461556{background-color: #f2f2f2 !important;}\u00bb][vc_tta_accordion active_section=\u00bb0&#8243;][vc_tta_section title=\u00bbAn\u00e1lisis de la Instrucci\u00f3n Gramatical ELE (AIGELE)\u00bb tab_id=\u00bb1624366323199-a2d06922-e8a1&#8243;][vc_empty_space height=\u00bb20px\u00bb][vc_column_text css=\u00bb.vc_custom_1624365203821{padding-right: 3% !important;padding-left: 3% !important;}\u00bb]https:\/\/portalciencia.ull.es\/grupos\/6372\/detalle Responsable: Antonio Cano Gin\u00e9s Otros miembros del grupo: Ferm\u00edn Dom\u00ednguez Santana y Javier Medina L\u00f3p[\/vc_column_text][vc_empty_space height=\u00bb20px\u00bb][\/vc_tta_section][vc_tta_section title=\u00bbAn\u00e1lisis sem\u00e1ntico del lenguaje (ALSNL)\u00bb tab_id=\u00bb1624366323219-4e89795e-fe7a\u00bb][vc_empty_space height=\u00bb20px\u00bb][vc_column_text&#8230;<\/p>\n","protected":false},"author":2,"featured_media":0,"parent":0,"menu_order":0,"comment_status":"closed","ping_status":"closed","template":"templates\/template-no-title.php","meta":[],"_links":{"self":[{"href":"https:\/\/www.ull.es\/institutos\/instituto-universitario-linguistica-andres-bello\/wp-json\/wp\/v2\/pages\/52"}],"collection":[{"href":"https:\/\/www.ull.es\/institutos\/instituto-universitario-linguistica-andres-bello\/wp-json\/wp\/v2\/pages"}],"about":[{"href":"https:\/\/www.ull.es\/institutos\/instituto-universitario-linguistica-andres-bello\/wp-json\/wp\/v2\/types\/page"}],"author":[{"embeddable":true,"href":"https:\/\/www.ull.es\/institutos\/instituto-universitario-linguistica-andres-bello\/wp-json\/wp\/v2\/users\/2"}],"replies":[{"embeddable":true,"href":"https:\/\/www.ull.es\/institutos\/instituto-universitario-linguistica-andres-bello\/wp-json\/wp\/v2\/comments?post=52"}],"version-history":[{"count":12,"href":"https:\/\/www.ull.es\/institutos\/instituto-universitario-linguistica-andres-bello\/wp-json\/wp\/v2\/pages\/52\/revisions"}],"predecessor-version":[{"id":67,"href":"https:\/\/www.ull.es\/institutos\/instituto-universitario-linguistica-andres-bello\/wp-json\/wp\/v2\/pages\/52\/revisions\/67"}],"wp:attachment":[{"href":"https:\/\/www.ull.es\/institutos\/instituto-universitario-linguistica-andres-bello\/wp-json\/wp\/v2\/media?parent=52"}],"curies":[{"name":"wp","href":"https:\/\/api.w.org\/{rel}","templated":true}]}}