{"id":139,"date":"2021-05-26T12:42:39","date_gmt":"2021-05-26T12:42:39","guid":{"rendered":"https:\/\/www.ull.es\/institutos\/university-institute-of-neuroscience\/?page_id=139"},"modified":"2022-03-15T14:39:39","modified_gmt":"2022-03-15T14:39:39","slug":"educational-challenges-cognitive-affective-and-social-disabilities","status":"publish","type":"page","link":"https:\/\/www.ull.es\/institutos\/university-institute-of-neuroscience\/educational-challenges-cognitive-affective-and-social-disabilities\/","title":{"rendered":"Educational Challenges: Cognitive, Affective and Social Disabilities"},"content":{"rendered":"<p>[vc_row full_width=\u00bbstretch_row_content\u00bb el_class=\u00bbprincipio-marcha\u00bb][vc_column css=\u00bb.vc_custom_1588939369209{padding-top: 40px !important;}\u00bb][vc_custom_heading text=\u00bbEducational Challenges: Cognitive, Affective and Social Disabilities\u00bb font_container=\u00bbtag:h2|text_align:center|color:%23ffffff\u00bb use_theme_fonts=\u00bbyes\u00bb css_animation=\u00bbfadeInDownBig\u00bb][\/vc_column][\/vc_row][vc_row][vc_column][rev_slider_vc alias=\u00bbcaja4&#8243;][\/vc_column][\/vc_row][vc_row full_width=\u00bbstretch_row\u00bb equal_height=\u00bbyes\u00bb content_placement=\u00bbmiddle\u00bb][vc_column css_animation=\u00bbfadeInLeft\u00bb width=\u00bb1\/2&#8243;][vc_row_inner][vc_column_inner][vc_single_image image=\u00bb140&#8243; img_size=\u00bbfull\u00bb][\/vc_column_inner][\/vc_row_inner][\/vc_column][vc_column css_animation=\u00bbfadeInRight\u00bb width=\u00bb1\/2&#8243; el_class=\u00bbcaja-facultad\u00bb][vc_empty_space height=\u00bb40px\u00bb][vc_column_text]Some groups in this area focus on cognitive and learning disabilities of great prevalence in school-age children and adolescents. These include dyslexia, specific language impairments and several factors of diversity, frequently associated with social exclusion. Other groups deal with social and educational challenges in the context of families and schools.[\/vc_column_text][vc_empty_space height=\u00bb40px\u00bb][\/vc_column][\/vc_row][vc_row][vc_column][vc_empty_space][\/vc_column][\/vc_row][vc_row][vc_column][vc_empty_space][\/vc_column][\/vc_row][vc_row][vc_column width=\u00bb1\/3&#8243; css=\u00bb.vc_custom_1618567537194{background-color: #2677b7 !important;}\u00bb el_class=\u00bbcaja-facultad\u00bb][vc_column_text]<\/p>\n<p style=\"text-align: center; font-size: 20px; color: #000000;\">Language and Learning Disabilities (2 groups)<\/p>\n<p>[\/vc_column_text][\/vc_column][vc_column width=\u00bb1\/3&#8243; css=\u00bb.vc_custom_1618567542640{background-color: #2677b7 !important;}\u00bb el_class=\u00bbcaja-facultad\u00bb][vc_column_text]<\/p>\n<p style=\"text-align: center; font-size: 20px; color: #000000;\">Neglectful caregiving in the family<\/p>\n<p>[\/vc_column_text][\/vc_column][vc_column width=\u00bb1\/3&#8243; el_class=\u00bbcaja-facultad\u00bb css=\u00bb.vc_custom_1647355142795{background-color: #2677b7 !important;}\u00bb][vc_column_text]<\/p>\n<p style=\"text-align: center; font-size: 20px; color: #000000;\">Education of Diversity, Inclusion and Gender Equality (2 groups)<\/p>\n<p>[\/vc_column_text][\/vc_column][\/vc_row][vc_row][vc_column][vc_empty_space height=\u00bb10px\u00bb][\/vc_column][\/vc_row][vc_row full_width=\u00bbstretch_row\u00bb gap=\u00bb1&#8243; equal_height=\u00bbyes\u00bb disable_element=\u00bbyes\u00bb][vc_column css_animation=\u00bbfadeInLeft\u00bb width=\u00bb1\/3&#8243; css=\u00bb.vc_custom_1581084709591{padding-bottom: 7% !important;background-color: #eaeaea !important;}\u00bb][vc_column_text css_animation=\u00bbnone\u00bb]<\/p>\n<p>Dificultades de aprendizaje<\/p>\n<p>[\/vc_column_text][vc_empty_space][\/vc_column][vc_column css_animation=\u00bbfadeInRight\u00bb width=\u00bb2\/3&#8243; css=\u00bb.vc_custom_1581084489854{background-color: #eaeaea !important;}\u00bb][vc_column_text]<\/p>\n<p>Coordinador: Juan Eugenio Jim\u00e9nez Gonz\u00e1lez (Catedr\u00e1tico de Psicolog\u00eda Educativa.<\/p>\n<p>[\/vc_column_text][vc_btn title=\u00bbGrupos de dificultades aprendizaje, psicoling\u00fc\u00edstica y nuevas tecnolog\u00eda. WEB\u00bb link=\u00bburl:https%3A%2F%2Fejimenez.webs.ull.es%2F%3Flang%3Des|target:_blank\u00bb][\/vc_column][\/vc_row][vc_row full_width=\u00bbstretch_row\u00bb gap=\u00bb1&#8243; equal_height=\u00bbyes\u00bb disable_element=\u00bbyes\u00bb][vc_column css_animation=\u00bbfadeInLeft\u00bb width=\u00bb1\/3&#8243; css=\u00bb.vc_custom_1581084709591{padding-bottom: 7% !important;background-color: #eaeaea !important;}\u00bb][vc_column_text css_animation=\u00bbnone\u00bb]<\/p>\n<p>Dificultades en el lenguaje<\/p>\n<p>[\/vc_column_text][vc_empty_space][\/vc_column][vc_column css_animation=\u00bbfadeInRight\u00bb width=\u00bb2\/3&#8243; css=\u00bb.vc_custom_1581084489854{background-color: #eaeaea !important;}\u00bb][vc_column_text]<\/p>\n<p>Coordinador: V\u00edctor Acosta Rodr\u00edguez (Catedr\u00e1tico de Educaci\u00f3n). Sergio Hern\u00e1ndez Exp\u00f3sito (Profesor titular de Psicobiolog\u00eda).<\/p>\n<p>[\/vc_column_text][vc_btn title=\u00bbGrupo de Dificultades del Lenguaje. WEB\u00bb link=\u00bburl:https%3A%2F%2Fwww.ull.es%2Finvestigacion%2Fgrupos-investigacion%2Fequipo-de-investigacion-en-dificultades-del-lenguaje-acentejo%2F|target:_blank\u00bb][vc_tta_accordion active_section=\u00bb0&#8243;][vc_tta_section title=\u00bbGrupo GINDE (Investigaciones en neuropsicolog\u00eda del desarrollo)\u00bb tab_id=\u00bb1611742352038-20ecbd2d-ca48&#8243;][vc_column_text]<\/p>\n<p>Componentes del grupo:<\/p>\n<p>Intereses:<\/p>\n<p>El grupo GINDE est\u00e1 constituido por un conjunto de profesionales (Psic\u00f3logos, Neuropsic\u00f3logos, Neur\u00f3logos, Pediatras, Neonat\u00f3logos y Psiquiatras) cuyo objetivo principal es estudiar la relaci\u00f3n entre el cerebro y la conducta en el contexto din\u00e1mico del desarrollo cerebral. Es decir, pretendemos estudiar cu\u00e1l es la relaci\u00f3n entre la adquisici\u00f3n de funciones psicol\u00f3gicas complejas (lenguaje, memoria, inteligencia, funciones ejecutivas, etc.) y el desarrollo cortical tanto en la infancia como en la adolescencia.<\/p>\n<p>L\u00edneas de investigaci\u00f3n en curso:<\/p>\n<p>TDH (Trastorno por d\u00e9ficit de atenci\u00f3n con hiperactividad)<br \/>\nCaracterizaci\u00f3n neuropsicol\u00f3gica de la dislexia.<br \/>\nEvaluaci\u00f3n neuropsicol\u00f3gica en epilepsias focales.<br \/>\nEstudio del patr\u00f3n de desarrollo neuropsicol\u00f3gico en prematuros.<br \/>\nEvaluaci\u00f3n neuropsicol\u00f3gica en oncolog\u00eda infantil.<br \/>\nAdaptaci\u00f3n a poblaci\u00f3n infantil de pruebas de evaluaci\u00f3n neuropsicol\u00f3gicas.<br \/>\nEstudio de las caracter\u00edsticas neuropsicol\u00f3gicas de ni\u00f1os con obesidad.<\/p>\n<p>T\u00e9cnicas\/M\u00e9todos:<\/p>\n<p>Publicaciones relevantes:<\/p>\n<p>1.- Sonia Gisela R\u00edos Cruz, Teresa Olivares P\u00e9rez, Sergio Hern\u00e1ndez Exp\u00f3sito, Holman Diego Bol\u00edvar Bar\u00f3n, Margaret Gillon Dowens &amp; Mois\u00e9s Betancort Montesinos\u00a0(2020)\u00a0Efficacy of a computer-based cognitive training program to enhance planning skills in 5 to 7-year-old normally-developing children,\u00a0Applied Neuropsychology: Child,\u00a09:1,\u00a021-30,\u00a0DOI:\u00a010.1080\/21622965.2018.1503959<\/p>\n<p>2.- Belen Rubio Morell &amp; Sergio Hern\u00e1ndez Exp\u00f3sito\u00a0(2019)\u00a0Differential long-term medication impact on executive function and delay aversion in ADHD,\u00a0Applied Neuropsychology: Child,\u00a08:2,\u00a0140-157,\u00a0DOI:\u00a010.1080\/21622965.2017.1407653<\/p>\n<p>3.- Gonz\u00e1lez-P\u00e9rez PA, Hern\u00e1ndezExp\u00f3sito S, P\u00e9rez J, Ram\u00edrez G, Dom\u00ednguez A. Correlatos electrofisiol\u00f3gicos de la lectura en ni\u00f1os con trastorno por d\u00e9ficit de atenci\u00f3n\/hiperactividad. Rev Neurol 2018; 66: 175-81.<\/p>\n<p>4.- Acosta Rodr\u00edguez V, Ram\u00edrez Santana GM, Hern\u00e1ndez Exp\u00f3sito S. Funciones ejecutivas y lenguaje en subtipos de ni\u00f1os con trastorno espec\u00edfico del lenguaje. Neurolog\u00eda. 2017;32:355\u2013362.<\/p>\n<p>[\/vc_column_text][\/vc_tta_section][\/vc_tta_accordion][\/vc_column][\/vc_row][vc_row full_width=\u00bbstretch_row\u00bb gap=\u00bb1&#8243; equal_height=\u00bbyes\u00bb disable_element=\u00bbyes\u00bb][vc_column css_animation=\u00bbfadeInLeft\u00bb width=\u00bb1\/3&#8243; css=\u00bb.vc_custom_1581084709591{padding-bottom: 7% !important;background-color: #eaeaea !important;}\u00bb][vc_column_text css_animation=\u00bbnone\u00bb]<\/p>\n<p>Educaci\u00f3n para la diversidad y la educaci\u00f3n inclusiva<\/p>\n<p>[\/vc_column_text][vc_empty_space][\/vc_column][vc_column css_animation=\u00bbfadeInRight\u00bb width=\u00bb2\/3&#8243; css=\u00bb.vc_custom_1581084489854{background-color: #eaeaea !important;}\u00bb][vc_column_text]<\/p>\n<p>Coordinadora: Olga Mar\u00eda Alegre de la Rosa (Catedr\u00e1tica de Educaci\u00f3n).<\/p>\n<p>MEDUSA: Grupo Internacional de Inclusi\u00f3n y Diversidad<\/p>\n<p>[\/vc_column_text][vc_btn title=\u00bbGrupo de investigaci\u00f3n para la Diversidad. WEB\u00bb link=\u00bburl:http%3A%2F%2Fwww.gied.ull.es%2Fweb%2F%3Fq%3Dnode%2F17|target:_blank\u00bb][\/vc_column][\/vc_row][vc_row full_width=\u00bbstretch_row\u00bb gap=\u00bb1&#8243; equal_height=\u00bbyes\u00bb disable_element=\u00bbyes\u00bb][vc_column css_animation=\u00bbfadeInLeft\u00bb width=\u00bb1\/3&#8243; css=\u00bb.vc_custom_1581084709591{padding-bottom: 7% !important;background-color: #eaeaea !important;}\u00bb][vc_column_text css_animation=\u00bbnone\u00bb]<\/p>\n<p>G\u00e9nero y toma de decisiones en contextos escolares<\/p>\n<p>[\/vc_column_text][vc_empty_space][\/vc_column][vc_column css_animation=\u00bbfadeInRight\u00bb width=\u00bb2\/3&#8243; css=\u00bb.vc_custom_1581084489854{background-color: #eaeaea !important;}\u00bb][vc_column_text]<\/p>\n<p>Coordinadora: Lidia Santana (Catedr\u00e1tica de Educaci\u00f3n).<\/p>\n<p>[\/vc_column_text][vc_btn title=\u00bbGrupo de investigaci\u00f3n en orientaci\u00f3n socioeducativa. WEB\u00bb link=\u00bburl:https%3A%2F%2Fwww.ull.es%2Finvestigacion%2Fgrupos-investigacion%2Fgrupo-de-investigacion-de-orientacion-educativa-y-sociolaboral-gioes%2F|target:_blank\u00bb][\/vc_column][\/vc_row][vc_row][vc_column][vc_empty_space][\/vc_column][\/vc_row]<\/p>\n","protected":false},"excerpt":{"rendered":"<p>[vc_row full_width=\u00bbstretch_row_content\u00bb el_class=\u00bbprincipio-marcha\u00bb][vc_column css=\u00bb.vc_custom_1588939369209{padding-top: 40px !important;}\u00bb][vc_custom_heading text=\u00bbEducational Challenges: Cognitive, Affective and Social Disabilities\u00bb font_container=\u00bbtag:h2|text_align:center|color:%23ffffff\u00bb use_theme_fonts=\u00bbyes\u00bb css_animation=\u00bbfadeInDownBig\u00bb][\/vc_column][\/vc_row][vc_row][vc_column][rev_slider_vc alias=\u00bbcaja4&#8243;][\/vc_column][\/vc_row][vc_row full_width=\u00bbstretch_row\u00bb equal_height=\u00bbyes\u00bb content_placement=\u00bbmiddle\u00bb][vc_column css_animation=\u00bbfadeInLeft\u00bb width=\u00bb1\/2&#8243;][vc_row_inner][vc_column_inner][vc_single_image image=\u00bb140&#8243; img_size=\u00bbfull\u00bb][\/vc_column_inner][\/vc_row_inner][\/vc_column][vc_column css_animation=\u00bbfadeInRight\u00bb width=\u00bb1\/2&#8243; el_class=\u00bbcaja-facultad\u00bb][vc_empty_space height=\u00bb40px\u00bb][vc_column_text]Some groups in this area focus on cognitive and learning disabilities of great prevalence in school-age children and adolescents. These include dyslexia, specific language impairments and several factors&#8230;<\/p>\n","protected":false},"author":2,"featured_media":0,"parent":0,"menu_order":0,"comment_status":"closed","ping_status":"closed","template":"templates\/template-no-title.php","meta":[],"_links":{"self":[{"href":"https:\/\/www.ull.es\/institutos\/university-institute-of-neuroscience\/wp-json\/wp\/v2\/pages\/139"}],"collection":[{"href":"https:\/\/www.ull.es\/institutos\/university-institute-of-neuroscience\/wp-json\/wp\/v2\/pages"}],"about":[{"href":"https:\/\/www.ull.es\/institutos\/university-institute-of-neuroscience\/wp-json\/wp\/v2\/types\/page"}],"author":[{"embeddable":true,"href":"https:\/\/www.ull.es\/institutos\/university-institute-of-neuroscience\/wp-json\/wp\/v2\/users\/2"}],"replies":[{"embeddable":true,"href":"https:\/\/www.ull.es\/institutos\/university-institute-of-neuroscience\/wp-json\/wp\/v2\/comments?post=139"}],"version-history":[{"count":5,"href":"https:\/\/www.ull.es\/institutos\/university-institute-of-neuroscience\/wp-json\/wp\/v2\/pages\/139\/revisions"}],"predecessor-version":[{"id":294,"href":"https:\/\/www.ull.es\/institutos\/university-institute-of-neuroscience\/wp-json\/wp\/v2\/pages\/139\/revisions\/294"}],"wp:attachment":[{"href":"https:\/\/www.ull.es\/institutos\/university-institute-of-neuroscience\/wp-json\/wp\/v2\/media?parent=139"}],"curies":[{"name":"wp","href":"https:\/\/api.w.org\/{rel}","templated":true}]}}

<p>[vc_row full_width=»stretch_row_content» el_class=»principio-marcha»][vc_column css=».vc_custom_1588939369209{padding-top: 40px !important;}»][vc_custom_heading text=»Educational Challenges: Cognitive, Affective and Social Disabilities» font_container=»tag:h2|text_align:center|color:%23ffffff» use_theme_fonts=»yes» css_animation=»fadeInDownBig»][/vc_column][/vc_row][vc_row][vc_column][rev_slider_vc alias=»caja4&#8243;][/vc_column][/vc_row][vc_row full_width=»stretch_row» equal_height=»yes» content_placement=»middle»][vc_column css_animation=»fadeInLeft» width=»1/2&#8243;][vc_row_inner][vc_column_inner][vc_single_image image=»140&#8243; img_size=»full»][/vc_column_inner][/vc_row_inner][/vc_column][vc_column css_animation=»fadeInRight» width=»1/2&#8243; el_class=»caja-facultad»][vc_empty_space height=»40px»][vc_column_text]Some groups in this area focus on cognitive and learning disabilities of great prevalence in school-age children and adolescents. These include dyslexia, specific language impairments and several factors of diversity, frequently associated with social exclusion. Other groups deal with social and educational challenges in the context of families and schools.[/vc_column_text][vc_empty_space height=»40px»][/vc_column][/vc_row][vc_row][vc_column][vc_empty_space][/vc_column][/vc_row][vc_row][vc_column][vc_empty_space][/vc_column][/vc_row][vc_row][vc_column width=»1/3&#8243; css=».vc_custom_1618567537194{background-color: #2677b7 !important;}» el_class=»caja-facultad»][vc_column_text]</p>
<p style="text-align: center; font-size: 20px; color: #000000;">Language and Learning Disabilities (2 groups)</p>
<p>[/vc_column_text][/vc_column][vc_column width=»1/3&#8243; css=».vc_custom_1618567542640{background-color: #2677b7 !important;}» el_class=»caja-facultad»][vc_column_text]</p>
<p style="text-align: center; font-size: 20px; color: #000000;">Neglectful caregiving in the family</p>
<p>[/vc_column_text][/vc_column][vc_column width=»1/3&#8243; el_class=»caja-facultad» css=».vc_custom_1647355142795{background-color: #2677b7 !important;}»][vc_column_text]</p>
<p style="text-align: center; font-size: 20px; color: #000000;">Education of Diversity, Inclusion and Gender Equality (2 groups)</p>
<p>[/vc_column_text][/vc_column][/vc_row][vc_row][vc_column][vc_empty_space height=»10px»][/vc_column][/vc_row][vc_row full_width=»stretch_row» gap=»1&#8243; equal_height=»yes» disable_element=»yes»][vc_column css_animation=»fadeInLeft» width=»1/3&#8243; css=».vc_custom_1581084709591{padding-bottom: 7% !important;background-color: #eaeaea !important;}»][vc_column_text css_animation=»none»]</p>
<p>Dificultades de aprendizaje</p>
<p>[/vc_column_text][vc_empty_space][/vc_column][vc_column css_animation=»fadeInRight» width=»2/3&#8243; css=».vc_custom_1581084489854{background-color: #eaeaea !important;}»][vc_column_text]</p>
<p>Coordinador: Juan Eugenio Jiménez González (Catedrático de Psicología Educativa.</p>
<p>[/vc_column_text][vc_btn title=»Grupos de dificultades aprendizaje, psicolingüística y nuevas tecnología. WEB» link=»url:https%3A%2F%2Fejimenez.webs.ull.es%2F%3Flang%3Des|target:_blank»][/vc_column][/vc_row][vc_row full_width=»stretch_row» gap=»1&#8243; equal_height=»yes» disable_element=»yes»][vc_column css_animation=»fadeInLeft» width=»1/3&#8243; css=».vc_custom_1581084709591{padding-bottom: 7% !important;background-color: #eaeaea !important;}»][vc_column_text css_animation=»none»]</p>
<p>Dificultades en el lenguaje</p>
<p>[/vc_column_text][vc_empty_space][/vc_column][vc_column css_animation=»fadeInRight» width=»2/3&#8243; css=».vc_custom_1581084489854{background-color: #eaeaea !important;}»][vc_column_text]</p>
<p>Coordinador: Víctor Acosta Rodríguez (Catedrático de Educación). Sergio Hernández Expósito (Profesor titular de Psicobiología).</p>
<p>[/vc_column_text][vc_btn title=»Grupo de Dificultades del Lenguaje. WEB» link=»url:https%3A%2F%2Fwww.ull.es%2Finvestigacion%2Fgrupos-investigacion%2Fequipo-de-investigacion-en-dificultades-del-lenguaje-acentejo%2F|target:_blank»][vc_tta_accordion active_section=»0&#8243;][vc_tta_section title=»Grupo GINDE (Investigaciones en neuropsicología del desarrollo)» tab_id=»1611742352038-20ecbd2d-ca48&#8243;][vc_column_text]</p>
<p>Componentes del grupo:</p>
<p>Intereses:</p>
<p>El grupo GINDE está constituido por un conjunto de profesionales (Psicólogos, Neuropsicólogos, Neurólogos, Pediatras, Neonatólogos y Psiquiatras) cuyo objetivo principal es estudiar la relación entre el cerebro y la conducta en el contexto dinámico del desarrollo cerebral. Es decir, pretendemos estudiar cuál es la relación entre la adquisición de funciones psicológicas complejas (lenguaje, memoria, inteligencia, funciones ejecutivas, etc.) y el desarrollo cortical tanto en la infancia como en la adolescencia.</p>
<p>Líneas de investigación en curso:</p>
<p>TDH (Trastorno por déficit de atención con hiperactividad)<br />
Caracterización neuropsicológica de la dislexia.<br />
Evaluación neuropsicológica en epilepsias focales.<br />
Estudio del patrón de desarrollo neuropsicológico en prematuros.<br />
Evaluación neuropsicológica en oncología infantil.<br />
Adaptación a población infantil de pruebas de evaluación neuropsicológicas.<br />
Estudio de las características neuropsicológicas de niños con obesidad.</p>
<p>Técnicas/Métodos:</p>
<p>Publicaciones relevantes:</p>
<p>1.- Sonia Gisela Ríos Cruz, Teresa Olivares Pérez, Sergio Hernández Expósito, Holman Diego Bolívar Barón, Margaret Gillon Dowens &amp; Moisés Betancort Montesinos (2020) Efficacy of a computer-based cognitive training program to enhance planning skills in 5 to 7-year-old normally-developing children, Applied Neuropsychology: Child, 9:1, 21-30, DOI: 10.1080/21622965.2018.1503959</p>
<p>2.- Belen Rubio Morell &amp; Sergio Hernández Expósito (2019) Differential long-term medication impact on executive function and delay aversion in ADHD, Applied Neuropsychology: Child, 8:2, 140-157, DOI: 10.1080/21622965.2017.1407653</p>
<p>3.- González-Pérez PA, HernándezExpósito S, Pérez J, Ramírez G, Domínguez A. Correlatos electrofisiológicos de la lectura en niños con trastorno por déficit de atención/hiperactividad. Rev Neurol 2018; 66: 175-81.</p>
<p>4.- Acosta Rodríguez V, Ramírez Santana GM, Hernández Expósito S. Funciones ejecutivas y lenguaje en subtipos de niños con trastorno específico del lenguaje. Neurología. 2017;32:355–362.</p>
<p>[/vc_column_text][/vc_tta_section][/vc_tta_accordion][/vc_column][/vc_row][vc_row full_width=»stretch_row» gap=»1&#8243; equal_height=»yes» disable_element=»yes»][vc_column css_animation=»fadeInLeft» width=»1/3&#8243; css=».vc_custom_1581084709591{padding-bottom: 7% !important;background-color: #eaeaea !important;}»][vc_column_text css_animation=»none»]</p>
<p>Educación para la diversidad y la educación inclusiva</p>
<p>[/vc_column_text][vc_empty_space][/vc_column][vc_column css_animation=»fadeInRight» width=»2/3&#8243; css=».vc_custom_1581084489854{background-color: #eaeaea !important;}»][vc_column_text]</p>
<p>Coordinadora: Olga María Alegre de la Rosa (Catedrática de Educación).</p>
<p>MEDUSA: Grupo Internacional de Inclusión y Diversidad</p>
<p>[/vc_column_text][vc_btn title=»Grupo de investigación para la Diversidad. WEB» link=»url:http%3A%2F%2Fwww.gied.ull.es%2Fweb%2F%3Fq%3Dnode%2F17|target:_blank»][/vc_column][/vc_row][vc_row full_width=»stretch_row» gap=»1&#8243; equal_height=»yes» disable_element=»yes»][vc_column css_animation=»fadeInLeft» width=»1/3&#8243; css=».vc_custom_1581084709591{padding-bottom: 7% !important;background-color: #eaeaea !important;}»][vc_column_text css_animation=»none»]</p>
<p>Género y toma de decisiones en contextos escolares</p>
<p>[/vc_column_text][vc_empty_space][/vc_column][vc_column css_animation=»fadeInRight» width=»2/3&#8243; css=».vc_custom_1581084489854{background-color: #eaeaea !important;}»][vc_column_text]</p>
<p>Coordinadora: Lidia Santana (Catedrática de Educación).</p>
<p>[/vc_column_text][vc_btn title=»Grupo de investigación en orientación socioeducativa. WEB» link=»url:https%3A%2F%2Fwww.ull.es%2Finvestigacion%2Fgrupos-investigacion%2Fgrupo-de-investigacion-de-orientacion-educativa-y-sociolaboral-gioes%2F|target:_blank»][/vc_column][/vc_row][vc_row][vc_column][vc_empty_space][/vc_column][/vc_row]</p>
