{"id":324,"date":"2020-12-15T13:20:29","date_gmt":"2020-12-15T13:20:29","guid":{"rendered":"http:\/\/www.ull.es\/institutos\/university-institute-women-studies\/?page_id=324"},"modified":"2022-05-19T11:30:26","modified_gmt":"2022-05-19T11:30:26","slug":"awards","status":"publish","type":"page","link":"https:\/\/www.ull.es\/institutos\/university-institute-women-studies\/awards\/","title":{"rendered":"Awards"},"content":{"rendered":"<p>[vc_row full_width=\u00bbstretch_row_content\u00bb el_class=\u00bbprincipio-marcha\u00bb][vc_column css=\u00bb.vc_custom_1588939369209{padding-top: 40px !important;}\u00bb][vc_custom_heading text=\u00bbAwards<br \/>\n\u00bb font_container=\u00bbtag:h2|text_align:center|color:%23ffffff\u00bb use_theme_fonts=\u00bbyes\u00bb css_animation=\u00bbfadeInDownBig\u00bb][\/vc_column][\/vc_row][vc_row full_width=\u00bbstretch_row_content\u00bb equal_height=\u00bbyes\u00bb][vc_column css=\u00bb.vc_custom_1588936329456{padding-top: 5% !important;padding-right: 10% !important;padding-bottom: 5% !important;padding-left: 10% !important;background-color: #f2f2f2 !important;}\u00bb][vc_empty_space height=\u00bb70px\u00bb][vc_column_text]<\/p>\n<h3><span style=\"font-weight: 400;\"><strong>The March 8th IUEM\u2019s awards of recognition to the ULL female researchers<\/strong> <\/span><\/h3>\n<p><span style=\"font-weight: 400;\">Have the aim of appreciating and making visible the careers and attainments achieved by outstanding female researchers from our university from every <\/span><span style=\"font-weight: 400;\">scope and field of knowledge.<\/span><\/p>\n<p><span style=\"font-weight: 400;\">The Aim of these rules is to set the procedure to follow, from the presentation of candidatures, the selection criteria, and the constitution of the commission who will select the winners of every edition of the <\/span><span style=\"font-weight: 400;\">March 8th IUEM\u2019s awards.<\/span>[\/vc_column_text][vc_btn title=\u00bbDownload the rules\u00bb color=\u00bbviolet\u00bb custom_onclick=\u00bbtrue\u00bb link=\u00bburl:http%3A%2F%2Fwww.ull.es%2Finstitutos%2Finstituto-universitario-estudios-mujeres%2Fwp-content%2Fuploads%2Fsites%2F14%2F2020%2F12%2Freglamento-premios.pdf\u00bb][\/vc_column][\/vc_row][vc_row full_width=\u00bbstretch_row_content\u00bb equal_height=\u00bbyes\u00bb][vc_column width=\u00bb1\/2&#8243; css=\u00bb.vc_custom_1588936329456{padding-top: 5% !important;padding-right: 10% !important;padding-bottom: 5% !important;padding-left: 10% !important;background-color: #f2f2f2 !important;}\u00bb][vc_empty_space height=\u00bb70px\u00bb][vc_column_text]<\/p>\n<h3><strong>Awarded<\/strong><\/h3>\n<p><strong>2022-Edition<\/strong><\/p>\n<p><span style=\"font-weight: 400;\"><strong>PhD. Ms. Ana Vi\u00f1a Brito<\/strong>. Institute of Medieval and Renaissance Studies<\/span><\/p>\n<p><span style=\"font-weight: 400;\"><strong>PhD. Ms. Pl\u00e1cida Rodr\u00edguez Hern\u00e1ndez<\/strong>. University Institute of Materials and Nanotechnology<\/span><\/p>\n<p><span style=\"font-weight: 400;\"><strong>PhD. Ms. A\u00edda Elizabeth C\u00f3rdoba Lan\u00fas<\/strong>. University Institute of Tropical Diseases and Public Health from the Canary Islands<\/span>[\/vc_column_text][\/vc_column][vc_column width=\u00bb1\/2&#8243; css=\u00bb.vc_custom_1608037379901{background-color: #e5e5e5 !important;background-position: center !important;background-repeat: no-repeat !important;background-size: cover !important;}\u00bb][vc_single_image image=\u00bb675&#8243; img_size=\u00bbfull\u00bb][\/vc_column][\/vc_row][vc_row full_width=\u00bbstretch_row_content\u00bb equal_height=\u00bbyes\u00bb][vc_column width=\u00bb1\/2&#8243; css=\u00bb.vc_custom_1608037379901{background-color: #e5e5e5 !important;background-position: center !important;background-repeat: no-repeat !important;background-size: cover !important;}\u00bb][vc_single_image image=\u00bb676&#8243; img_size=\u00bbfull\u00bb][\/vc_column][vc_column width=\u00bb1\/2&#8243; css=\u00bb.vc_custom_1588936329456{padding-top: 5% !important;padding-right: 10% !important;padding-bottom: 5% !important;padding-left: 10% !important;background-color: #f2f2f2 !important;}\u00bb][vc_empty_space height=\u00bb70px\u00bb][vc_column_text]<\/p>\n<h3><b>Awarded<\/b><\/h3>\n<p><b>2020-Edition<\/b><\/p>\n<p><b>PhD. Sally Burgess<\/b><span style=\"font-weight: 400;\">. Hired Lecturer Doctor on English Philology.<\/span><\/p>\n<p><b>PhD. Dulce Gonz\u00e1lez Doreste<\/b><span style=\"font-weight: 400;\">. Professor of French Philology.<\/span><\/p>\n<p><b>PhD. Carina Gonz\u00e1lez Gonz\u00e1lez<\/b><span style=\"font-weight: 400;\">. Professor of Architecture and Computer Technology.<\/span><\/p>\n<p><span style=\"font-weight: 400;\">Honorary distinction: <\/span><b>PhD. Mar\u00eda Asunci\u00f3n As\u00edn Cabrera<\/b><span style=\"font-weight: 400;\">. Former tenured lecturer of Private International Law<\/span>[\/vc_column_text][\/vc_column][\/vc_row][vc_row full_width=\u00bbstretch_row_content\u00bb equal_height=\u00bbyes\u00bb][vc_column width=\u00bb1\/2&#8243; css=\u00bb.vc_custom_1588936329456{padding-top: 5% !important;padding-right: 10% !important;padding-bottom: 5% !important;padding-left: 10% !important;background-color: #f2f2f2 !important;}\u00bb][vc_empty_space height=\u00bb70px\u00bb][vc_column_text]<\/p>\n<h3><b>Awarded<\/b><\/h3>\n<p><b>2018-Edition<\/b><\/p>\n<p><b>PhD. Natacha Aguilar de Soto<\/b><span style=\"font-weight: 400;\">. Ram\u00f3n y Cajal teaching researcher. Animal Biology, Soil Science, and Geology.<\/span><\/p>\n<p><b>PhD. Mar\u00eda Arcas Campoy<\/b><span style=\"font-weight: 400;\">. Professor of Arab and Islamic Studies.<\/span><\/p>\n<p><b>PhD. Carolina Mart\u00ednez Pulido<\/b><span style=\"font-weight: 400;\">. Tenured lecturer of Biology and Commentator.<\/span><\/p>\n<h3><\/h3>\n<p>[\/vc_column_text][\/vc_column][vc_column width=\u00bb1\/2&#8243; css=\u00bb.vc_custom_1608037379901{background-color: #e5e5e5 !important;background-position: center !important;background-repeat: no-repeat !important;background-size: cover !important;}\u00bb][vc_single_image image=\u00bb330&#8243; img_size=\u00bbfull\u00bb][\/vc_column][\/vc_row][vc_row full_width=\u00bbstretch_row_content\u00bb equal_height=\u00bbyes\u00bb][vc_column width=\u00bb1\/2&#8243; css=\u00bb.vc_custom_1608200313784{background-color: #e5e5e5 !important;background-position: center !important;background-repeat: no-repeat !important;background-size: cover !important;}\u00bb][vc_single_image image=\u00bb329&#8243; img_size=\u00bbfull\u00bb][\/vc_column][vc_column width=\u00bb1\/2&#8243; css=\u00bb.vc_custom_1608200302574{padding-top: 5% !important;padding-right: 10% !important;padding-bottom: 5% !important;padding-left: 10% !important;}\u00bb][vc_empty_space height=\u00bb70px\u00bb][vc_column_text]<\/p>\n<h3><strong>Awarded<\/strong><\/h3>\n<p><strong>2017-Edition.<\/strong><\/p>\n<p><span style=\"font-weight: 400;\"><strong>PhD. Pino Caballero Gil.<\/strong> Professor of Computing Sciences and Artificial Intellegence.<\/span><\/p>\n<p><span style=\"font-weight: 400;\"><strong>PhD. Victoria Marzol Ja\u00e9n<\/strong>. Professor of Physical Geography from La Laguna University.<\/span>[\/vc_column_text][\/vc_column][\/vc_row][vc_row full_width=\u00bbstretch_row_content\u00bb equal_height=\u00bbyes\u00bb][vc_column width=\u00bb1\/2&#8243; css=\u00bb.vc_custom_1588936329456{padding-top: 5% !important;padding-right: 10% !important;padding-bottom: 5% !important;padding-left: 10% !important;background-color: #f2f2f2 !important;}\u00bb][vc_empty_space height=\u00bb70px\u00bb][vc_column_text]<\/p>\n<h3><strong>Awarded<\/strong><\/h3>\n<p><strong>2016-Edition.<\/strong><\/p>\n<p><span style=\"font-weight: 400;\"><strong>PhD. Dolores Corbella D\u00edaz<\/strong>. Professor of Romanic Philology.<\/span><\/p>\n<p><span style=\"font-weight: 400;\"><strong>PhD. Mercedes Prieto<\/strong>. Professor and Researcher from the Astrophysics Institute of Canarias (IAC)<\/span><\/p>\n<p><span style=\"font-weight: 400;\"><strong>PhD. Carolina Mallol<\/strong>. Ram\u00f3n y Cajal Researcher. Geography and History Department.<\/span>[\/vc_column_text][\/vc_column][vc_column width=\u00bb1\/2&#8243; css=\u00bb.vc_custom_1608200326820{background-color: #e5e5e5 !important;background-position: center !important;background-repeat: no-repeat !important;background-size: cover !important;}\u00bb][vc_single_image image=\u00bb328&#8243; img_size=\u00bbfull\u00bb][\/vc_column][\/vc_row][vc_row full_width=\u00bbstretch_row_content\u00bb equal_height=\u00bbyes\u00bb][vc_column width=\u00bb1\/2&#8243; css=\u00bb.vc_custom_1608200340297{background-color: #e5e5e5 !important;background-position: center !important;background-repeat: no-repeat !important;background-size: cover !important;}\u00bb][vc_single_image image=\u00bb327&#8243; img_size=\u00bbfull\u00bb][\/vc_column][vc_column width=\u00bb1\/2&#8243; css=\u00bb.vc_custom_1608200345427{padding-top: 5% !important;padding-right: 10% !important;padding-bottom: 5% !important;padding-left: 10% !important;}\u00bb][vc_empty_space height=\u00bb70px\u00bb][vc_column_text]<\/p>\n<h3><strong>Awarded<\/strong><\/h3>\n<p><strong>2015-Edition.<\/strong><\/p>\n<p><span style=\"font-weight: 400;\"><strong>Teresa Gir\u00e1ldez Fern\u00e1ndez<\/strong>. Ram\u00f3n y Cajal Researcher. Basic Medical Sciences Department. Molecular and Cellular Physiology Laboratory.<\/span><\/p>\n<p><span style=\"font-weight: 400;\"><strong>PhD. Maravillas Aguiar Aguilar<\/strong>. Tenured Lecturer on Arab and Islam Studies from the Classical, French, Arab, and Romanic Philology Department.<\/span>[\/vc_column_text][\/vc_column][\/vc_row]<\/p>\n","protected":false},"excerpt":{"rendered":"<p>[vc_row full_width=\u00bbstretch_row_content\u00bb el_class=\u00bbprincipio-marcha\u00bb][vc_column css=\u00bb.vc_custom_1588939369209{padding-top: 40px !important;}\u00bb][vc_custom_heading text=\u00bbAwards \u00bb font_container=\u00bbtag:h2|text_align:center|color:%23ffffff\u00bb use_theme_fonts=\u00bbyes\u00bb css_animation=\u00bbfadeInDownBig\u00bb][\/vc_column][\/vc_row][vc_row full_width=\u00bbstretch_row_content\u00bb equal_height=\u00bbyes\u00bb][vc_column css=\u00bb.vc_custom_1588936329456{padding-top: 5% !important;padding-right: 10% !important;padding-bottom: 5% !important;padding-left: 10% !important;background-color: #f2f2f2 !important;}\u00bb][vc_empty_space height=\u00bb70px\u00bb][vc_column_text] The March 8th IUEM\u2019s awards of recognition to the ULL female researchers Have the aim of appreciating and making visible the careers and attainments achieved by outstanding female researchers from&#8230;<\/p>\n","protected":false},"author":2,"featured_media":0,"parent":0,"menu_order":0,"comment_status":"closed","ping_status":"closed","template":"templates\/template-no-title.php","meta":[],"_links":{"self":[{"href":"https:\/\/www.ull.es\/institutos\/university-institute-women-studies\/wp-json\/wp\/v2\/pages\/324"}],"collection":[{"href":"https:\/\/www.ull.es\/institutos\/university-institute-women-studies\/wp-json\/wp\/v2\/pages"}],"about":[{"href":"https:\/\/www.ull.es\/institutos\/university-institute-women-studies\/wp-json\/wp\/v2\/types\/page"}],"author":[{"embeddable":true,"href":"https:\/\/www.ull.es\/institutos\/university-institute-women-studies\/wp-json\/wp\/v2\/users\/2"}],"replies":[{"embeddable":true,"href":"https:\/\/www.ull.es\/institutos\/university-institute-women-studies\/wp-json\/wp\/v2\/comments?post=324"}],"version-history":[{"count":9,"href":"https:\/\/www.ull.es\/institutos\/university-institute-women-studies\/wp-json\/wp\/v2\/pages\/324\/revisions"}],"predecessor-version":[{"id":707,"href":"https:\/\/www.ull.es\/institutos\/university-institute-women-studies\/wp-json\/wp\/v2\/pages\/324\/revisions\/707"}],"wp:attachment":[{"href":"https:\/\/www.ull.es\/institutos\/university-institute-women-studies\/wp-json\/wp\/v2\/media?parent=324"}],"curies":[{"name":"wp","href":"https:\/\/api.w.org\/{rel}","templated":true}]}}