{"id":2,"date":"2022-09-08T13:16:26","date_gmt":"2022-09-08T13:16:26","guid":{"rendered":"https:\/\/www.ull.es\/investigacion\/laboratorioneuroquimicayneuroimagen\/?page_id=2"},"modified":"2024-03-11T16:07:54","modified_gmt":"2024-03-11T16:07:54","slug":"pagina-ejemplo","status":"publish","type":"page","link":"https:\/\/www.ull.es\/investigacion\/laboratorioneuroquimicayneuroimagen\/","title":{"rendered":"Inicio"},"content":{"rendered":"<p>[vc_row full_width=\u00bbstretch_row_content_no_spaces\u00bb][vc_column][rev_slider_vc alias=\u00bbhome\u00bb][\/vc_column][\/vc_row][vc_row][vc_column][vc_empty_space][vc_column_text]El Laboratorio de Neuroqu\u00edmica y Neuroimagen pertenece al \u00c1rea de Fisiolog\u00eda de la Universidad de La Laguna (Tenerife, Espa\u00f1a). Su inter\u00e9s se centra en la investigaci\u00f3n tanto b\u00e1sica como cl\u00ednica en neurociencias.<\/p>\n<p>Se trata de un Grupo de Investigaci\u00f3n interdisciplinar cuya principal labor es realizar investigaci\u00f3n b\u00e1sica de calidad en cuestiones relacionadas con problemas tanto cl\u00ednicos como no cl\u00ednicos. Las principales herramientas empleadas en las investigaciones de este laboratorio son: la resonancia magn\u00e9tica, estudios con realidad virtual, el eyetracking, estudios de inmuno y biosensores, magnetonanopart\u00edculas, y el procesamiento de im\u00e1genes funcionales del cerebro. Todas ellas con el objetivo b\u00e1sico de monitorizar la actividad qu\u00edmica y el\u00e9ctrica en<br \/>\nel sistema nervioso.[\/vc_column_text][vc_column_text]<\/p>\n<p style=\"text-align: left;\"><strong><a href=\"https:\/\/docs.google.com\/presentation\/d\/1-W9wuvKYERpG3xfB516dtKnrDEi9qpD_\/edit?usp=share_link&amp;ouid=117431771520648191477&amp;rtpof=true&amp;sd=true\" target=\"_blank\" rel=\"noopener\" target=\"_blank\" rel=\"noopener\">L\u00edneas de grupo<\/a><\/strong><\/p>\n<p>[\/vc_column_text][vc_empty_space][\/vc_column][\/vc_row][vc_row][vc_column width=\u00bb1\/3&#8243;][vc_column_text]<style>\n    .news-group .bg-size {\n        background-position: center;\n        background-size: cover;\n        width: 100%;\n        height: 48px;\n    }\n    .news-group .list-group-item-text {\n        font-size: 13px;\n    }\n    .news-group .col-md-3 {\n        padding-right: 0;\n    }\n    .news-group .list-group-item-date {\n        font-size: 11px;\n        color: #A4A4A4;\n        margin-bottom: 2px;\n        text-transform: uppercase;\n    }\n\n    .mensaje.alert-warning{\n        font-size: 12px;\n        margin: 14px !important;\n        padding: 4px 8px;\n        color: #cca60b;\n    }\n<\/style>\n\n<div class=\"panel panel-default\">\n    <div class=\"panel-heading\">\n        <h3 class=\"panel-title\">Noticias<\/h3>\n    <\/div>\n\n    <div class=\"list-group news-group\">\n                    <a href=\"https:\/\/www.ull.es\/portal\/noticias\/2024\/una-investigacion-liderada-por-la-ull-destaca-que-el-silencio-mental-mejora-interconexiones-nerviosas-del-cerebro\/\" class=\"list-group-item\">\n                <div class=\"row\">\n                    <div class=\"col-md-3\">\n                        <div class=\"bg-size\" style=\"background-image: url('https:\/\/www.ull.es\/portal\/noticias\/wp-content\/uploads\/sites\/13\/2024\/04\/cerebro-300x200.jpg');\"><\/div>\n                    <\/div>\n                    <div class=\"col-md-9\">\n                        <p class=\"list-group-item-date\">\n                            03 Apr 2024 - 12:39 UTC                        <\/p>\n                        <p class=\"list-group-item-text\">Una investigaci\u00f3n liderada por la ULL destaca que el silencio mental mejora interconexiones nerviosas del cerebro<\/p>\n                    <\/div>\n                <\/div>\n            <\/a>\n                    <a href=\"https:\/\/www.ull.es\/portal\/noticias\/2022\/tarea-cartografiar-cerebro\/\" class=\"list-group-item\">\n                <div class=\"row\">\n                    <div class=\"col-md-3\">\n                        <div class=\"bg-size\" style=\"background-image: url('https:\/\/www.ull.es\/portal\/noticias\/wp-content\/uploads\/sites\/13\/2022\/06\/Entrev-Jose-Luis-Glez-Mora-01-300x200.jpg');\"><\/div>\n                    <\/div>\n                    <div class=\"col-md-9\">\n                        <p class=\"list-group-item-date\">\n                            22 Jun 2022 - 07:55 UTC                        <\/p>\n                        <p class=\"list-group-item-text\">En la tarea de cartografiar el cerebro<\/p>\n                    <\/div>\n                <\/div>\n            <\/a>\n                    <a href=\"https:\/\/www.ull.es\/portal\/noticias\/2017\/gonzalez-mora-biomedicina-macaronesia\/\" class=\"list-group-item\">\n                <div class=\"row\">\n                    <div class=\"col-md-3\">\n                        <div class=\"bg-size\" style=\"background-image: url('https:\/\/www.ull.es\/portal\/noticias\/wp-content\/uploads\/sites\/13\/2017\/05\/Jose-Luis-Glez-Mora-07-300x200.jpg');\"><\/div>\n                    <\/div>\n                    <div class=\"col-md-9\">\n                        <p class=\"list-group-item-date\">\n                            29 May 2017 - 10:48 UTC                        <\/p>\n                        <p class=\"list-group-item-text\">Tecnolog\u00eda para mejorar la biomedicina en la Macaronesia<\/p>\n                    <\/div>\n                <\/div>\n            <\/a>\n            <\/div>\n    <div class=\"panel-footer\">\n        <a href=\"https:\/\/www.ull.es\/portal\/noticias\/?cat=9303\">M\u00c1S NOTICIAS <i class=\"fa fa-chevron-right\"><\/i><\/a>\n    <\/div>\n\n\n<\/div>[\/vc_column_text][\/vc_column][vc_column width=\u00bb1\/3&#8243;][vc_column_text]\n<style>\n    .events-group .bg-size {\n        background-position: center;\n        background-size: cover;\n        width: 100%;\n        height: 48px;\n    }\n    .events-group .list-group-item-text {\n        font-size: 13px;\n    }\n    .events-group .col-md-3 {\n        padding-right: 0;\n    }\n    .events-group .list-group-item-date {\n        font-size: 11px;\n        color: #A4A4A4;\n        margin-bottom: 2px;\n        text-transform: uppercase;\n    }\n\n    .mensaje.alert-warning{\n        font-size: 12px;\n        margin: 14px !important;\n        padding: 4px 8px;\n        color: #cca60b;\n    }\n\n<\/style>\n\n<div class=\"panel panel-default\">\n    <div class=\"panel-heading\">\n        <h3 class=\"panel-title\">Eventos<\/h3>\n    <\/div>\n\n    <div class=\"list-group events-group\">\n\n        <div class=\"mensaje alert alert-warning\">No hay eventos disponibles.<\/div>\n    <\/div>\n\n\n<\/div>\n[\/vc_column_text][\/vc_column][vc_column css_animation=\u00bbfadeInDown\u00bb width=\u00bb1\/3&#8243;][vc_column_text]<\/p>\n<ul class=\"widget-box\" style=\"margin: 0px !important; padding: 0px !important;\">\n<li class=\"contacto-header\">Informaci\u00f3n de contacto<\/li>\n<li><i class=\"fa fa-map-marker\"><\/i> Calle Santa Mar\u00eda Soledad, s\/n, Facultad de Ciencias de la Salud 38200 San Crist\u00f3bal de La Laguna.<\/li>\n<li><i class=\"fa fa-phone\"><\/i> +34) 922 31 93 63<\/li>\n<li><i class=\"fa fa-envelope\"><\/i><a href=\"Neurolab@ull.edu.es s\" target=\"_blank\" rel=\"noopener\"> Neurolab@ull.edu.es <\/a><\/li>\n<\/ul>\n<p>[\/vc_column_text][vc_column_text]\n    \n<style>\n    .google-maps {\n        position: relative;\n        padding-bottom: 75%;\n        height: 0;\n        overflow: hidden;\n    }\n    .google-maps iframe {\n        position: absolute;\n        top: 0;\n        left: 0;\n        width: 100% !important;\n        height: 100% !important;\n    }\n<\/style>\n\n\n<div class=\"google-maps\">\n    <iframe src=\"https:\/\/www.openstreetmap.org\/export\/embed.html?bbox=-16.30590617411%2C28.46362704426%2C-16.29976236452%2C28.46943926654&amp;layer=mapnik&amp;marker=28.46781%2C-16.30308\" style=\"border: 1px solid black\"><\/iframe>\n<\/div>\n\n<div class=\"btn-widget\">\n    <a href=\"https:\/\/www.openstreetmap.org\/directions?engine=graphhopper_car&from=&to=28.46781%2C-16.30308#map=17\/28.46781\/-16.30308\">C\u00f3mo llegar<\/a>  \n<\/div>\n\n  <\/body>\n<\/html>\n\n[\/vc_column_text][\/vc_column][\/vc_row][vc_row][vc_column][vc_empty_space][\/vc_column][\/vc_row]<\/p>\n","protected":false},"excerpt":{"rendered":"<p>[vc_row full_width=\u00bbstretch_row_content_no_spaces\u00bb][vc_column][rev_slider_vc alias=\u00bbhome\u00bb][\/vc_column][\/vc_row][vc_row][vc_column][vc_empty_space][vc_column_text]El Laboratorio de Neuroqu\u00edmica y Neuroimagen pertenece al \u00c1rea de Fisiolog\u00eda de la Universidad de La Laguna (Tenerife, Espa\u00f1a). Su inter\u00e9s se centra en la investigaci\u00f3n tanto b\u00e1sica como cl\u00ednica en neurociencias. Se trata de un Grupo de Investigaci\u00f3n interdisciplinar cuya principal labor es realizar investigaci\u00f3n b\u00e1sica de calidad en cuestiones relacionadas con&#8230;<\/p>\n","protected":false},"author":2,"featured_media":0,"parent":0,"menu_order":0,"comment_status":"closed","ping_status":"open","template":"templates\/template-frontpage.php","meta":{"footnotes":""},"_links":{"self":[{"href":"https:\/\/www.ull.es\/investigacion\/laboratorioneuroquimicayneuroimagen\/wp-json\/wp\/v2\/pages\/2"}],"collection":[{"href":"https:\/\/www.ull.es\/investigacion\/laboratorioneuroquimicayneuroimagen\/wp-json\/wp\/v2\/pages"}],"about":[{"href":"https:\/\/www.ull.es\/investigacion\/laboratorioneuroquimicayneuroimagen\/wp-json\/wp\/v2\/types\/page"}],"author":[{"embeddable":true,"href":"https:\/\/www.ull.es\/investigacion\/laboratorioneuroquimicayneuroimagen\/wp-json\/wp\/v2\/users\/2"}],"replies":[{"embeddable":true,"href":"https:\/\/www.ull.es\/investigacion\/laboratorioneuroquimicayneuroimagen\/wp-json\/wp\/v2\/comments?post=2"}],"version-history":[{"count":17,"href":"https:\/\/www.ull.es\/investigacion\/laboratorioneuroquimicayneuroimagen\/wp-json\/wp\/v2\/pages\/2\/revisions"}],"predecessor-version":[{"id":141,"href":"https:\/\/www.ull.es\/investigacion\/laboratorioneuroquimicayneuroimagen\/wp-json\/wp\/v2\/pages\/2\/revisions\/141"}],"wp:attachment":[{"href":"https:\/\/www.ull.es\/investigacion\/laboratorioneuroquimicayneuroimagen\/wp-json\/wp\/v2\/media?parent=2"}],"curies":[{"name":"wp","href":"https:\/\/api.w.org\/{rel}","templated":true}]}}

<p>[vc_row full_width=»stretch_row_content_no_spaces»][vc_column][rev_slider_vc alias=»home»][/vc_column][/vc_row][vc_row][vc_column][vc_empty_space][vc_column_text]El Laboratorio de Neuroquímica y Neuroimagen pertenece al Área de Fisiología de la Universidad de La Laguna (Tenerife, España). Su interés se centra en la investigación tanto básica como clínica en neurociencias.</p>
<p>Se trata de un Grupo de Investigación interdisciplinar cuya principal labor es realizar investigación básica de calidad en cuestiones relacionadas con problemas tanto clínicos como no clínicos. Las principales herramientas empleadas en las investigaciones de este laboratorio son: la resonancia magnética, estudios con realidad virtual, el eyetracking, estudios de inmuno y biosensores, magnetonanopartículas, y el procesamiento de imágenes funcionales del cerebro. Todas ellas con el objetivo básico de monitorizar la actividad química y eléctrica en<br />
el sistema nervioso.[/vc_column_text][vc_column_text]</p>
<p style="text-align: left;"><strong><a href="https://docs.google.com/presentation/d/1-W9wuvKYERpG3xfB516dtKnrDEi9qpD_/edit?usp=share_link&amp;ouid=117431771520648191477&amp;rtpof=true&amp;sd=true" target="_blank" rel="noopener" target="_blank" rel="noopener">Líneas de grupo</a></strong></p>
<p>[/vc_column_text][vc_empty_space][/vc_column][/vc_row][vc_row][vc_column width=»1/3&#8243;][vc_column_text]<style>
    .news-group .bg-size {
        background-position: center;
        background-size: cover;
        width: 100%;
        height: 48px;
    }
    .news-group .list-group-item-text {
        font-size: 13px;
    }
    .news-group .col-md-3 {
        padding-right: 0;
    }
    .news-group .list-group-item-date {
        font-size: 11px;
        color: #A4A4A4;
        margin-bottom: 2px;
        text-transform: uppercase;
    }

    .mensaje.alert-warning{
        font-size: 12px;
        margin: 14px !important;
        padding: 4px 8px;
        color: #cca60b;
    }
</style>

<div class="panel panel-default">
    <div class="panel-heading">
        <h3 class="panel-title">Noticias</h3>
    </div>

    <div class="list-group news-group">
                    <a href="https://www.ull.es/portal/noticias/2024/una-investigacion-liderada-por-la-ull-destaca-que-el-silencio-mental-mejora-interconexiones-nerviosas-del-cerebro/" class="list-group-item">
                <div class="row">
                    <div class="col-md-3">
                        <div class="bg-size" style="background-image: url('https://www.ull.es/portal/noticias/wp-content/uploads/sites/13/2024/04/cerebro-300x200.jpg');"></div>
                    </div>
                    <div class="col-md-9">
                        <p class="list-group-item-date">
                            03 Apr 2024 - 12:39 UTC                        </p>
                        <p class="list-group-item-text">Una investigación liderada por la ULL destaca que el silencio mental mejora interconexiones nerviosas del cerebro</p>
                    </div>
                </div>
            </a>
                    <a href="https://www.ull.es/portal/noticias/2022/tarea-cartografiar-cerebro/" class="list-group-item">
                <div class="row">
                    <div class="col-md-3">
                        <div class="bg-size" style="background-image: url('https://www.ull.es/portal/noticias/wp-content/uploads/sites/13/2022/06/Entrev-Jose-Luis-Glez-Mora-01-300x200.jpg');"></div>
                    </div>
                    <div class="col-md-9">
                        <p class="list-group-item-date">
                            22 Jun 2022 - 07:55 UTC                        </p>
                        <p class="list-group-item-text">En la tarea de cartografiar el cerebro</p>
                    </div>
                </div>
            </a>
                    <a href="https://www.ull.es/portal/noticias/2017/gonzalez-mora-biomedicina-macaronesia/" class="list-group-item">
                <div class="row">
                    <div class="col-md-3">
                        <div class="bg-size" style="background-image: url('https://www.ull.es/portal/noticias/wp-content/uploads/sites/13/2017/05/Jose-Luis-Glez-Mora-07-300x200.jpg');"></div>
                    </div>
                    <div class="col-md-9">
                        <p class="list-group-item-date">
                            29 May 2017 - 10:48 UTC                        </p>
                        <p class="list-group-item-text">Tecnología para mejorar la biomedicina en la Macaronesia</p>
                    </div>
                </div>
            </a>
            </div>
    <div class="panel-footer">
        <a href="https://www.ull.es/portal/noticias/?cat=9303">MÁS NOTICIAS <i class="fa fa-chevron-right"></i></a>
    </div>


</div>[/vc_column_text][/vc_column][vc_column width=»1/3&#8243;][vc_column_text]
<style>
    .events-group .bg-size {
        background-position: center;
        background-size: cover;
        width: 100%;
        height: 48px;
    }
    .events-group .list-group-item-text {
        font-size: 13px;
    }
    .events-group .col-md-3 {
        padding-right: 0;
    }
    .events-group .list-group-item-date {
        font-size: 11px;
        color: #A4A4A4;
        margin-bottom: 2px;
        text-transform: uppercase;
    }

    .mensaje.alert-warning{
        font-size: 12px;
        margin: 14px !important;
        padding: 4px 8px;
        color: #cca60b;
    }

</style>

<div class="panel panel-default">
    <div class="panel-heading">
        <h3 class="panel-title">Eventos</h3>
    </div>

    <div class="list-group events-group">

        <div class="mensaje alert alert-warning">No hay eventos disponibles.</div>
    </div>


</div>
[/vc_column_text][/vc_column][vc_column css_animation=»fadeInDown» width=»1/3&#8243;][vc_column_text]</p>
<ul class="widget-box" style="margin: 0px !important; padding: 0px !important;">
<li class="contacto-header">Información de contacto</li>
<li><i class="fa fa-map-marker"></i> Calle Santa María Soledad, s/n, Facultad de Ciencias de la Salud 38200 San Cristóbal de La Laguna.</li>
<li><i class="fa fa-phone"></i> +34) 922 31 93 63</li>
<li><i class="fa fa-envelope"></i><a href="Neurolab@ull.edu.es s" target="_blank" rel="noopener"> Neurolab@ull.edu.es </a></li>
</ul>
<p>[/vc_column_text][vc_column_text]
    
<style>
    .google-maps {
        position: relative;
        padding-bottom: 75%;
        height: 0;
        overflow: hidden;
    }
    .google-maps iframe {
        position: absolute;
        top: 0;
        left: 0;
        width: 100% !important;
        height: 100% !important;
    }
</style>


<div class="google-maps">
    <iframe src="https://www.openstreetmap.org/export/embed.html?bbox=-16.30590617411%2C28.46362704426%2C-16.29976236452%2C28.46943926654&amp;layer=mapnik&amp;marker=28.46781%2C-16.30308" style="border: 1px solid black"></iframe>
</div>

<div class="btn-widget">
    <a href="https://www.openstreetmap.org/directions?engine=graphhopper_car&from=&to=28.46781%2C-16.30308#map=17/28.46781/-16.30308">Cómo llegar</a>  
</div>

  </body>
</html>

[/vc_column_text][/vc_column][/vc_row][vc_row][vc_column][vc_empty_space][/vc_column][/vc_row]</p>

<p>[vc_row full_width=»stretch_row_content_no_spaces»][vc_column][rev_slider_vc alias=»home»][/vc_column][/vc_row][vc_row][vc_column][vc_empty_space][vc_column_text]El Laboratorio de Neuroquímica y Neuroimagen pertenece al Área de Fisiología de la Universidad de La Laguna (Tenerife, España). Su interés se centra en la investigación tanto básica como clínica en neurociencias. Se trata de un Grupo de Investigación interdisciplinar cuya principal labor es realizar investigación básica de calidad en cuestiones relacionadas con&#8230;</p>
