{"id":135,"date":"2021-04-23T08:14:37","date_gmt":"2021-04-23T08:14:37","guid":{"rendered":"https:\/\/www.ull.es\/investigacion2\/?page_id=135"},"modified":"2023-02-10T10:11:10","modified_gmt":"2023-02-10T10:11:10","slug":"trasnsparencia-investigacion","status":"publish","type":"page","link":"https:\/\/www.ull.es\/investigacion\/trasnsparencia-investigacion\/","title":{"rendered":"Transparencia | Investigaci\u00f3n"},"content":{"rendered":"<p>[vc_row][vc_column][rev_slider_vc alias=\u00bbtransparencia\u00bb][\/vc_column][\/vc_row][vc_row full_width=\u00bbstretch_row_content\u00bb css_animation=\u00bbfadeInUp\u00bb css=\u00bb.vc_custom_1619027676387{background-color: #f4f4f4 !important;background-position: center !important;background-repeat: no-repeat !important;background-size: cover !important;}\u00bb][vc_column][vc_row_inner css=\u00bb.vc_custom_1619027662759{padding-right: 10% !important;padding-left: 10% !important;}\u00bb][vc_column_inner][vc_column_text]<\/p>\n<h1 class=\"lea\">Investigaci\u00f3n | Datos generales (2016)<\/h1>\n<p>[\/vc_column_text][vc_empty_space height=\u00bb15px\u00bb][vc_column_text]<\/p>\n<div class=\"wpb_text_column wpb_content_element \">\n<div class=\"wpb_wrapper\">\n<ul>\n<li><a href=\"http:\/\/www.segai.ull.es\/services\" target=\"_blank\" rel=\"noopener\">33 Servicios Generales de Apoyo a la Investigaci\u00f3n<\/a><\/li>\n<li><a href=\"https:\/\/www.ull.es\/la-universidad\/institutos-universitarios\/\" target=\"_blank\" rel=\"noopener\">12 institutos universitarios<\/a><\/li>\n<li><a href=\"https:\/\/www.ull.es\/la-universidad\/centros\/\" target=\"_blank\" rel=\"noopener\">9 centros de estudios<\/a><\/li>\n<\/ul>\n<\/div>\n<\/div>\n<p>[\/vc_column_text][vc_empty_space][\/vc_column_inner][\/vc_row_inner][\/vc_column][\/vc_row][vc_row full_width=\u00bbstretch_row_content\u00bb css_animation=\u00bbfadeInUp\u00bb css=\u00bb.vc_custom_1619024134257{background-position: 0 0 !important;background-repeat: no-repeat !important;}\u00bb][vc_column][vc_row_inner css=\u00bb.vc_custom_1619024035306{padding-right: 10% !important;padding-left: 10% !important;}\u00bb][vc_column_inner][vc_column_text]<\/p>\n<h1 class=\"lea\">Resultados productivos de la investigaci\u00f3n<\/h1>\n<p>[\/vc_column_text][\/vc_column_inner][\/vc_row_inner][vc_empty_space height=\u00bb18px\u00bb][vc_row_inner equal_height=\u00bbyes\u00bb content_placement=\u00bbmiddle\u00bb css=\u00bb.vc_custom_1619024045389{padding-right: 10% !important;padding-left: 10% !important;}\u00bb][vc_column_inner width=\u00bb2\/6&#8243;][vc_column_text]<\/p>\n<h1 class=\"lea1\" style=\"text-align: left;\">Recursos captados para Investigaci\u00f3n 2014<\/h1>\n<p>[\/vc_column_text][\/vc_column_inner][vc_column_inner width=\u00bb4\/6&#8243;][vc_column_text]<\/p>\n<div class=\"wpb_text_column wpb_content_element \">\n<table class=\"table\">\n<thead>\n<tr>\n<th>Rama<\/th>\n<th>Privado<\/th>\n<th>P\u00fablico<\/th>\n<th>Total<\/th>\n<\/tr>\n<\/thead>\n<tbody>\n<tr>\n<td>Arte y Humanidades<\/td>\n<td>169.000,00 \u20ac<\/td>\n<td>365.312,77 \u20ac<\/td>\n<td>534.312,77 \u20ac<\/td>\n<\/tr>\n<tr>\n<td>Ciencias Experimentales<\/td>\n<td>287.499,33 \u20ac<\/td>\n<td>4.345.941,34 \u20ac<\/td>\n<td>4.633.440,67 \u20ac<\/td>\n<\/tr>\n<tr>\n<td>Ciencias Sociales y Jur\u00eddicas<\/td>\n<td>82.151.81 \u20ac<\/td>\n<td>680.991.21 \u20ac<\/td>\n<td>763.143,02 \u20ac<\/td>\n<\/tr>\n<tr>\n<td>Arquitectura e Ingenier\u00eda<\/td>\n<td>154.175,78 \u20ac<\/td>\n<td>739.945,48 \u20ac<\/td>\n<td>894.121,26 \u20ac<\/td>\n<\/tr>\n<tr>\n<td>Ciencias de la Salud<\/td>\n<td>165.561,67 \u20ac<\/td>\n<td>2.219.779,25 \u20ac<\/td>\n<td>2.385.340,92 \u20ac<\/td>\n<\/tr>\n<tr>\n<td><strong>TOTAL<br \/>\n<\/strong><\/td>\n<td><strong>858.388,59 \u20ac<br \/>\n<\/strong><\/td>\n<td><strong>8.351.970,05 \u20ac<br \/>\n<\/strong><\/td>\n<td><strong>9.210.358,64 \u20ac<\/strong><\/td>\n<\/tr>\n<\/tbody>\n<\/table>\n<\/div>\n<p>[\/vc_column_text][\/vc_column_inner][\/vc_row_inner][vc_row_inner equal_height=\u00bbyes\u00bb content_placement=\u00bbmiddle\u00bb css=\u00bb.vc_custom_1619024045389{padding-right: 10% !important;padding-left: 10% !important;}\u00bb][vc_column_inner][vc_separator color=\u00bbcustom\u00bb align=\u00bbalign_left\u00bb el_width=\u00bb20&#8243; css_animation=\u00bbfadeInLeft\u00bb accent_color=\u00bb#0fa4bc\u00bb][\/vc_column_inner][\/vc_row_inner][vc_row_inner equal_height=\u00bbyes\u00bb content_placement=\u00bbmiddle\u00bb css=\u00bb.vc_custom_1619024463788{padding-right: 10% !important;padding-left: 10% !important;}\u00bb][vc_column_inner width=\u00bb2\/6&#8243;][vc_column_text]<\/p>\n<h1 class=\"lea1\" style=\"text-align: left;\">Tesis doctorales defendidas (curso 2014\/15)<\/h1>\n<p>[\/vc_column_text][\/vc_column_inner][vc_column_inner width=\u00bb4\/6&#8243;][vc_column_text]<\/p>\n<div class=\"wpb_text_column wpb_content_element \">\n<table class=\"table\">\n<thead>\n<tr>\n<th>Rama<\/th>\n<th>Tesis<\/th>\n<\/tr>\n<\/thead>\n<tbody>\n<tr>\n<td>Arte y Humanidades<\/td>\n<td>6<\/td>\n<\/tr>\n<tr>\n<td>Ciencias<\/td>\n<td>30<\/td>\n<\/tr>\n<tr>\n<td>Ciencias Sociales y Jur\u00eddicas<\/td>\n<td>17<\/td>\n<\/tr>\n<tr>\n<td>Ciencias de la Salud<\/td>\n<td>49<\/td>\n<\/tr>\n<tr>\n<td>Ingenier\u00eda y Arquitectura<\/td>\n<td>2<\/td>\n<\/tr>\n<tr>\n<td><strong>TOTAL<\/strong><\/td>\n<td><strong>104<\/strong><\/td>\n<\/tr>\n<\/tbody>\n<\/table>\n<\/div>\n<p>[\/vc_column_text][\/vc_column_inner][\/vc_row_inner][vc_row_inner equal_height=\u00bbyes\u00bb content_placement=\u00bbmiddle\u00bb css=\u00bb.vc_custom_1619024045389{padding-right: 10% !important;padding-left: 10% !important;}\u00bb][vc_column_inner][vc_separator color=\u00bbcustom\u00bb align=\u00bbalign_left\u00bb el_width=\u00bb20&#8243; css_animation=\u00bbfadeInLeft\u00bb accent_color=\u00bb#0fa4bc\u00bb][\/vc_column_inner][\/vc_row_inner][vc_row_inner equal_height=\u00bbyes\u00bb content_placement=\u00bbmiddle\u00bb css=\u00bb.vc_custom_1619024457945{padding-right: 10% !important;padding-left: 10% !important;}\u00bb][vc_column_inner width=\u00bb2\/6&#8243;][vc_column_text]<\/p>\n<h1 class=\"lea1\" style=\"text-align: left;\">Proyectos de Investigaci\u00f3n (Datos de 2015)<\/h1>\n<p>[\/vc_column_text][\/vc_column_inner][vc_column_inner width=\u00bb4\/6&#8243;][vc_column_text]<\/p>\n<div class=\"wpb_text_column wpb_content_element \">\n<table class=\"table\">\n<tbody>\n<tr>\n<th>Proyectos Europeos<\/th>\n<td>5 concedidos (por una cuant\u00eda de 4.095.492,00 \u20ac)<\/td>\n<\/tr>\n<tr>\n<th>Proyectos Nacionales<\/th>\n<td>21 concedidos (por una cuant\u00eda de 1.965.067,00 \u20ac)<\/td>\n<\/tr>\n<tr>\n<th>Proyectos Regionales<\/th>\n<td>11 concedidos (por una cuant\u00eda de 341.597,00 \u20ac)<\/td>\n<\/tr>\n<\/tbody>\n<\/table>\n<\/div>\n<p>[\/vc_column_text][\/vc_column_inner][\/vc_row_inner][vc_row_inner equal_height=\u00bbyes\u00bb content_placement=\u00bbmiddle\u00bb css=\u00bb.vc_custom_1619024045389{padding-right: 10% !important;padding-left: 10% !important;}\u00bb][vc_column_inner][vc_separator color=\u00bbcustom\u00bb align=\u00bbalign_left\u00bb el_width=\u00bb20&#8243; css_animation=\u00bbfadeInLeft\u00bb accent_color=\u00bb#0fa4bc\u00bb][\/vc_column_inner][\/vc_row_inner][vc_row_inner equal_height=\u00bbyes\u00bb content_placement=\u00bbmiddle\u00bb css=\u00bb.vc_custom_1619024450372{padding-right: 10% !important;padding-left: 10% !important;}\u00bb][vc_column_inner width=\u00bb2\/6&#8243;][vc_column_text]<\/p>\n<h1 class=\"lea1\" style=\"text-align: left;\">Proyectos concedidos por \u00e1reas de conocimiento<\/h1>\n<p>[\/vc_column_text][\/vc_column_inner][vc_column_inner width=\u00bb4\/6&#8243;][vc_single_image image=\u00bb137&#8243; img_size=\u00bbfull\u00bb][\/vc_column_inner][\/vc_row_inner][vc_empty_space][\/vc_column][\/vc_row][vc_row full_width=\u00bbstretch_row_content\u00bb css_animation=\u00bbfadeInUp\u00bb css=\u00bb.vc_custom_1619027611408{background-color: #f4f4f4 !important;background-position: 0 0 !important;background-repeat: no-repeat !important;}\u00bb][vc_column][vc_empty_space][vc_row_inner equal_height=\u00bbyes\u00bb content_placement=\u00bbtop\u00bb css=\u00bb.vc_custom_1619164834366{padding-right: 10% !important;padding-left: 10% !important;}\u00bb][vc_column_inner el_class=\u00bbcaja-facultad\u00bb width=\u00bb1\/2&#8243;][vc_column_text]<\/p>\n<h1 class=\"lea\" style=\"text-align: center;\">Acuerdo de Transparencia en Experimentaci\u00f3n Animal<\/h1>\n<p>[\/vc_column_text][vc_empty_space height=\u00bb15px\u00bb][vc_column_text]<\/p>\n<div class=\"wpb_text_column wpb_content_element \">\n<div class=\"wpb_wrapper\">\n<div dir=\"ltr\">\n<ul>\n<li><a href=\"http:\/\/riull.ull.es\/xmlui\/bitstream\/item\/3797\/20161202-DeclaracionULLTransparenciaAnimal.pdf\" target=\"_blank\" rel=\"noopener\">Declaraci\u00f3n institucional sobre el uso de animales de experimentaci\u00f3n<\/a><\/li>\n<li><a href=\"http:\/\/riull.ull.es\/xmlui\/bitstream\/item\/3799\/20161202-ULL_institutional_statement_openness.pdf\" target=\"_blank\" rel=\"noopener\">Institutional statement on the use of research animals<\/a><\/li>\n<\/ul>\n<\/div>\n<\/div>\n<\/div>\n<p>[\/vc_column_text][\/vc_column_inner][vc_column_inner el_class=\u00bbcaja-facultad\u00bb width=\u00bb1\/2&#8243;][vc_column_text]<\/p>\n<h1 class=\"lea\" style=\"text-align: center;\">Publicidad de financiaci\u00f3n con fondos de la Uni\u00f3n Europea<\/h1>\n<p>[\/vc_column_text][vc_empty_space height=\u00bb15px\u00bb][vc_column_text]<\/p>\n<ul>\n<li><a href=\"https:\/\/drive.google.com\/file\/d\/1S-ejsdhdOLunhH3qoSOJY6lPg_BgwLxo\/view?usp=share_link\" target=\"_blank\" rel=\"noopener\" target=\"_blank\" rel=\"noopener\">Subvenciones recibidas de la Consejer\u00eda de Econom\u00eda, Conocimiento y Empleo cofinanciadas con fondos FEDER<\/a><\/li>\n<li><a href=\"https:\/\/drive.google.com\/file\/d\/1l9-3e8A1TInyXd6AY4hP_Diq-QwwiMJ2\/view?usp=share_link\" target=\"_blank\" rel=\"noopener\" target=\"_blank\" rel=\"noopener\">Subvenciones recibidas de la Consejer\u00eda de Econom\u00eda, Conocimiento y Empleo cofinanciadas con fondos NextGenerationEU.PRTR<\/a><\/li>\n<li><a href=\"https:\/\/drive.google.com\/file\/d\/1EAyqrL5QuuhoWiAuH8A4D4A658GbNyzI\/view?usp=share_link\" target=\"_blank\" rel=\"noopener\" target=\"_blank\" rel=\"noopener\">Subvenciones recibidas del Plan Estatal de I+D+I cofinanciadas con fondos FEDER. Acci\u00f3n Estrat\u00e9gica en Salud<\/a><\/li>\n<li><a href=\"https:\/\/drive.google.com\/file\/d\/1xlbQT2CDe527qKhfMKLHOPwEWIMez0bC\/view?usp=share_link\" target=\"_blank\" rel=\"noopener\" target=\"_blank\" rel=\"noopener\">Subvenciones recibidas del Plan Estatal de I+D+I cofinanciadas con fondos FEDER<\/a><\/li>\n<li><a href=\"https:\/\/drive.google.com\/file\/d\/1GIqpRg9uzyLLEmZQiHfxJ1EOM9Eo4K-5\/view?usp=share_link\" target=\"_blank\" rel=\"noopener\" target=\"_blank\" rel=\"noopener\">Subvenciones recibidas del Plan Estatal de I+D+I cofinanciadas con fondos FSE<\/a><\/li>\n<li><a href=\"https:\/\/drive.google.com\/file\/d\/1_lvvkxC7WsCV6mAFQft8N8RNCpS1Oky1\/view?usp=share_link\" target=\"_blank\" rel=\"noopener\" target=\"_blank\" rel=\"noopener\">Subvenciones recibidas del Plan Estatal de I+D+I cofinanciadas con fondos NextGenerationEU.PRTR. Acci\u00f3n Estrat\u00e9gica en Salud<\/a><\/li>\n<li><a href=\"https:\/\/drive.google.com\/file\/d\/1bRaP7M9zXAQWmjaSTRlRlJAdmyMw38dn\/view?usp=share_link\" target=\"_blank\" rel=\"noopener\" target=\"_blank\" rel=\"noopener\">Subvenciones recibidas del Plan Estatal de I+D+I cofinanciadas con fondos NextGenerationEU.PRTR<\/a><\/li>\n<\/ul>\n<p>[\/vc_column_text][\/vc_column_inner][\/vc_row_inner][vc_empty_space][\/vc_column][\/vc_row][vc_row full_width=\u00bbstretch_row_content\u00bb equal_height=\u00bbyes\u00bb css_animation=\u00bbfadeInUp\u00bb css=\u00bb.vc_custom_1619028101860{padding-right: 10% !important;padding-left: 10% !important;}\u00bb][vc_column width=\u00bb1\/2&#8243;][vc_btn title=\u00bbActividad investigadora a partir de los datos obtenidos de los CVN (2014)\u00bb style=\u00bbflat\u00bb shape=\u00bbsquare\u00bb size=\u00bblg\u00bb align=\u00bbcenter\u00bb button_block=\u00bbtrue\u00bb custom_onclick=\u00bbtrue\u00bb link=\u00bburl:https%3A%2F%2Friull.ull.es%2Fxmlui%2Fbitstream%2Fitem%2F3802%2Fdatosidi2014.pdf|target:_blank\u00bb][\/vc_column][vc_column width=\u00bb1\/2&#8243;][vc_btn title=\u00bbIndicadores I+D+i: Evoluci\u00f3n de los \u00faltimos a\u00f1os\u00bb style=\u00bbflat\u00bb shape=\u00bbsquare\u00bb size=\u00bblg\u00bb align=\u00bbcenter\u00bb button_block=\u00bbtrue\u00bb custom_onclick=\u00bbtrue\u00bb link=\u00bburl:http%3A%2F%2Friull.ull.es%2Fxmlui%2Fbitstream%2Fitem%2F3801%2Findicadores2016.pdf|target:_blank\u00bb][\/vc_column][\/vc_row][vc_row][vc_column][vc_empty_space height=\u00bb10px\u00bb][\/vc_column][\/vc_row]<\/p>\n","protected":false},"excerpt":{"rendered":"<p>[vc_row][vc_column][rev_slider_vc alias=\u00bbtransparencia\u00bb][\/vc_column][\/vc_row][vc_row full_width=\u00bbstretch_row_content\u00bb css_animation=\u00bbfadeInUp\u00bb css=\u00bb.vc_custom_1619027676387{background-color: #f4f4f4 !important;background-position: center !important;background-repeat: no-repeat !important;background-size: cover !important;}\u00bb][vc_column][vc_row_inner css=\u00bb.vc_custom_1619027662759{padding-right: 10% !important;padding-left: 10% !important;}\u00bb][vc_column_inner][vc_column_text] Investigaci\u00f3n | Datos generales (2016) [\/vc_column_text][vc_empty_space height=\u00bb15px\u00bb][vc_column_text] 33 Servicios Generales de Apoyo a la Investigaci\u00f3n 12 institutos universitarios 9 centros de estudios [\/vc_column_text][vc_empty_space][\/vc_column_inner][\/vc_row_inner][\/vc_column][\/vc_row][vc_row full_width=\u00bbstretch_row_content\u00bb css_animation=\u00bbfadeInUp\u00bb css=\u00bb.vc_custom_1619024134257{background-position: 0 0 !important;background-repeat: no-repeat !important;}\u00bb][vc_column][vc_row_inner css=\u00bb.vc_custom_1619024035306{padding-right: 10% !important;padding-left: 10% !important;}\u00bb][vc_column_inner][vc_column_text] Resultados&#8230;<\/p>\n","protected":false},"author":1,"featured_media":0,"parent":0,"menu_order":0,"comment_status":"closed","ping_status":"closed","template":"templates\/template-no-title.php","meta":{"footnotes":""},"_links":{"self":[{"href":"https:\/\/www.ull.es\/investigacion\/wp-json\/wp\/v2\/pages\/135"}],"collection":[{"href":"https:\/\/www.ull.es\/investigacion\/wp-json\/wp\/v2\/pages"}],"about":[{"href":"https:\/\/www.ull.es\/investigacion\/wp-json\/wp\/v2\/types\/page"}],"author":[{"embeddable":true,"href":"https:\/\/www.ull.es\/investigacion\/wp-json\/wp\/v2\/users\/1"}],"replies":[{"embeddable":true,"href":"https:\/\/www.ull.es\/investigacion\/wp-json\/wp\/v2\/comments?post=135"}],"version-history":[{"count":5,"href":"https:\/\/www.ull.es\/investigacion\/wp-json\/wp\/v2\/pages\/135\/revisions"}],"predecessor-version":[{"id":609,"href":"https:\/\/www.ull.es\/investigacion\/wp-json\/wp\/v2\/pages\/135\/revisions\/609"}],"wp:attachment":[{"href":"https:\/\/www.ull.es\/investigacion\/wp-json\/wp\/v2\/media?parent=135"}],"curies":[{"name":"wp","href":"https:\/\/api.w.org\/{rel}","templated":true}]}}