{"id":28,"date":"2021-04-21T11:23:08","date_gmt":"2021-04-21T11:23:08","guid":{"rendered":"https:\/\/www.ull.es\/investigacion2\/?page_id=28"},"modified":"2023-01-04T10:37:38","modified_gmt":"2023-01-04T10:37:38","slug":"registro-de-los-grupos-de-investigacion","status":"publish","type":"page","link":"https:\/\/www.ull.es\/investigacion\/registro-de-los-grupos-de-investigacion\/","title":{"rendered":"Registro de los grupos de Investigaci\u00f3n"},"content":{"rendered":"<p>[vc_row][vc_column][rev_slider_vc alias=\u00bbtranscanadian1&#8243;][\/vc_column][\/vc_row][vc_row full_width=\u00bbstretch_row_content\u00bb css_animation=\u00bbfadeInUp\u00bb css=\u00bb.vc_custom_1619027676387{background-color: #f4f4f4 !important;background-position: center !important;background-repeat: no-repeat !important;background-size: cover !important;}\u00bb][vc_column][vc_row_inner css=\u00bb.vc_custom_1619027662759{padding-right: 10% !important;padding-left: 10% !important;}\u00bb][vc_column_inner][vc_column_text]<\/p>\n<h1 class=\"lea\">Los Grupos de Investigaci\u00f3n<\/h1>\n<p>[\/vc_column_text][vc_empty_space height=\u00bb15px\u00bb][vc_column_text]<\/p>\n<div class=\"wpb_text_column wpb_content_element \">\n<div class=\"wpb_wrapper\"><\/div>\n<\/div>\n<div class=\"wpb_text_column wpb_content_element \">\n<div class=\"wpb_wrapper\">\n<ul>\n<li>Constituyen la estructura b\u00e1sica para el desarrollo de la investigaci\u00f3n en la Universidad.<\/li>\n<li>Resultan de la libre y voluntaria agrupaci\u00f3n de investigadores y de otro personal en torno a unas determinadas l\u00edneas de investigaci\u00f3n.<\/li>\n<li>Est\u00e1n orientados al desempe\u00f1o de actividades de investigaci\u00f3n, desarrollo e innovaci\u00f3n, y dan respuesta a la demanda de productos tecnol\u00f3gicos y art\u00edsticos, tanto de la Universidad como del entorno social.<\/li>\n<li>Se caracterizan por unas determinadas l\u00edneas de investigaci\u00f3n y por una oferta tecnol\u00f3gica espec\u00edfica.<\/li>\n<\/ul>\n<\/div>\n<\/div>\n<p>[\/vc_column_text][vc_empty_space][\/vc_column_inner][\/vc_row_inner][\/vc_column][\/vc_row][vc_row full_width=\u00bbstretch_row_content\u00bb css_animation=\u00bbfadeInUp\u00bb disable_element=\u00bbyes\u00bb css=\u00bb.vc_custom_1666861642431{background-position: 0 0 !important;background-repeat: no-repeat !important;}\u00bb][vc_column][vc_row_inner css=\u00bb.vc_custom_1619024035306{padding-right: 10% !important;padding-left: 10% !important;}\u00bb][vc_column_inner][vc_column_text]<\/p>\n<h1 class=\"lea\">Composici\u00f3n<\/h1>\n<p>[\/vc_column_text][\/vc_column_inner][\/vc_row_inner][vc_empty_space height=\u00bb18px\u00bb][vc_row_inner equal_height=\u00bbyes\u00bb content_placement=\u00bbmiddle\u00bb css=\u00bb.vc_custom_1619024045389{padding-right: 10% !important;padding-left: 10% !important;}\u00bb][vc_column_inner width=\u00bb1\/6&#8243;][vc_single_image image=\u00bb49&#8243; img_size=\u00bb70&#215;84&#8243;][\/vc_column_inner][vc_column_inner width=\u00bb5\/6&#8243;][vc_column_text]<\/p>\n<div class=\"wpb_text_column wpb_content_element \">El n\u00famero de miembros m\u00ednimo del <strong>Grupo de Investigaci\u00f3n<\/strong> es de dos miembros, de los cuales uno debe pertenecer al <strong>personal docente e investigador de la ULL<\/strong> con grado de doctor, incluyendo los doctores contratados en convocatorias p\u00fablicas como <strong>\u201cRam\u00f3n y Cajal\u201d<\/strong> y similares.<\/div>\n<p>[\/vc_column_text][\/vc_column_inner][\/vc_row_inner][vc_row_inner equal_height=\u00bbyes\u00bb content_placement=\u00bbmiddle\u00bb css=\u00bb.vc_custom_1619024045389{padding-right: 10% !important;padding-left: 10% !important;}\u00bb][vc_column_inner][vc_separator color=\u00bbcustom\u00bb align=\u00bbalign_left\u00bb el_width=\u00bb20&#8243; css_animation=\u00bbfadeInLeft\u00bb accent_color=\u00bb#0fa4bc\u00bb][\/vc_column_inner][\/vc_row_inner][vc_row_inner equal_height=\u00bbyes\u00bb content_placement=\u00bbmiddle\u00bb css=\u00bb.vc_custom_1619024463788{padding-right: 10% !important;padding-left: 10% !important;}\u00bb][vc_column_inner width=\u00bb1\/6&#8243;][vc_single_image image=\u00bb51&#8243; img_size=\u00bb70&#215;84&#8243;][\/vc_column_inner][vc_column_inner width=\u00bb5\/6&#8243;][vc_column_text]<\/p>\n<div class=\"wpb_text_column wpb_content_element \">\n<p>Pueden ser miembros del <strong>Grupo de Investigaci\u00f3n<\/strong>: todas las categor\u00edas de personal docente e investigador, los becarios de investigaci\u00f3n, el personal contratado con cargo a proyectos, cualquier otro colaborador pre o postdoctoral, investigadores externos a la ULL.<\/div>\n<p>[\/vc_column_text][\/vc_column_inner][\/vc_row_inner][vc_row_inner equal_height=\u00bbyes\u00bb content_placement=\u00bbmiddle\u00bb css=\u00bb.vc_custom_1619024045389{padding-right: 10% !important;padding-left: 10% !important;}\u00bb][vc_column_inner][vc_separator color=\u00bbcustom\u00bb align=\u00bbalign_left\u00bb el_width=\u00bb20&#8243; css_animation=\u00bbfadeInLeft\u00bb accent_color=\u00bb#0fa4bc\u00bb][\/vc_column_inner][\/vc_row_inner][vc_row_inner equal_height=\u00bbyes\u00bb content_placement=\u00bbmiddle\u00bb css=\u00bb.vc_custom_1619024457945{padding-right: 10% !important;padding-left: 10% !important;}\u00bb][vc_column_inner width=\u00bb1\/6&#8243;][vc_single_image image=\u00bb58&#8243; img_size=\u00bb70&#215;84&#8243;][\/vc_column_inner][vc_column_inner width=\u00bb5\/6&#8243;][vc_column_text]<\/p>\n<div class=\"wpb_text_column wpb_content_element \">\n<p>Uno de los miembros perteneciente al personal docente e investigador con grado de doctor de la ULL, incluyendo los doctores contratados en convocatorias p\u00fablicas como <strong>\u201cRam\u00f3n y Cajal\u201d<\/strong> y similares, ser\u00e1 nombrado por los componentes del grupo como coordinador del mismo.<\/div>\n<p>[\/vc_column_text][\/vc_column_inner][\/vc_row_inner][vc_row_inner equal_height=\u00bbyes\u00bb content_placement=\u00bbmiddle\u00bb css=\u00bb.vc_custom_1619024045389{padding-right: 10% !important;padding-left: 10% !important;}\u00bb][vc_column_inner][vc_separator color=\u00bbcustom\u00bb align=\u00bbalign_left\u00bb el_width=\u00bb20&#8243; css_animation=\u00bbfadeInLeft\u00bb accent_color=\u00bb#0fa4bc\u00bb][\/vc_column_inner][\/vc_row_inner][vc_row_inner equal_height=\u00bbyes\u00bb content_placement=\u00bbmiddle\u00bb css=\u00bb.vc_custom_1619024450372{padding-right: 10% !important;padding-left: 10% !important;}\u00bb][vc_column_inner width=\u00bb1\/6&#8243;][vc_single_image image=\u00bb59&#8243; img_size=\u00bb70&#215;84&#8243;][\/vc_column_inner][vc_column_inner width=\u00bb5\/6&#8243;][vc_column_text]<\/p>\n<div class=\"wpb_text_column wpb_content_element \">\n<p>El coordinador actuar\u00e1 como interlocutor del grupo. En un mismo grupo pueden existir varios investigadores principales pero un solo coordinador que no tiene por qu\u00e9 ser investigador principal.<\/p><\/div>\n<p>[\/vc_column_text][\/vc_column_inner][\/vc_row_inner][vc_row_inner equal_height=\u00bbyes\u00bb content_placement=\u00bbmiddle\u00bb css=\u00bb.vc_custom_1619024045389{padding-right: 10% !important;padding-left: 10% !important;}\u00bb][vc_column_inner][vc_separator color=\u00bbcustom\u00bb align=\u00bbalign_left\u00bb el_width=\u00bb20&#8243; css_animation=\u00bbfadeInLeft\u00bb accent_color=\u00bb#0fa4bc\u00bb][\/vc_column_inner][\/vc_row_inner][vc_row_inner equal_height=\u00bbyes\u00bb content_placement=\u00bbmiddle\u00bb css=\u00bb.vc_custom_1619024473870{padding-right: 10% !important;padding-left: 10% !important;}\u00bb][vc_column_inner width=\u00bb1\/6&#8243;][vc_single_image image=\u00bb61&#8243; img_size=\u00bb70&#215;84&#8243;][\/vc_column_inner][vc_column_inner width=\u00bb5\/6&#8243;][vc_column_text]<\/p>\n<div class=\"wpb_text_column wpb_content_element \">\n<p>Un investigador podr\u00e1 ser miembro de dos grupos de investigaci\u00f3n como m\u00e1ximo siempre y cuando al menos uno de los grupos de investigaci\u00f3n sea interdisciplinar o interuniversitario.<\/p><\/div>\n<p>[\/vc_column_text][\/vc_column_inner][\/vc_row_inner][vc_empty_space][\/vc_column][\/vc_row][vc_row full_width=\u00bbstretch_row_content\u00bb css_animation=\u00bbfadeInUp\u00bb css=\u00bb.vc_custom_1619027611408{background-color: #f4f4f4 !important;background-position: 0 0 !important;background-repeat: no-repeat !important;}\u00bb][vc_column][vc_row_inner css=\u00bb.vc_custom_1619024916475{padding-right: 10% !important;padding-left: 10% !important;}\u00bb][vc_column_inner][vc_empty_space][vc_column_text]<\/p>\n<h1 class=\"lea\" style=\"text-align: center;\">Gesti\u00f3n de los grupos de investigaci\u00f3n<\/h1>\n<p>[\/vc_column_text][\/vc_column_inner][\/vc_row_inner][vc_empty_space][vc_row_inner equal_height=\u00bbyes\u00bb content_placement=\u00bbmiddle\u00bb css=\u00bb.vc_custom_1619026417562{padding-right: 10% !important;padding-left: 10% !important;}\u00bb][vc_column_inner el_class=\u00bbcaja-facultad\u00bb width=\u00bb1\/3&#8243;][vc_column_text]<\/p>\n<div class=\"wpb_text_column wpb_content_element \">\n<div class=\"wpb_wrapper\">\n<div dir=\"ltr\">La gesti\u00f3n de los grupos de investigaci\u00f3n se realiza en el\u00a0<a href=\"https:\/\/www.ull.es\/servicios\/gestion-de-la-investigacion\/\" target=\"_blank\" rel=\"noopener noreferrer\" target=\"_blank\" rel=\"noopener\">Servicio de Gesti\u00f3n de la investigaci\u00f3n<\/a>\u00a0(SGI).<\/div>\n<div dir=\"ltr\"><\/div>\n<\/div>\n<\/div>\n<p>[\/vc_column_text][\/vc_column_inner][vc_column_inner el_class=\u00bbcaja-facultad\u00bb width=\u00bb1\/3&#8243;][vc_column_text]<\/p>\n<div class=\"wpb_text_column wpb_content_element \">\n<div class=\"wpb_wrapper\">\n<div dir=\"ltr\">La informaci\u00f3n que se muestra en la web relativa a los grupos es la que consta en los aplicativos de gesti\u00f3n universitaria.<\/div>\n<div dir=\"ltr\"><\/div>\n<\/div>\n<\/div>\n<p>[\/vc_column_text][\/vc_column_inner][vc_column_inner el_class=\u00bbcaja-facultad\u00bb width=\u00bb1\/3&#8243;][vc_column_text]<\/p>\n<div class=\"wpb_text_column wpb_content_element \">\n<div class=\"wpb_wrapper\">\n<div dir=\"ltr\">Para cualquier actuaci\u00f3n relacionada con este \u00e1mbito, puede Ud.\u00a0<a href=\"https:\/\/www.ull.es\/directorio\/search\/?busqueda=servicio-gestion-de-la-investigacion\" target=\"_blank\" rel=\"noopener noreferrer\" target=\"_blank\" rel=\"noopener\">contactar con el SGI<\/a>.<\/div>\n<\/div>\n<\/div>\n<p>[\/vc_column_text][\/vc_column_inner][\/vc_row_inner][vc_empty_space][\/vc_column][\/vc_row][vc_row full_width=\u00bbstretch_row_content\u00bb equal_height=\u00bbyes\u00bb content_placement=\u00bbmiddle\u00bb css_animation=\u00bbfadeInUp\u00bb css=\u00bb.vc_custom_1672828635690{padding-top: 30px !important;padding-right: 5px !important;padding-bottom: 30px !important;padding-left: 5px !important;}\u00bb][vc_column width=\u00bb1\/5&#8243; offset=\u00bbvc_col-sm-offset-0&#8243;][vc_btn title=\u00bbGrupos de investigaci\u00f3n\u00bb style=\u00bbflat\u00bb shape=\u00bbsquare\u00bb size=\u00bblg\u00bb align=\u00bbcenter\u00bb button_block=\u00bbtrue\u00bb custom_onclick=\u00bbtrue\u00bb link=\u00bburl:https%3A%2F%2Fportalciencia.ull.es%2Fgrupos|target:_blank\u00bb][\/vc_column][vc_column width=\u00bb1\/5&#8243; offset=\u00bbvc_col-sm-offset-0&#8243;][vc_btn title=\u00bbReglamento para el registro, modificaci\u00f3n, y extinci\u00f3n\u00bb style=\u00bbflat\u00bb shape=\u00bbsquare\u00bb size=\u00bblg\u00bb align=\u00bbcenter\u00bb button_block=\u00bbtrue\u00bb custom_onclick=\u00bbtrue\u00bb link=\u00bburl:https%3A%2F%2Fsede.ull.es%2Fecivilis-site%2FbulletinBoard%2FshowBulletin%2F11834%3A1%2Fdocument%2F4284396%3FsignFooter%3Dtrue|target:_blank\u00bb][\/vc_column][vc_column width=\u00bb1\/5&#8243; offset=\u00bbvc_col-sm-offset-0&#8243;][vc_btn title=\u00bbProcedimientos para el registro, modificaci\u00f3n y extinci\u00f3n\u00bb style=\u00bbflat\u00bb shape=\u00bbsquare\u00bb size=\u00bblg\u00bb align=\u00bbcenter\u00bb button_block=\u00bbtrue\u00bb custom_onclick=\u00bbtrue\u00bb link=\u00bburl:https%3A%2F%2Fdrive.google.com%2Ffile%2Fd%2F1QUh2QITvrXgS1_kt-z42VIXenLQUpqPR%2Fview%3Fusp%3Dshare_link|target:_blank\u00bb][\/vc_column][vc_column width=\u00bb1\/5&#8243; offset=\u00bbvc_col-sm-offset-0&#8243;][vc_btn title=\u00bbSolicitud de registro\u00bb style=\u00bbflat\u00bb shape=\u00bbsquare\u00bb size=\u00bblg\u00bb align=\u00bbcenter\u00bb button_block=\u00bbtrue\u00bb custom_onclick=\u00bbtrue\u00bb link=\u00bburl:https%3A%2F%2Fsede.ull.es%2Fecivilis-site%2Fcatalog%2FshowProcedure%2F523|target:_blank\u00bb][\/vc_column][vc_column width=\u00bb1\/5&#8243; offset=\u00bbvc_col-sm-offset-0&#8243;][vc_btn title=\u00bbAplicaci\u00f3n para la gesti\u00f3n de grupos de investigaci\u00f3n\u00bb style=\u00bbflat\u00bb shape=\u00bbsquare\u00bb size=\u00bblg\u00bb align=\u00bbcenter\u00bb button_block=\u00bbtrue\u00bb custom_onclick=\u00bbtrue\u00bb link=\u00bburl:http%3A%2F%2Fwww.ull.es%2Fapps%2Fgruposinvestigacion|target:_blank\u00bb][\/vc_column][\/vc_row][vc_row][vc_column][vc_empty_space][\/vc_column][\/vc_row]<\/p>\n","protected":false},"excerpt":{"rendered":"<p>[vc_row][vc_column][rev_slider_vc alias=\u00bbtranscanadian1&#8243;][\/vc_column][\/vc_row][vc_row full_width=\u00bbstretch_row_content\u00bb css_animation=\u00bbfadeInUp\u00bb css=\u00bb.vc_custom_1619027676387{background-color: #f4f4f4 !important;background-position: center !important;background-repeat: no-repeat !important;background-size: cover !important;}\u00bb][vc_column][vc_row_inner css=\u00bb.vc_custom_1619027662759{padding-right: 10% !important;padding-left: 10% !important;}\u00bb][vc_column_inner][vc_column_text] Los Grupos de Investigaci\u00f3n [\/vc_column_text][vc_empty_space height=\u00bb15px\u00bb][vc_column_text] Constituyen la estructura b\u00e1sica para el desarrollo de la investigaci\u00f3n en la Universidad. Resultan de la libre y voluntaria agrupaci\u00f3n de investigadores y de otro personal en torno a unas determinadas&#8230;<\/p>\n","protected":false},"author":1,"featured_media":0,"parent":0,"menu_order":0,"comment_status":"closed","ping_status":"closed","template":"templates\/template-no-title.php","meta":{"footnotes":""},"_links":{"self":[{"href":"https:\/\/www.ull.es\/investigacion\/wp-json\/wp\/v2\/pages\/28"}],"collection":[{"href":"https:\/\/www.ull.es\/investigacion\/wp-json\/wp\/v2\/pages"}],"about":[{"href":"https:\/\/www.ull.es\/investigacion\/wp-json\/wp\/v2\/types\/page"}],"author":[{"embeddable":true,"href":"https:\/\/www.ull.es\/investigacion\/wp-json\/wp\/v2\/users\/1"}],"replies":[{"embeddable":true,"href":"https:\/\/www.ull.es\/investigacion\/wp-json\/wp\/v2\/comments?post=28"}],"version-history":[{"count":19,"href":"https:\/\/www.ull.es\/investigacion\/wp-json\/wp\/v2\/pages\/28\/revisions"}],"predecessor-version":[{"id":605,"href":"https:\/\/www.ull.es\/investigacion\/wp-json\/wp\/v2\/pages\/28\/revisions\/605"}],"wp:attachment":[{"href":"https:\/\/www.ull.es\/investigacion\/wp-json\/wp\/v2\/media?parent=28"}],"curies":[{"name":"wp","href":"https:\/\/api.w.org\/{rel}","templated":true}]}}