{"id":11942,"date":"2017-04-26T10:48:17","date_gmt":"2017-04-26T10:48:17","guid":{"rendered":"https:\/\/www.ull.es\/la-universidad\/centro-estudios-interdisciplinares-latinoamericanos\/"},"modified":"2024-11-28T07:52:35","modified_gmt":"2024-11-28T07:52:35","slug":"centro-estudios-interdisciplinares-latinoamericanos","status":"publish","type":"centros","link":"https:\/\/www.ull.es\/la-universidad\/fr\/facultades-centros-departamentos\/centro-estudios-interdisciplinares-latinoamericanos\/","title":{"rendered":"Centre d&#039;\u00e9tudes interdisciplinaires latino-am\u00e9ricaines (CEILAM)"},"content":{"rendered":"<div class=\"wp-block-stackable-columns stk-block-columns stk-block stk-b1c44ed\" data-block-id=\"b1c44ed\"><div class=\"stk-row stk-inner-blocks stk-block-content stk-content-align stk-b1c44ed-column\">\n<div class=\"wp-block-stackable-column stk-block-column stk-column stk-block stk-5f27b18\" data-v=\"4\" data-block-id=\"5f27b18\"><style>@media screen and (min-width:768px){.stk-5f27b18{flex:var(--stk-flex-grow,1) 1 calc(33.33400000000002% - var(--stk-column-gap,0px) * 1 \/ 2 ) !important}}<\/style><div class=\"stk-column-wrapper stk-block-column__content stk-container stk-5f27b18-container stk--no-background stk--no-padding\"><div class=\"stk-block-content stk-inner-blocks stk-5f27b18-inner-blocks\">\n    <img decoding=\"async\" src=\"https:\/\/www.ull.es\/la-universidad\/wp-content\/uploads\/sites\/2\/2018\/05\/imagen-centro-4.jpg\">\n\n<ul class=\"widget-contacto\">\n    <li><i class=\"fa fa-map-marker\"><\/i> C\/ Prof. Jos\u00e9 Luis Moreno Becerra, s\/n. Facult\u00e9 des Lettres. Section Philosophie. B\u00e2timent d\u00e9partemental. Bo\u00eete postale 456. Code postal 38200. San Crist\u00f3bal de La Laguna. S\/C de Tenerife<\/li><li><i class=\"fa fa-phone\"><\/i> (+34) 922 31 78 82<\/li><li><i class=\"fa fa-envelope\"><\/i>  <a href=\"mailto:asierrgo@ull.es\">asierrgo@ull.es<\/a><\/li><\/ul>\n\n\n\n\n\n    \n<style>\n    .google-maps {\n        position: relative;\n        padding-bottom: 75%;\n        height: 0;\n        overflow: hidden;\n    }\n    .google-maps iframe {\n        position: absolute;\n        top: 0;\n        left: 0;\n        width: 100% !important;\n        height: 100% !important;\n    }\n<\/style>\n\n\n<div class=\"google-maps\">\n    <iframe src=\"https:\/\/www.openstreetmap.org\/export\/embed.html?bbox=-16.30583017411%2C28.46383004426%2C-16.29968636452%2C28.46964226654&amp;layer=mapnik&amp;marker=28.468013%2C-16.303004\" style=\"border: 1px solid black\"><\/iframe>\n<\/div>\n\n<div class=\"btn-widget\">\n    <a href=\"https:\/\/www.openstreetmap.org\/directions?engine=graphhopper_car&from=&to=28.468013%2C-16.303004#map=17\/28.468013\/-16.303004\">Comment s&#039;y rendre<\/a>  \n<\/div>\n\n  <\/body>\n<\/html>\n\n\n<\/div><\/div><\/div>\n\n\n\n<div class=\"wp-block-stackable-column stk-block-column stk-column stk-block stk-83928ed\" data-v=\"4\" data-block-id=\"83928ed\"><style>@media screen and (min-width:768px){.stk-83928ed{flex:var(--stk-flex-grow,1) 1 calc(66.666% - var(--stk-column-gap,0px) * 1 \/ 2 ) !important}}<\/style><div class=\"stk-column-wrapper stk-block-column__content stk-container stk-83928ed-container stk--no-background stk--no-padding\"><div class=\"stk-block-content stk-inner-blocks stk-83928ed-inner-blocks\">\n\n<h1>Centre d&#039;\u00e9tudes interdisciplinaires latino-am\u00e9ricaines (CEILAM)<\/h1>\n\n\n\n\n\n\n\n\n\n<div class=\"wp-block-stackable-spacer stk-block-spacer stk--no-padding stk-block stk-e8660e6\" data-block-id=\"e8660e6\"><style>.stk-e8660e6{height:35px !important}<\/style><\/div>\n\n\n\n\n<style>\n    .shortcode-equipo h2 {\n        margin-bottom: 10px !important;\n    }\n<\/style>\n\n<div class=\"shortcode-equipo\">\n    <h2>\u00c9quipe de direction<\/h2><dl><dt><strong>Directeur<\/strong><\/dt><dd> <a href='https:\/\/www.ull.es\/directorio\/search\/?busqueda=\u00c1ngela Sierra Gonz\u00e1lez' target='_blank'>Angela Sierra Gonzalez<\/a><\/dd><dt><strong>directeur adjoint<\/strong><\/dt><dd> <a href='https:\/\/www.ull.es\/directorio\/search\/?busqueda=M\u00aa Lourdes C. Gonz\u00e1lez-Luis' target='_blank'>M\u00aa Lourdes C. Gonz\u00e1lez-Luis<\/a><\/dd><dt><strong>Secr\u00e9taire<\/strong><\/dt><dd> <a href='https:\/\/www.ull.es\/directorio\/search\/?busqueda=Pedro P\u00e9rera M\u00e9ndez' target='_blank'>Pedro Perera M\u00e9ndez<\/a><\/dd><\/dl>\n<\/div>\n\n<\/div><\/div><\/div>\n<\/div><\/div>","protected":false},"featured_media":12944,"parent":0,"menu_order":0,"template":"","tags":[83],"class_list":["post-11942","centros","type-centros","status-publish","has-post-thumbnail","hentry","tag-centros-de-estudios","taxonomia_centro_universitario-centros-de-estudios"],"_links":{"self":[{"href":"https:\/\/www.ull.es\/la-universidad\/fr\/wp-json\/wp\/v2\/centros\/11942","targetHints":{"allow":["GET"]}}],"collection":[{"href":"https:\/\/www.ull.es\/la-universidad\/fr\/wp-json\/wp\/v2\/centros"}],"about":[{"href":"https:\/\/www.ull.es\/la-universidad\/fr\/wp-json\/wp\/v2\/types\/centros"}],"version-history":[{"count":3,"href":"https:\/\/www.ull.es\/la-universidad\/fr\/wp-json\/wp\/v2\/centros\/11942\/revisions"}],"predecessor-version":[{"id":16683,"href":"https:\/\/www.ull.es\/la-universidad\/fr\/wp-json\/wp\/v2\/centros\/11942\/revisions\/16683"}],"wp:featuredmedia":[{"embeddable":true,"href":"https:\/\/www.ull.es\/la-universidad\/fr\/wp-json\/wp\/v2\/media\/12944"}],"wp:attachment":[{"href":"https:\/\/www.ull.es\/la-universidad\/fr\/wp-json\/wp\/v2\/media?parent=11942"}],"wp:term":[{"taxonomy":"post_tag","embeddable":true,"href":"https:\/\/www.ull.es\/la-universidad\/fr\/wp-json\/wp\/v2\/tags?post=11942"}],"curies":[{"name":"wp","href":"https:\/\/api.w.org\/{rel}","templated":true}]}}

Centre d&#039;études interdisciplinaires latino-américaines (CEILAM)

<div class="wp-block-stackable-columns stk-block-columns stk-block stk-b1c44ed" data-block-id="b1c44ed"><div class="stk-row stk-inner-blocks stk-block-content stk-content-align stk-b1c44ed-column">
<div class="wp-block-stackable-column stk-block-column stk-column stk-block stk-5f27b18" data-v="4" data-block-id="5f27b18"><style>@media screen and (min-width:768px){.stk-5f27b18{flex:var(--stk-flex-grow,1) 1 calc(33.33400000000002% - var(--stk-column-gap,0px) * 1 / 2 ) !important}}</style><div class="stk-column-wrapper stk-block-column__content stk-container stk-5f27b18-container stk--no-background stk--no-padding"><div class="stk-block-content stk-inner-blocks stk-5f27b18-inner-blocks">
    <img decoding="async" src="https://www.ull.es/la-universidad/wp-content/uploads/sites/2/2018/05/imagen-centro-4.jpg">

<ul class="widget-contacto">
    <li><i class="fa fa-map-marker"></i> C/ Prof. José Luis Moreno Becerra, s/n. Faculté des Lettres. Section Philosophie. Bâtiment départemental. Boîte postale 456. Code postal 38200. San Cristóbal de La Laguna. S/C de Tenerife</li><li><i class="fa fa-phone"></i> (+34) 922 31 78 82</li><li><i class="fa fa-envelope"></i>  <a href="mailto:asierrgo@ull.es">asierrgo@ull.es</a></li></ul>





    
<style>
    .google-maps {
        position: relative;
        padding-bottom: 75%;
        height: 0;
        overflow: hidden;
    }
    .google-maps iframe {
        position: absolute;
        top: 0;
        left: 0;
        width: 100% !important;
        height: 100% !important;
    }
</style>


<div class="google-maps">
    <iframe src="https://www.openstreetmap.org/export/embed.html?bbox=-16.30583017411%2C28.46383004426%2C-16.29968636452%2C28.46964226654&amp;layer=mapnik&amp;marker=28.468013%2C-16.303004" style="border: 1px solid black"></iframe>
</div>

<div class="btn-widget">
    <a href="https://www.openstreetmap.org/directions?engine=graphhopper_car&from=&to=28.468013%2C-16.303004#map=17/28.468013/-16.303004">Comment s&#039;y rendre</a>  
</div>

  </body>
</html>


</div></div></div>



<div class="wp-block-stackable-column stk-block-column stk-column stk-block stk-83928ed" data-v="4" data-block-id="83928ed"><style>@media screen and (min-width:768px){.stk-83928ed{flex:var(--stk-flex-grow,1) 1 calc(66.666% - var(--stk-column-gap,0px) * 1 / 2 ) !important}}</style><div class="stk-column-wrapper stk-block-column__content stk-container stk-83928ed-container stk--no-background stk--no-padding"><div class="stk-block-content stk-inner-blocks stk-83928ed-inner-blocks">

<h1>Centre d&#039;études interdisciplinaires latino-américaines (CEILAM)</h1>









<div class="wp-block-stackable-spacer stk-block-spacer stk--no-padding stk-block stk-e8660e6" data-block-id="e8660e6"><style>.stk-e8660e6{height:35px !important}</style></div>




<style>
    .shortcode-equipo h2 {
        margin-bottom: 10px !important;
    }
</style>

<div class="shortcode-equipo">
    <h2>Équipe de direction</h2><dl><dt><strong>Directeur</strong></dt><dd> <a href='https://www.ull.es/directorio/search/?busqueda=Ángela Sierra González' target='_blank'>Angela Sierra Gonzalez</a></dd><dt><strong>directeur adjoint</strong></dt><dd> <a href='https://www.ull.es/directorio/search/?busqueda=Mª Lourdes C. González-Luis' target='_blank'>Mª Lourdes C. González-Luis</a></dd><dt><strong>Secrétaire</strong></dt><dd> <a href='https://www.ull.es/directorio/search/?busqueda=Pedro Pérera Méndez' target='_blank'>Pedro Perera Méndez</a></dd></dl>
</div>

</div></div></div>
</div></div>
