{"id":17616,"date":"2025-02-06T13:25:08","date_gmt":"2025-02-06T13:25:08","guid":{"rendered":"https:\/\/www.ull.es\/la-universidad\/?post_type=centros&#038;p=17616"},"modified":"2025-02-06T13:30:34","modified_gmt":"2025-02-06T13:30:34","slug":"centro-estudios-economia-latinoamericana","status":"publish","type":"centros","link":"https:\/\/www.ull.es\/la-universidad\/fr\/facultades-centros-departamentos\/centro-estudios-economia-latinoamericana\/","title":{"rendered":"Centre d&#039;\u00e9tudes \u00e9conomiques latino-am\u00e9ricaines \u2013 Jos\u00e9 Luis Moreno Becerra"},"content":{"rendered":"<div class=\"wp-block-stackable-columns stk-block-columns stk-block stk-ee16c92\" data-block-id=\"ee16c92\"><style>.stk-ee16c92-column{--stk-column-gap:50px !important;}<\/style><div class=\"stk-row stk-inner-blocks stk-block-content stk-content-align stk-ee16c92-column\">\n<div class=\"wp-block-stackable-column stk-block-column stk-column stk-block stk-8019e90\" data-v=\"4\" data-block-id=\"8019e90\"><style>@media screen and (min-width: 768px){.stk-8019e90 {flex:var(--stk-flex-grow, 1) 1 calc(33.33400000000002% - var(--stk-column-gap, 0px) * 1 \/ 2 ) !important;}}<\/style><div class=\"stk-column-wrapper stk-block-column__content stk-container stk-8019e90-container stk--no-background stk--no-padding\"><div class=\"stk-block-content stk-inner-blocks stk-8019e90-inner-blocks\">\n<div class=\"wp-block-stackable-image stk-block-image stk-block stk-a3e0947\" data-block-id=\"a3e0947\"><figure><span class=\"stk-img-wrapper stk-image--shape-stretch\"><img loading=\"lazy\" decoding=\"async\" class=\"stk-img wp-image-12895\" src=\"https:\/\/www.ull.es\/la-universidad\/wp-content\/uploads\/sites\/2\/2018\/05\/imagen-centro-6.jpg\" width=\"1000\" height=\"600\" srcset=\"https:\/\/www.ull.es\/la-universidad\/wp-content\/uploads\/sites\/2\/2018\/05\/imagen-centro-6.jpg 1000w, https:\/\/www.ull.es\/la-universidad\/wp-content\/uploads\/sites\/2\/2018\/05\/imagen-centro-6-300x180.jpg 300w, https:\/\/www.ull.es\/la-universidad\/wp-content\/uploads\/sites\/2\/2018\/05\/imagen-centro-6-768x461.jpg 768w, https:\/\/www.ull.es\/la-universidad\/wp-content\/uploads\/sites\/2\/2018\/05\/imagen-centro-6-375x225.jpg 375w, https:\/\/www.ull.es\/la-universidad\/wp-content\/uploads\/sites\/2\/2018\/05\/imagen-centro-6-750x450.jpg 750w\" sizes=\"auto, (max-width: 1000px) 100vw, 1000px\" \/><\/span><\/figure><\/div>\n\n\n\n    <img decoding=\"async\" src=\"https:\/\/www.ull.es\/la-universidad\/wp-content\/uploads\/sites\/2\/2018\/05\/imagen-centro-6.jpg\">\n\n<ul class=\"widget-contacto\">\n    <li><i class=\"fa fa-envelope\"><\/i>  <a href=\"mailto:centrocedel@ull.edu.es\">centrocedel@ull.edu.es<\/a><\/li><\/ul>\n\n\n\n\n\n<\/div><\/div><\/div>\n\n\n\n<div class=\"wp-block-stackable-column stk-block-column stk-column stk-block stk-bc7abd0\" data-v=\"4\" data-block-id=\"bc7abd0\"><style>@media screen and (min-width: 768px){.stk-bc7abd0 {flex:var(--stk-flex-grow, 1) 1 calc(66.666% - var(--stk-column-gap, 0px) * 1 \/ 2 ) !important;}}<\/style><div class=\"stk-column-wrapper stk-block-column__content stk-container stk-bc7abd0-container stk--no-background stk--no-padding\"><div class=\"stk-block-content stk-inner-blocks stk-bc7abd0-inner-blocks\">\n\n<h1>Centre d&#039;\u00e9tudes \u00e9conomiques latino-am\u00e9ricaines - Jos\u00e9 Luis Moreno Becerra<\/h1>\n\n\n\n\n\n\n<div class=\"shortcode-descripcion\">\n    <p>L&#039;objectif principal du Centre d&#039;\u00e9tudes \u00e9conomiques latino-am\u00e9ricaines Jos\u00e9 Luis Moreno Becerra de l&#039;Universit\u00e9 de La Laguna, Tenerife (CEdEL) est de faciliter l&#039;organisation, la coordination, la mise en \u0153uvre et la promotion d&#039;\u00e9tudes et d&#039;activit\u00e9s li\u00e9es aux \u00e9conomies des pays d&#039;Am\u00e9rique latine dans un cadre interdisciplinaire. Dans un contexte d&#039;\u00e9change de connaissances entre les communaut\u00e9s scientifiques canariennes et latino-am\u00e9ricaines, le CEdEL vise \u00e0 \u00eatre un point de r\u00e9f\u00e9rence et d&#039;excellence dans la recherche et la diffusion de r\u00e9sultats d&#039;int\u00e9r\u00eat pour ces communaut\u00e9s et pour le d\u00e9veloppement de relations \u00e9conomiques.<\/p><\/div>\n\n\n\n\n\n<div class=\"wp-block-stackable-spacer stk-block-spacer stk--no-padding stk-block stk-a795e8f\" data-block-id=\"a795e8f\"><style>.stk-a795e8f {height:30px !important;}<\/style><\/div>\n\n\n\n\n<style>\n    .shortcode-equipo h2 {\n        margin-bottom: 10px !important;\n    }\n<\/style>\n\n<div class=\"shortcode-equipo\">\n    <h2>\u00c9quipe de direction<\/h2><dl><dt><strong>Directeur<\/strong><\/dt><dd> <a href='https:\/\/www.ull.es\/directorio\/search\/?busqueda=Manuel Talamante P\u00e9rez' target='_blank'>Manuel Talamante P\u00e9rez<\/a><\/dd><dt><strong>Secr\u00e9tariat<\/strong><\/dt><dd> <a href='https:\/\/www.ull.es\/directorio\/search\/?busqueda=Tatiana David Negre' target='_blank'>Tatiana David Negre<\/a><\/dd><\/dl>\n<\/div>\n\n<\/div><\/div><\/div>\n<\/div><\/div>","protected":false},"featured_media":12895,"parent":0,"menu_order":0,"template":"","tags":[83],"class_list":["post-17616","centros","type-centros","status-publish","has-post-thumbnail","hentry","tag-centros-de-estudios","taxonomia_centro_universitario-centros-de-estudios"],"_links":{"self":[{"href":"https:\/\/www.ull.es\/la-universidad\/fr\/wp-json\/wp\/v2\/centros\/17616","targetHints":{"allow":["GET"]}}],"collection":[{"href":"https:\/\/www.ull.es\/la-universidad\/fr\/wp-json\/wp\/v2\/centros"}],"about":[{"href":"https:\/\/www.ull.es\/la-universidad\/fr\/wp-json\/wp\/v2\/types\/centros"}],"version-history":[{"count":3,"href":"https:\/\/www.ull.es\/la-universidad\/fr\/wp-json\/wp\/v2\/centros\/17616\/revisions"}],"predecessor-version":[{"id":17620,"href":"https:\/\/www.ull.es\/la-universidad\/fr\/wp-json\/wp\/v2\/centros\/17616\/revisions\/17620"}],"wp:featuredmedia":[{"embeddable":true,"href":"https:\/\/www.ull.es\/la-universidad\/fr\/wp-json\/wp\/v2\/media\/12895"}],"wp:attachment":[{"href":"https:\/\/www.ull.es\/la-universidad\/fr\/wp-json\/wp\/v2\/media?parent=17616"}],"wp:term":[{"taxonomy":"post_tag","embeddable":true,"href":"https:\/\/www.ull.es\/la-universidad\/fr\/wp-json\/wp\/v2\/tags?post=17616"}],"curies":[{"name":"wp","href":"https:\/\/api.w.org\/{rel}","templated":true}]}}

Centre d&#039;études économiques latino-américaines – José Luis Moreno Becerra

<div class="wp-block-stackable-columns stk-block-columns stk-block stk-ee16c92" data-block-id="ee16c92"><style>.stk-ee16c92-column{--stk-column-gap:50px !important;}</style><div class="stk-row stk-inner-blocks stk-block-content stk-content-align stk-ee16c92-column">
<div class="wp-block-stackable-column stk-block-column stk-column stk-block stk-8019e90" data-v="4" data-block-id="8019e90"><style>@media screen and (min-width: 768px){.stk-8019e90 {flex:var(--stk-flex-grow, 1) 1 calc(33.33400000000002% - var(--stk-column-gap, 0px) * 1 / 2 ) !important;}}</style><div class="stk-column-wrapper stk-block-column__content stk-container stk-8019e90-container stk--no-background stk--no-padding"><div class="stk-block-content stk-inner-blocks stk-8019e90-inner-blocks">
<div class="wp-block-stackable-image stk-block-image stk-block stk-a3e0947" data-block-id="a3e0947"><figure><span class="stk-img-wrapper stk-image--shape-stretch"><img loading="lazy" decoding="async" class="stk-img wp-image-12895" src="https://www.ull.es/la-universidad/wp-content/uploads/sites/2/2018/05/imagen-centro-6.jpg" width="1000" height="600" srcset="https://www.ull.es/la-universidad/wp-content/uploads/sites/2/2018/05/imagen-centro-6.jpg 1000w, https://www.ull.es/la-universidad/wp-content/uploads/sites/2/2018/05/imagen-centro-6-300x180.jpg 300w, https://www.ull.es/la-universidad/wp-content/uploads/sites/2/2018/05/imagen-centro-6-768x461.jpg 768w, https://www.ull.es/la-universidad/wp-content/uploads/sites/2/2018/05/imagen-centro-6-375x225.jpg 375w, https://www.ull.es/la-universidad/wp-content/uploads/sites/2/2018/05/imagen-centro-6-750x450.jpg 750w" sizes="auto, (max-width: 1000px) 100vw, 1000px" /></span></figure></div>



    <img decoding="async" src="https://www.ull.es/la-universidad/wp-content/uploads/sites/2/2018/05/imagen-centro-6.jpg">

<ul class="widget-contacto">
    <li><i class="fa fa-envelope"></i>  <a href="mailto:centrocedel@ull.edu.es">centrocedel@ull.edu.es</a></li></ul>





</div></div></div>



<div class="wp-block-stackable-column stk-block-column stk-column stk-block stk-bc7abd0" data-v="4" data-block-id="bc7abd0"><style>@media screen and (min-width: 768px){.stk-bc7abd0 {flex:var(--stk-flex-grow, 1) 1 calc(66.666% - var(--stk-column-gap, 0px) * 1 / 2 ) !important;}}</style><div class="stk-column-wrapper stk-block-column__content stk-container stk-bc7abd0-container stk--no-background stk--no-padding"><div class="stk-block-content stk-inner-blocks stk-bc7abd0-inner-blocks">

<h1>Centre d&#039;études économiques latino-américaines - José Luis Moreno Becerra</h1>






<div class="shortcode-descripcion">
    <p>L&#039;objectif principal du Centre d&#039;études économiques latino-américaines José Luis Moreno Becerra de l&#039;Université de La Laguna, Tenerife (CEdEL) est de faciliter l&#039;organisation, la coordination, la mise en œuvre et la promotion d&#039;études et d&#039;activités liées aux économies des pays d&#039;Amérique latine dans un cadre interdisciplinaire. Dans un contexte d&#039;échange de connaissances entre les communautés scientifiques canariennes et latino-américaines, le CEdEL vise à être un point de référence et d&#039;excellence dans la recherche et la diffusion de résultats d&#039;intérêt pour ces communautés et pour le développement de relations économiques.</p></div>





<div class="wp-block-stackable-spacer stk-block-spacer stk--no-padding stk-block stk-a795e8f" data-block-id="a795e8f"><style>.stk-a795e8f {height:30px !important;}</style></div>




<style>
    .shortcode-equipo h2 {
        margin-bottom: 10px !important;
    }
</style>

<div class="shortcode-equipo">
    <h2>Équipe de direction</h2><dl><dt><strong>Directeur</strong></dt><dd> <a href='https://www.ull.es/directorio/search/?busqueda=Manuel Talamante Pérez' target='_blank'>Manuel Talamante Pérez</a></dd><dt><strong>Secrétariat</strong></dt><dd> <a href='https://www.ull.es/directorio/search/?busqueda=Tatiana David Negre' target='_blank'>Tatiana David Negre</a></dd></dl>
</div>

</div></div></div>
</div></div>
