{"id":13667,"date":"2019-05-28T08:59:00","date_gmt":"2019-05-28T08:59:00","guid":{"rendered":"https:\/\/www.ull.es\/la-universidad\/?page_id=13667"},"modified":"2024-12-23T08:36:13","modified_gmt":"2024-12-23T08:36:13","slug":"segunda-vuelta-seguimiento-de-participacion-y-anticipo-de-resultados","status":"publish","type":"page","link":"https:\/\/www.ull.es\/la-universidad\/fr\/segunda-vuelta-seguimiento-de-participacion-y-anticipo-de-resultados\/","title":{"rendered":"Deuxi\u00e8me tour : Suivi de la participation et des r\u00e9sultats finaux"},"content":{"rendered":"<div class=\"wp-block-stackable-heading stk-block-heading stk-block-heading--v2 stk-block stk-83f8005\" id=\"seguimiento-de-participacion-y-resultados-definitivos\" data-block-id=\"83f8005\"><h2 class=\"stk-block-heading__text\">Suivi de la participation et des r\u00e9sultats finaux<\/h2><\/div>\n\n\n\n<ul class=\"wp-block-list\">\n<li><a href=\"https:\/\/drive.google.com\/file\/d\/1Orikz1f_M7uCTZWNuD6jpKVS5ZxRe97Q\/view?usp=sharing\" target=\"_blank\" rel=\"noreferrer noopener\">Suivi de la participation et des r\u00e9sultats finaux<\/a><\/li>\n\n\n\n<li><a href=\"https:\/\/riull.ull.es\/xmlui\/bitstream\/handle\/915\/14258\/39_Resoluci%c3%b3n%20N%c2%ba39-2019_%20Nombramiento%20definitivo%20de%20Rectora%20Electa_FIRMADA.pdf\" target=\"_blank\" rel=\"noreferrer noopener\">R\u00e9solution n\u00b0 39\/2019, de la Commission \u00e9lectorale g\u00e9n\u00e9rale de l&#039;Universit\u00e9 de La Laguna, du 4 juin 2019, approuvant les r\u00e9sultats d\u00e9finitifs du deuxi\u00e8me tour des \u00e9lections du recteur de 2019<\/a><\/li>\n<\/ul>","protected":false},"excerpt":{"rendered":"<p>Suivi de la participation et des r\u00e9sultats finaux<\/p>","protected":false},"author":30,"featured_media":0,"parent":0,"menu_order":0,"comment_status":"closed","ping_status":"closed","template":"templates\/template-frontpage.php","meta":{"footnotes":""},"class_list":["post-13667","page","type-page","status-publish","hentry"],"_links":{"self":[{"href":"https:\/\/www.ull.es\/la-universidad\/fr\/wp-json\/wp\/v2\/pages\/13667","targetHints":{"allow":["GET"]}}],"collection":[{"href":"https:\/\/www.ull.es\/la-universidad\/fr\/wp-json\/wp\/v2\/pages"}],"about":[{"href":"https:\/\/www.ull.es\/la-universidad\/fr\/wp-json\/wp\/v2\/types\/page"}],"author":[{"embeddable":true,"href":"https:\/\/www.ull.es\/la-universidad\/fr\/wp-json\/wp\/v2\/users\/30"}],"replies":[{"embeddable":true,"href":"https:\/\/www.ull.es\/la-universidad\/fr\/wp-json\/wp\/v2\/comments?post=13667"}],"version-history":[{"count":5,"href":"https:\/\/www.ull.es\/la-universidad\/fr\/wp-json\/wp\/v2\/pages\/13667\/revisions"}],"predecessor-version":[{"id":16583,"href":"https:\/\/www.ull.es\/la-universidad\/fr\/wp-json\/wp\/v2\/pages\/13667\/revisions\/16583"}],"wp:attachment":[{"href":"https:\/\/www.ull.es\/la-universidad\/fr\/wp-json\/wp\/v2\/media?parent=13667"}],"curies":[{"name":"wp","href":"https:\/\/api.w.org\/{rel}","templated":true}]}}

Deuxième tour : Suivi de la participation et des résultats finaux

<div class="wp-block-stackable-heading stk-block-heading stk-block-heading--v2 stk-block stk-83f8005" id="seguimiento-de-participacion-y-resultados-definitivos" data-block-id="83f8005"><h2 class="stk-block-heading__text">Suivi de la participation et des résultats finaux</h2></div>



<ul class="wp-block-list">
<li><a href="https://drive.google.com/file/d/1Orikz1f_M7uCTZWNuD6jpKVS5ZxRe97Q/view?usp=sharing" target="_blank" rel="noreferrer noopener">Suivi de la participation et des résultats finaux</a></li>



<li><a href="https://riull.ull.es/xmlui/bitstream/handle/915/14258/39_Resoluci%c3%b3n%20N%c2%ba39-2019_%20Nombramiento%20definitivo%20de%20Rectora%20Electa_FIRMADA.pdf" target="_blank" rel="noreferrer noopener">Résolution n° 39/2019, de la Commission électorale générale de l&#039;Université de La Laguna, du 4 juin 2019, approuvant les résultats définitifs du deuxième tour des élections du recteur de 2019</a></li>
</ul>

<p>Suivi de la participation et des résultats finaux</p>
