{"id":17393,"date":"2025-01-20T09:29:20","date_gmt":"2025-01-20T09:29:20","guid":{"rendered":"https:\/\/www.ull.es\/la-universidad\/?page_id=17393"},"modified":"2025-03-05T15:32:34","modified_gmt":"2025-03-05T15:32:34","slug":"laudatio-londa-schiebinger","status":"publish","type":"page","link":"https:\/\/www.ull.es\/la-universidad\/honoris-causa\/londa-schiebinger\/laudatio-londa-schiebinger\/","title":{"rendered":"Laudatio"},"content":{"rendered":"\n<div class=\"wp-block-stackable-columns alignfull stk-block-columns stk-block stk-bf13746 stk-block-background stk--has-background-overlay\" data-block-id=\"bf13746\"><style>.stk-bf13746 .stk--block-align-bf13746{align-items:center !important;}.stk-bf13746 {background-image:url(https:\/\/www.ull.es\/la-universidad\/wp-content\/uploads\/sites\/2\/2025\/01\/Londa-Schiebinger_EDITADA.jpg) !important;background-position:top center !important;background-repeat:no-repeat !important;background-size:cover !important;padding-bottom:15% !important;margin-top:-2% !important;margin-bottom:0% !important;}<\/style><div class=\"stk-row stk-inner-blocks stk--block-align-bf13746 stk-block-content stk-content-align stk-bf13746-column alignfull\">\n<div class=\"wp-block-stackable-column stk-block-column stk-column stk-block stk-52369c8\" data-v=\"4\" data-block-id=\"52369c8\"><div class=\"stk-column-wrapper stk-block-column__content stk-container stk-52369c8-container stk--no-background stk--no-padding\"><div class=\"stk-block-content stk-inner-blocks stk-52369c8-inner-blocks\">\n<div class=\"wp-block-stackable-columns alignfull stk-block-columns stk-block stk-09efffd\" data-block-id=\"09efffd\"><style>.stk-09efffd {padding-top:3% !important;padding-right:30% !important;}<\/style><div class=\"stk-row stk-inner-blocks stk-block-content stk-content-align stk-09efffd-column alignfull\">\n<div class=\"wp-block-stackable-column stk-block-column stk-column stk-block stk-079e619\" data-v=\"4\" data-block-id=\"079e619\"><div class=\"stk-column-wrapper stk-block-column__content stk-container stk-079e619-container stk--no-background stk--no-padding\"><div class=\"stk-block-content stk-inner-blocks stk-079e619-inner-blocks\">\n<div class=\"wp-block-stackable-image aligncenter stk-block-image has-text-align-left stk-block stk-bcd1559\" data-block-id=\"bcd1559\"><style>.stk-bcd1559 .stk-img-wrapper{width:40% !important;}<\/style><figure><span class=\"stk-img-wrapper stk-image--shape-stretch\"><img loading=\"lazy\" decoding=\"async\" class=\"stk-img wp-image-17362\" src=\"https:\/\/www.ull.es\/la-universidad\/wp-content\/uploads\/sites\/2\/2025\/01\/Mockup-web-honoris-causa-25.png\" width=\"581\" height=\"148\" srcset=\"https:\/\/www.ull.es\/la-universidad\/wp-content\/uploads\/sites\/2\/2025\/01\/Mockup-web-honoris-causa-25.png 581w, https:\/\/www.ull.es\/la-universidad\/wp-content\/uploads\/sites\/2\/2025\/01\/Mockup-web-honoris-causa-25-300x76.png 300w, https:\/\/www.ull.es\/la-universidad\/wp-content\/uploads\/sites\/2\/2025\/01\/Mockup-web-honoris-causa-25-375x96.png 375w\" sizes=\"auto, (max-width: 581px) 100vw, 581px\" \/><\/span><\/figure><\/div>\n<\/div><\/div><\/div>\n<\/div><\/div>\n<\/div><\/div><\/div>\n<\/div><\/div>\n\n\n\n<div class=\"wp-block-stackable-columns alignfull stk-block-columns stk-block stk-593da1e\" data-block-id=\"593da1e\"><style>.stk-593da1e {margin-top:-4% !important;}<\/style><div class=\"stk-row stk-inner-blocks stk-block-content stk-content-align stk-593da1e-column alignfull\">\n<div class=\"wp-block-stackable-column stk-block-column stk-column stk-block stk-614a277\" data-v=\"4\" data-block-id=\"614a277\"><div class=\"stk-column-wrapper stk-block-column__content stk-container stk-614a277-container stk--no-background stk--no-padding\"><div class=\"stk-block-content stk-inner-blocks stk-614a277-inner-blocks\">\n<div class=\"wp-block-stackable-columns alignwide stk-block-columns stk-block stk-2fea7a6\" data-block-id=\"2fea7a6\"><style>.stk-2fea7a6 {padding-right:5% !important;padding-left:5% !important;}.stk-2fea7a6-column{--stk-columns-spacing:12px !important;--stk-column-gap:50px !important;}<\/style><div class=\"stk-row stk-inner-blocks stk-block-content stk-content-align stk-2fea7a6-column alignwide\">\n<div class=\"wp-block-stackable-column stk-block-column stk-column stk-block stk-2f0dfa9\" data-v=\"4\" data-block-id=\"2f0dfa9\"><style>@media screen and (min-width: 768px){.stk-2f0dfa9 {flex:var(--stk-flex-grow, 1) 1 calc(60% - var(--stk-column-gap, 0px) * 1 \/ 2 ) !important;}}<\/style><div class=\"stk-column-wrapper stk-block-column__content stk-container stk-2f0dfa9-container stk--no-background stk--no-padding\"><div class=\"stk-block-content stk-inner-blocks stk-2f0dfa9-inner-blocks\">\n<div class=\"wp-block-stackable-text stk-block-text stk-block stk-53d2046\" data-block-id=\"53d2046\"><p class=\"stk-block-text__text\"><a href=\"https:\/\/www.ull.es\/la-universidad\/honoris-causa\/\" target=\"_blank\" rel=\"noreferrer noopener\" target=\"_blank\" rel=\"noopener\">Honoris Causa<\/a>&nbsp;\u00bb&nbsp;<a href=\"https:\/\/www.ull.es\/la-universidad\/honoris-causa\/londa-schiebinger\/\" target=\"_blank\" rel=\"noreferrer noopener\" target=\"_blank\" rel=\"noopener\">Londa Schiebinger<\/a>&nbsp;\u00bb&nbsp;Laudatio<\/p><\/div>\n\n\n\n<div class=\"wp-block-stackable-image stk-block-image has-text-align-left stk-block stk-bade6cd\" data-block-id=\"bade6cd\"><style>.stk-bade6cd .stk-img-wrapper{width:100% !important;}<\/style><figure><span class=\"stk-img-wrapper stk-image--shape-stretch\"><img loading=\"lazy\" decoding=\"async\" class=\"stk-img wp-image-17257\" src=\"https:\/\/www.ull.es\/la-universidad\/wp-content\/uploads\/sites\/2\/2025\/01\/Mockup-web-honoris-causa_Trayectoria.png\" width=\"692\" height=\"138\" srcset=\"https:\/\/www.ull.es\/la-universidad\/wp-content\/uploads\/sites\/2\/2025\/01\/Mockup-web-honoris-causa_Trayectoria.png 692w, https:\/\/www.ull.es\/la-universidad\/wp-content\/uploads\/sites\/2\/2025\/01\/Mockup-web-honoris-causa_Trayectoria-300x60.png 300w, https:\/\/www.ull.es\/la-universidad\/wp-content\/uploads\/sites\/2\/2025\/01\/Mockup-web-honoris-causa_Trayectoria-375x75.png 375w\" sizes=\"auto, (max-width: 692px) 100vw, 692px\" \/><\/span><\/figure><\/div>\n\n\n\n<div class=\"wp-block-stackable-text stk-block-text stk-block stk-8a32b18\" data-block-id=\"8a32b18\"><style>.stk-8a32b18 {margin-bottom:10px !important;}<\/style><p class=\"stk-block-text__text\">Londa Schiebinger es catedr\u00e1tica de Historia de la Ciencia de la Universidad de Stanford. Obtuvo su doctorado en la Universidad de Harvard, en 1984. Es miembro electo de la Academia Americana de las Artes y las Ciencias. Ha recibido ya varios doctorados 5 honoris causa (de la Universidad Libre de Bruselas, en 2013, de la Facultad de Ciencias de la Universidad de Lund, Suecia, en 2017 y la Universidad de Valencia en 2018). <\/p><\/div>\n\n\n\n<div class=\"wp-block-stackable-text stk-block-text stk-block stk-e85552f\" data-block-id=\"e85552f\"><style>.stk-e85552f {margin-bottom:10px !important;}<\/style><p class=\"stk-block-text__text\">Es una eminencia internacional en materia de g\u00e9nero y ciencia. Fue la primera mujer en lograr el premio Alexander Humboldt de investigaci\u00f3n, entre otros prestigiosos reconocimientos. Es una destacada investigadora en los Estudios de Ciencia, Tecnolog\u00eda y G\u00e9nero, dirige el programa Gendered Innovations in Science, Health &amp; Medicine, Engineering and Environment, financiado por la Uni\u00f3n Europea y los Estados Unidos. <\/p><\/div>\n\n\n\n<div class=\"wp-block-stackable-text stk-block-text stk-block stk-1c7347c\" data-block-id=\"1c7347c\"><style>.stk-1c7347c {margin-bottom:10px !important;}<\/style><p class=\"stk-block-text__text\">Su investigaci\u00f3n se ha centrado en la historia de la participaci\u00f3n de la mujer en la ciencia, el g\u00e9nero en la estructura de las investigaciones cient\u00edficas y el g\u00e9nero del conocimiento humano, siendo una autoridad internacional reconocida en g\u00e9nero y ciencia. <\/p><\/div>\n\n\n\n<div class=\"wp-block-stackable-text stk-block-text stk-block stk-4068788\" data-block-id=\"4068788\"><style>.stk-4068788 {margin-bottom:10px !important;}<\/style><p class=\"stk-block-text__text\">Con una formaci\u00f3n acad\u00e9mica s\u00f3lida y una carrera prol\u00edfica, la Dra. Schiebinger ha contribuido significativamente a la comprensi\u00f3n y mejora de la inclusi\u00f3n de g\u00e9nero en la ciencia y la tecnolog\u00eda.<\/p><\/div>\n\n\n\n<div class=\"wp-block-stackable-text stk-block-text stk-block stk-971dbcd\" data-block-id=\"971dbcd\"><style>.stk-971dbcd {margin-bottom:10px !important;}<\/style><p class=\"stk-block-text__text\">Como Ingeniera Inform\u00e1tica e investigadora destacar\u00e9 la contribuci\u00f3n de la Dra. Schiebinger con su proyecto \u201cGendered Innovations\u201d, t\u00e9rmino tambi\u00e9n acu\u00f1ado por ella en 2005, para desarrollar m\u00e9todos pr\u00e1cticos de an\u00e1lisis de sexo, g\u00e9nero e interseccionalidad en la ciencia e ingenier\u00eda y proporcionar estudios de caso que ilustran c\u00f3mo el an\u00e1lisis de sexo, g\u00e9nero e interseccionalidad conducen a la innovaci\u00f3n.  Este proyecto comenz\u00f3 en la Universidad de Stanford en julio de 2009 y se expandi\u00f3 con financiamiento de la Comisi\u00f3n Europea y la Fundaci\u00f3n Nacional de Ciencias de EEUU (NSF).<\/p><\/div>\n\n\n\n<div class=\"wp-block-stackable-text stk-block-text stk-block stk-b4a0390\" data-block-id=\"b4a0390\"><style>.stk-b4a0390 {margin-bottom:10px !important;}<\/style><p class=\"stk-block-text__text\">Desde 2011, m\u00e1s de 225 expertos de Europa, EEUU, Canad\u00e1 y Asia han colaborado en talleres interdisciplinarios para desarrollar estudios de caso revisados por pares y m\u00e9todos aplicables en distintas disciplinas, ha colaborado e influido en instituciones como el Parlamento Europeo, la ONU y la Cumbre de G\u00e9nero en Asia-Pac\u00edfico. Ha demostrado como el an\u00e1lisis de sexo, g\u00e9nero e interseccionalidad puede fomentar la innovaci\u00f3n y que considerar estas perspectivas puede a\u00f1adir dimensiones valiosas a la investigaci\u00f3n y abrir nuevas direcciones en el \u00e1mbito cient\u00edfico. Para un resumen sobre este enfoque se puede consultar en \u201cSex and Gender Analysis Improves Science and Engineering\u201d, publicado en Nature (2019).<\/p><\/div>\n\n\n\n<div class=\"wp-block-stackable-text stk-block-text stk-block stk-0de3193\" data-block-id=\"0de3193\"><style>.stk-0de3193 {margin-bottom:10px !important;}<\/style><p class=\"stk-block-text__text\">En el portal Gendered Innovations nos muestra diferentes ejemplos de como el hacer investigaciones de forma incorrecta cuesta vidas y dinero. Por ejemplo, entre 1997 y 2000, 10 medicamentos fueron retirados del mercado en EEUU debido a efectos perjudiciales para la salud. Ocho de estos medicamentos representaban mayores riesgos para las mujeres que para los hombres. Adem\u00e1s de los costos multimillonarios asociados al desarrollo de f\u00e1rmacos, los fracasos causaron sufrimiento humano y muertes. En ingenier\u00eda, por ejemplo, ignorar a personas de baja estatura (muchas mujeres y tambi\u00e9n hombres) como conductores \u00abfuera de posici\u00f3n\u00bb aumenta el riesgo de lesiones en accidentes automovil\u00edsticos. En la visi\u00f3n por ordenador, los sistemas de reconocimiento facial entrenados con conjuntos de datos sesgados pueden no reconocer a mujeres, personas de piel m\u00e1s oscura o personas transg\u00e9nero, especialmente durante per\u00edodos de transici\u00f3n.<\/p><\/div>\n\n\n\n<div class=\"wp-block-stackable-text stk-block-text stk-block stk-1ecf2b3\" data-block-id=\"1ecf2b3\"><style>.stk-1ecf2b3 {margin-bottom:10px !important;}<\/style><p class=\"stk-block-text__text\">En investigaci\u00f3n b\u00e1sica, no usar muestras adecuadas de c\u00e9lulas, tejidos y animales masculinos y femeninos genera resultados defectuosos. En medicina, no reconocer la osteoporosis como una enfermedad masculina retrasa el diagn\u00f3stico y tratamiento en hombres. En planificaci\u00f3n urbana, no recopilar datos sobre el trabajo de cuidado genera sistemas de transporte ineficientes. Estos errores en investigaci\u00f3n pueden evitarse gracias a su enfoque, y realizar investigaciones correctamente puede salvar vidas y reducir costes. Las innovaciones con Perspectiva de G\u00e9nero ofrecen m\u00e9todos de an\u00e1lisis de sexo, g\u00e9nero e interseccionalidad y el integrar estos m\u00e9todos en la investigaci\u00f3n b\u00e1sica y aplicada mejora la excelencia en la ciencia, la medicina y la ingenier\u00eda, as\u00ed como en pol\u00edticas y pr\u00e1cticas.<\/p><\/div>\n\n\n\n<div class=\"wp-block-stackable-text stk-block-text stk-block stk-d704236\" data-block-id=\"d704236\"><style>.stk-d704236 {margin-bottom:10px !important;}<\/style><p class=\"stk-block-text__text\">Asimismo, en la era de la IA, la Dra. Schiebinger indaga c\u00f3mo las tecnolog\u00edas de aprendizaje autom\u00e1tico (ML, por sus siglas en ingl\u00e9s), como la puntuaci\u00f3n de riesgos, los sistemas de recomendaci\u00f3n, el reconocimiento de voz y el reconocimiento facial, operan en sociedades marcadas por discriminaciones estructurales como las de g\u00e9nero, raza y otras formas. Los sistemas de ML pueden reforzar estas estructuras de varias maneras, desde los sesgos humanos integrados en los datos de entrenamiento hasta decisiones conscientes o inconscientes en el dise\u00f1o de algoritmos.<\/p><\/div>\n\n\n\n<div class=\"wp-block-stackable-text stk-block-text stk-block stk-327ab68\" data-block-id=\"327ab68\"><style>.stk-327ab68 {margin-bottom:10px !important;}<\/style><p class=\"stk-block-text__text\">Comprender c\u00f3mo operan el g\u00e9nero, el sexo, la etnia y otros factores sociales en los algoritmos en contextos espec\u00edficos puede ayudar a los y las  investigadoras a tomar decisiones conscientes e informadas sobre c\u00f3mo su trabajo impacta a la sociedad. La Dra. Schiebinger recomienda prestar atenci\u00f3n a la interseccionalidad al evaluar modelos de ML potencialmente discriminatorios ya que algunas medidas de equidad pueden pasar por alto formas interseccionales de discriminaci\u00f3n (por ejemplo, \u201cmujeres negras\u201d, \u201chombres asi\u00e1ticos ancianos\u201d). Este an\u00e1lisis es esencial para crear sistemas de ML m\u00e1s equitativos, que mitiguen los sesgos sociales en lugar de reforzarlos.<\/p><\/div>\n\n\n\n<div class=\"wp-block-stackable-text stk-block-text stk-block stk-a2cd050\" data-block-id=\"a2cd050\"><style>.stk-a2cd050 {margin-bottom:10px !important;}<\/style><p class=\"stk-block-text__text\">Vemos como los gobiernos y universidades han adoptado tres enfoques estrat\u00e9gicos hacia la igualdad de g\u00e9nero, por un lado, hay que corregir los n\u00fameros, esto es, incrementar la participaci\u00f3n de mujeres y grupos subrepresentados, corregir las instituciones, lo que significa promover igualdad inclusiva en las carreras mediante cambios estructurales en las organizaciones de investigaci\u00f3n, y por \u00faltimo, y no menos importante, corregir el conocimiento, que significa, integrar el an\u00e1lisis de sexo, g\u00e9nero e interseccionalidad en la investigaci\u00f3n para la promover la excelencia en ciencia y tecnolog\u00eda. Ella se centra principalmente all\u00ed, en corregir el conocimiento, a\u00f1adiendo valor a la sociedad haciendo la investigaci\u00f3n m\u00e1s sensible a las necesidades sociales y creando una ciencia y tecnolog\u00eda responsable.<\/p><\/div>\n\n\n\n<div class=\"wp-block-stackable-text stk-block-text stk-block stk-bf17300\" data-block-id=\"bf17300\"><style>.stk-bf17300 {margin-bottom:10px !important;}<\/style><p class=\"stk-block-text__text\">Su contribuci\u00f3n al an\u00e1lisis de los sesgos de g\u00e9nero en las publicaciones cient\u00edficas tambi\u00e9n es notable. Como ejemplo, podemos citar la realizaci\u00f3n de un meta-an\u00e1lisis de m\u00e1s de un mill\u00f3n y medio de art\u00edculos con el objeto de estudiar la autor\u00eda y primera autor\u00eda de los mismos. Este trabajo ha llevado a las editoriales cient\u00edficas hacer propuestas de pol\u00edticas de g\u00e9nero en sus revistas. Estas propuestas se concretan en la publicaci\u00f3n en The Lancet, en 2016, de su art\u00edculo \u201cPol\u00edticas editoriales para el an\u00e1lisis de sexo y g\u00e9nero\u201d. <\/p><\/div>\n\n\n\n<div class=\"wp-block-stackable-text stk-block-text stk-block stk-19415cf\" data-block-id=\"19415cf\"><style>.stk-19415cf {margin-bottom:10px !important;}<\/style><p class=\"stk-block-text__text\">La Dra. Londa Schiebinger ha dedicado su vida a demostrar que una ciencia bien hecha es inclusiva, innovadora y profundamente humana. Sus contribuciones no solo han enriquecido el conocimiento acad\u00e9mico, sino que tambi\u00e9n han transformado la pr\u00e1ctica cient\u00edfica al colocar la justicia social en el centro del progreso tecnol\u00f3gico y cient\u00edfico. Su visi\u00f3n y liderazgo nos desaf\u00edan a repensar nuestras propias pr\u00e1cticas y a comprometernos con una ciencia responsable.<\/p><\/div>\n\n\n\n<div class=\"wp-block-stackable-text stk-block-text stk-block stk-28eb6a7\" data-block-id=\"28eb6a7\"><style>.stk-28eb6a7 {margin-bottom:10px !important;}<\/style><p class=\"stk-block-text__text\">Proponer su nombramiento como Doctora Honoris Causa no es solo un reconocimiento a sus m\u00e9ritos excepcionales, sino tambi\u00e9n un acto de afirmaci\u00f3n de los valores que ella representa. La Dra. Schiebinger nos invita a imaginar un futuro en el que la ciencia y la tecnolog\u00eda no solo respondan a las preguntas del presente, sino que tambi\u00e9n reflejen las esperanzas de un mundo m\u00e1s justo. Con admiraci\u00f3n, presento esta propuesta de DHC como un homenaje a una acad\u00e9mica cuya vida y obra son un faro de inspiraci\u00f3n para todos.<\/p><\/div>\n\n\n\n<div class=\"wp-block-stackable-text stk-block-text stk-block stk-a396d85\" data-block-id=\"a396d85\"><p class=\"stk-block-text__text has-text-align-right\"><strong>Carina Soledad Gonz\u00e1lez Gonz\u00e1lez<\/strong><\/p><\/div>\n<\/div><\/div><\/div>\n\n\n\n<div class=\"wp-block-stackable-column stk-block-column stk-column stk-block stk-25b306a\" data-v=\"4\" data-block-id=\"25b306a\"><style>.stk-25b306a {padding-top:15% !important;}@media screen and (min-width: 768px){.stk-25b306a {flex:var(--stk-flex-grow, 1) 1 calc(40% - var(--stk-column-gap, 0px) * 1 \/ 2 ) !important;}}<\/style><div class=\"stk-column-wrapper stk-block-column__content stk-container stk-25b306a-container stk--no-background stk--no-padding\"><div class=\"stk-block-content stk-inner-blocks stk-25b306a-inner-blocks\">\n<div class=\"wp-block-stackable-heading stk-block-heading stk-block-heading--v2 stk-block stk-85a5815 stk-block-background\" id=\"a-href-https-drive-google-com-file-d-1-c-c-0-5-bumz-6-bh-2-wu-sj-sr-b-yh-we-9-l-vi-b-1-view-usp-sharing-span-style-color-ffffff-class-stk-highlight-version-leida-en-el-acto-span-a\" data-block-id=\"85a5815\"><style>.stk-85a5815 {background-color:#ffc100 !important;padding-top:5% !important;padding-bottom:2% !important;margin-bottom:50px !important;}.stk-85a5815:before{background-color:#ffc100 !important;}.stk-85a5815 .stk-block-heading__text{color:#ffffff !important;font-weight:700 !important;}<\/style><h2 class=\"stk-block-heading__text has-text-color has-text-align-center\"><a href=\"https:\/\/drive.google.com\/file\/d\/1cC0-5bumz6Bh_2wu_SjSrBYhWE9lViB1\/view?usp=sharing\" target=\"_blank\" rel=\"noopener\"><span style=\"color: #ffffff;\" class=\"stk-highlight\">VERSI\u00d3N LE\u00cdDA EN EL ACTO<\/span><\/a><\/h2><\/div>\n\n\n\n<div class=\"wp-block-stackable-image stk-block-image stk-block stk-d1d7398\" data-block-id=\"d1d7398\"><style>.stk-d1d7398 .stk-img-wrapper{width:60% !important;}<\/style><figure><span class=\"stk-img-wrapper stk-image--shape-stretch\"><img loading=\"lazy\" decoding=\"async\" class=\"stk-img wp-image-17243\" src=\"https:\/\/www.ull.es\/la-universidad\/wp-content\/uploads\/sites\/2\/2025\/01\/Mockup-web-honoris-causa_Iconos.png\" width=\"276\" height=\"276\" srcset=\"https:\/\/www.ull.es\/la-universidad\/wp-content\/uploads\/sites\/2\/2025\/01\/Mockup-web-honoris-causa_Iconos.png 276w, https:\/\/www.ull.es\/la-universidad\/wp-content\/uploads\/sites\/2\/2025\/01\/Mockup-web-honoris-causa_Iconos-150x150.png 150w, https:\/\/www.ull.es\/la-universidad\/wp-content\/uploads\/sites\/2\/2025\/01\/Mockup-web-honoris-causa_Iconos-50x50.png 50w\" sizes=\"auto, (max-width: 276px) 100vw, 276px\" \/><\/span><\/figure><\/div>\n<\/div><\/div><\/div>\n<\/div><\/div>\n<\/div><\/div><\/div>\n<\/div><\/div>\n","protected":false},"excerpt":{"rendered":"<p>Honoris Causa&nbsp;\u00bb&nbsp;Londa Schiebinger&nbsp;\u00bb&nbsp;Laudatio Londa Schiebinger es catedr\u00e1tica de Historia de la Ciencia de la Universidad de Stanford. Obtuvo su doctorado en la Universidad de Harvard, en 1984. Es miembro electo de la Academia Americana de las Artes y las Ciencias. Ha recibido ya varios doctorados 5 honoris causa (de la Universidad Libre de Bruselas, en&#8230;<\/p>\n","protected":false},"author":67,"featured_media":0,"parent":17388,"menu_order":0,"comment_status":"closed","ping_status":"closed","template":"templates\/template-frontpage.php","meta":{"footnotes":""},"class_list":["post-17393","page","type-page","status-publish","hentry"],"_links":{"self":[{"href":"https:\/\/www.ull.es\/la-universidad\/wp-json\/wp\/v2\/pages\/17393","targetHints":{"allow":["GET"]}}],"collection":[{"href":"https:\/\/www.ull.es\/la-universidad\/wp-json\/wp\/v2\/pages"}],"about":[{"href":"https:\/\/www.ull.es\/la-universidad\/wp-json\/wp\/v2\/types\/page"}],"author":[{"embeddable":true,"href":"https:\/\/www.ull.es\/la-universidad\/wp-json\/wp\/v2\/users\/67"}],"replies":[{"embeddable":true,"href":"https:\/\/www.ull.es\/la-universidad\/wp-json\/wp\/v2\/comments?post=17393"}],"version-history":[{"count":22,"href":"https:\/\/www.ull.es\/la-universidad\/wp-json\/wp\/v2\/pages\/17393\/revisions"}],"predecessor-version":[{"id":18066,"href":"https:\/\/www.ull.es\/la-universidad\/wp-json\/wp\/v2\/pages\/17393\/revisions\/18066"}],"up":[{"embeddable":true,"href":"https:\/\/www.ull.es\/la-universidad\/wp-json\/wp\/v2\/pages\/17388"}],"wp:attachment":[{"href":"https:\/\/www.ull.es\/la-universidad\/wp-json\/wp\/v2\/media?parent=17393"}],"curies":[{"name":"wp","href":"https:\/\/api.w.org\/{rel}","templated":true}]}}