{"id":28,"date":"2017-06-28T12:58:21","date_gmt":"2017-06-28T12:58:21","guid":{"rendered":"http:\/\/www.ull.es\/masteres\/desarrollo-y-gestion-de-recursos-humanos\/?page_id=28"},"modified":"2023-02-28T12:04:38","modified_gmt":"2023-02-28T12:04:38","slug":"justificacion-del-titulo","status":"publish","type":"page","link":"https:\/\/www.ull.es\/masteres\/analisis-aplicado-ciencias-sociales\/fr\/justificacion-del-titulo\/","title":{"rendered":"Justification du titre"},"content":{"rendered":"<p>[vc_row][vc_column][vc_column_text]<\/p>\n<h1>Justificaci\u00f3n del t\u00edtulo<\/h1>\n<p>En Canarias existen una serie de problemas socioecon\u00f3micos, relacionados con la alta desigualdad y pobreza, y medioambientales, relacionados con nuestra dependencia energ\u00e9tica, problemas de movilidad o gesti\u00f3n de residuos, que demandan la formaci\u00f3n en el conocimiento de estos temas desde las ciencias sociales. Para ayudar a resolver estos retos se requiere tener los conocimientos te\u00f3ricos, pero tambi\u00e9n es necesario tener el conocimiento y la habilidad en el manejo de informaci\u00f3n y de t\u00e9cnicas cualitativas y cualitativas para analizarlos y proponer soluciones. La creciente demanda de profesionales e investigadores en estas tem\u00e1ticas, y la carencia formativa en las Universidades P\u00fablicas Canarias desde las Ciencias sociales, son los principales motivos que justifican este m\u00e1ster.<\/p>\n<p>El M\u00e1ster Universitario en An\u00e1lisis Aplicado para las Ciencias Sociales (MUAAC) permite preparar al egresado para trabajar en empresas de consultor\u00eda, en la administraci\u00f3n p\u00fablica y en la carrera investigadora. El MUAAC permitir\u00e1 aprender las \u00faltimas corrientes en el an\u00e1lisis aplicado en Ciencias Sociales, con una vocaci\u00f3n multidisciplinar para la toma de decisiones en el \u00e1mbito social, econ\u00f3mico y de evaluaci\u00f3n de las pol\u00edticas p\u00fablicas.<\/p>\n<p>Particularmente, destaca la presencia de asignaturas sobre aplicaciones de t\u00e9cnicas GIS y de Big Data, M\u00e9todos de Evaluaci\u00f3n de Pol\u00edticas P\u00fablicas y de M\u00e9todos cuantitativos usando softwares como el Stata. El m\u00e1ster ofrece adem\u00e1s un tercer valor a\u00f1adido, y es su apuesta por las nuevas tecnolog\u00edas y herramientas digitales en su formaci\u00f3n.<\/p>\n<p>En conjunto y teniendo en cuenta la oferta total y actual de t\u00edtulos de posgrado oficiales en Canarias en Ciencias Sociales, el MUAAC constituye un programa formativo universitario claramente diferenciado.[\/vc_column_text][\/vc_column][\/vc_row]<\/p>\n","protected":false},"excerpt":{"rendered":"<p>[vc_row][vc_column][vc_column_text] Justificaci\u00f3n del t\u00edtulo En Canarias existen una serie de problemas socioecon\u00f3micos, relacionados con la alta desigualdad y pobreza, y medioambientales, relacionados con nuestra dependencia energ\u00e9tica, problemas de movilidad o gesti\u00f3n de residuos, que demandan la formaci\u00f3n en el conocimiento de estos temas desde las ciencias sociales. Para ayudar a resolver estos retos se requiere&#8230;<\/p>\n","protected":false},"author":1,"featured_media":0,"parent":0,"menu_order":0,"comment_status":"closed","ping_status":"closed","template":"","meta":{"footnotes":""},"class_list":["post-28","page","type-page","status-publish","hentry"],"yoast_head":"<!-- This site is optimized with the Yoast SEO plugin v27.4 - https:\/\/yoast.com\/product\/yoast-seo-wordpress\/ -->\n<title>Justificaci\u00f3n del t\u00edtulo - M\u00e1ster Universitario en An\u00e1lisis Aplicado para las Ciencias Sociales<\/title>\n<meta name=\"robots\" content=\"noindex, follow, max-snippet:-1, max-image-preview:large, max-video-preview:-1\" \/>\n<meta property=\"og:locale\" content=\"fr_FR\" \/>\n<meta property=\"og:type\" content=\"article\" \/>\n<meta property=\"og:title\" content=\"Justificaci\u00f3n del t\u00edtulo - M\u00e1ster Universitario en An\u00e1lisis Aplicado para las Ciencias Sociales\" \/>\n<meta property=\"og:description\" content=\"[vc_row][vc_column][vc_column_text] Justificaci\u00f3n del t\u00edtulo En Canarias existen una serie de problemas socioecon\u00f3micos, relacionados con la alta desigualdad y pobreza, y medioambientales, relacionados con nuestra dependencia energ\u00e9tica, problemas de movilidad o gesti\u00f3n de residuos, que demandan la formaci\u00f3n en el conocimiento de estos temas desde las ciencias sociales. Para ayudar a resolver estos retos se requiere...\" \/>\n<meta property=\"og:url\" content=\"https:\/\/www.ull.es\/masteres\/analisis-aplicado-ciencias-sociales\/fr\/justificacion-del-titulo\/\" \/>\n<meta property=\"og:site_name\" content=\"M\u00e1ster Universitario en An\u00e1lisis Aplicado para las Ciencias Sociales\" \/>\n<meta property=\"article:modified_time\" content=\"2023-02-28T12:04:38+00:00\" \/>\n<meta name=\"twitter:card\" content=\"summary_large_image\" \/>\n<meta name=\"twitter:label1\" content=\"Dur\u00e9e de lecture estim\u00e9e\" \/>\n\t<meta name=\"twitter:data1\" content=\"2 minutes\" \/>\n<script type=\"application\/ld+json\" class=\"yoast-schema-graph\">{\"@context\":\"https:\\\/\\\/schema.org\",\"@graph\":[{\"@type\":\"WebPage\",\"@id\":\"https:\\\/\\\/www.ull.es\\\/masteres\\\/analisis-aplicado-ciencias-sociales\\\/justificacion-del-titulo\\\/\",\"url\":\"https:\\\/\\\/www.ull.es\\\/masteres\\\/analisis-aplicado-ciencias-sociales\\\/justificacion-del-titulo\\\/\",\"name\":\"Justificaci\u00f3n del t\u00edtulo - M\u00e1ster Universitario en An\u00e1lisis Aplicado para las Ciencias Sociales\",\"isPartOf\":{\"@id\":\"https:\\\/\\\/www.ull.es\\\/masteres\\\/analisis-aplicado-ciencias-sociales\\\/#website\"},\"datePublished\":\"2017-06-28T12:58:21+00:00\",\"dateModified\":\"2023-02-28T12:04:38+00:00\",\"breadcrumb\":{\"@id\":\"https:\\\/\\\/www.ull.es\\\/masteres\\\/analisis-aplicado-ciencias-sociales\\\/justificacion-del-titulo\\\/#breadcrumb\"},\"inLanguage\":\"fr-FR\",\"potentialAction\":[{\"@type\":\"ReadAction\",\"target\":[\"https:\\\/\\\/www.ull.es\\\/masteres\\\/analisis-aplicado-ciencias-sociales\\\/justificacion-del-titulo\\\/\"]}]},{\"@type\":\"BreadcrumbList\",\"@id\":\"https:\\\/\\\/www.ull.es\\\/masteres\\\/analisis-aplicado-ciencias-sociales\\\/justificacion-del-titulo\\\/#breadcrumb\",\"itemListElement\":[{\"@type\":\"ListItem\",\"position\":1,\"name\":\"Portada\",\"item\":\"https:\\\/\\\/www.ull.es\\\/masteres\\\/analisis-aplicado-ciencias-sociales\\\/\"},{\"@type\":\"ListItem\",\"position\":2,\"name\":\"Justificaci\u00f3n del t\u00edtulo\"}]},{\"@type\":\"WebSite\",\"@id\":\"https:\\\/\\\/www.ull.es\\\/masteres\\\/analisis-aplicado-ciencias-sociales\\\/#website\",\"url\":\"https:\\\/\\\/www.ull.es\\\/masteres\\\/analisis-aplicado-ciencias-sociales\\\/\",\"name\":\"M\u00e1ster Universitario en An\u00e1lisis Aplicado para las Ciencias Sociales\",\"description\":\"\",\"potentialAction\":[{\"@type\":\"SearchAction\",\"target\":{\"@type\":\"EntryPoint\",\"urlTemplate\":\"https:\\\/\\\/www.ull.es\\\/masteres\\\/analisis-aplicado-ciencias-sociales\\\/?s={search_term_string}\"},\"query-input\":{\"@type\":\"PropertyValueSpecification\",\"valueRequired\":true,\"valueName\":\"search_term_string\"}}],\"inLanguage\":\"fr-FR\"}]}<\/script>\n<!-- \/ Yoast SEO plugin. -->","yoast_head_json":{"title":"Justification du titre - Master en analyse appliqu\u00e9e aux sciences sociales","robots":{"index":"noindex","follow":"follow","max-snippet":"max-snippet:-1","max-image-preview":"max-image-preview:large","max-video-preview":"max-video-preview:-1"},"og_locale":"fr_FR","og_type":"article","og_title":"Justificaci\u00f3n del t\u00edtulo - M\u00e1ster Universitario en An\u00e1lisis Aplicado para las Ciencias Sociales","og_description":"[vc_row][vc_column][vc_column_text] Justificaci\u00f3n del t\u00edtulo En Canarias existen una serie de problemas socioecon\u00f3micos, relacionados con la alta desigualdad y pobreza, y medioambientales, relacionados con nuestra dependencia energ\u00e9tica, problemas de movilidad o gesti\u00f3n de residuos, que demandan la formaci\u00f3n en el conocimiento de estos temas desde las ciencias sociales. Para ayudar a resolver estos retos se requiere...","og_url":"https:\/\/www.ull.es\/masteres\/analisis-aplicado-ciencias-sociales\/fr\/justificacion-del-titulo\/","og_site_name":"M\u00e1ster Universitario en An\u00e1lisis Aplicado para las Ciencias Sociales","article_modified_time":"2023-02-28T12:04:38+00:00","twitter_card":"summary_large_image","twitter_misc":{"Dur\u00e9e de lecture estim\u00e9e":"2 minutes"},"schema":{"@context":"https:\/\/schema.org","@graph":[{"@type":"WebPage","@id":"https:\/\/www.ull.es\/masteres\/analisis-aplicado-ciencias-sociales\/justificacion-del-titulo\/","url":"https:\/\/www.ull.es\/masteres\/analisis-aplicado-ciencias-sociales\/justificacion-del-titulo\/","name":"Justification du titre - Master en analyse appliqu\u00e9e aux sciences sociales","isPartOf":{"@id":"https:\/\/www.ull.es\/masteres\/analisis-aplicado-ciencias-sociales\/#website"},"datePublished":"2017-06-28T12:58:21+00:00","dateModified":"2023-02-28T12:04:38+00:00","breadcrumb":{"@id":"https:\/\/www.ull.es\/masteres\/analisis-aplicado-ciencias-sociales\/justificacion-del-titulo\/#breadcrumb"},"inLanguage":"fr-FR","potentialAction":[{"@type":"ReadAction","target":["https:\/\/www.ull.es\/masteres\/analisis-aplicado-ciencias-sociales\/justificacion-del-titulo\/"]}]},{"@type":"BreadcrumbList","@id":"https:\/\/www.ull.es\/masteres\/analisis-aplicado-ciencias-sociales\/justificacion-del-titulo\/#breadcrumb","itemListElement":[{"@type":"ListItem","position":1,"name":"Portada","item":"https:\/\/www.ull.es\/masteres\/analisis-aplicado-ciencias-sociales\/"},{"@type":"ListItem","position":2,"name":"Justificaci\u00f3n del t\u00edtulo"}]},{"@type":"WebSite","@id":"https:\/\/www.ull.es\/masteres\/analisis-aplicado-ciencias-sociales\/#website","url":"https:\/\/www.ull.es\/masteres\/analisis-aplicado-ciencias-sociales\/","name":"Master en Analyse Appliqu\u00e9e aux Sciences Sociales","description":"","potentialAction":[{"@type":"SearchAction","target":{"@type":"EntryPoint","urlTemplate":"https:\/\/www.ull.es\/masteres\/analisis-aplicado-ciencias-sociales\/?s={search_term_string}"},"query-input":{"@type":"PropertyValueSpecification","valueRequired":true,"valueName":"search_term_string"}}],"inLanguage":"fr-FR"}]}},"_links":{"self":[{"href":"https:\/\/www.ull.es\/masteres\/analisis-aplicado-ciencias-sociales\/fr\/wp-json\/wp\/v2\/pages\/28","targetHints":{"allow":["GET"]}}],"collection":[{"href":"https:\/\/www.ull.es\/masteres\/analisis-aplicado-ciencias-sociales\/fr\/wp-json\/wp\/v2\/pages"}],"about":[{"href":"https:\/\/www.ull.es\/masteres\/analisis-aplicado-ciencias-sociales\/fr\/wp-json\/wp\/v2\/types\/page"}],"author":[{"embeddable":true,"href":"https:\/\/www.ull.es\/masteres\/analisis-aplicado-ciencias-sociales\/fr\/wp-json\/wp\/v2\/users\/1"}],"replies":[{"embeddable":true,"href":"https:\/\/www.ull.es\/masteres\/analisis-aplicado-ciencias-sociales\/fr\/wp-json\/wp\/v2\/comments?post=28"}],"version-history":[{"count":4,"href":"https:\/\/www.ull.es\/masteres\/analisis-aplicado-ciencias-sociales\/fr\/wp-json\/wp\/v2\/pages\/28\/revisions"}],"predecessor-version":[{"id":858,"href":"https:\/\/www.ull.es\/masteres\/analisis-aplicado-ciencias-sociales\/fr\/wp-json\/wp\/v2\/pages\/28\/revisions\/858"}],"wp:attachment":[{"href":"https:\/\/www.ull.es\/masteres\/analisis-aplicado-ciencias-sociales\/fr\/wp-json\/wp\/v2\/media?parent=28"}],"curies":[{"name":"wp","href":"https:\/\/api.w.org\/{rel}","templated":true}]}}

<p>[vc_row][vc_column][vc_column_text]</p>
<h1>Justificación del título</h1>
<p>En Canarias existen una serie de problemas socioeconómicos, relacionados con la alta desigualdad y pobreza, y medioambientales, relacionados con nuestra dependencia energética, problemas de movilidad o gestión de residuos, que demandan la formación en el conocimiento de estos temas desde las ciencias sociales. Para ayudar a resolver estos retos se requiere tener los conocimientos teóricos, pero también es necesario tener el conocimiento y la habilidad en el manejo de información y de técnicas cualitativas y cualitativas para analizarlos y proponer soluciones. La creciente demanda de profesionales e investigadores en estas temáticas, y la carencia formativa en las Universidades Públicas Canarias desde las Ciencias sociales, son los principales motivos que justifican este máster.</p>
<p>El Máster Universitario en Análisis Aplicado para las Ciencias Sociales (MUAAC) permite preparar al egresado para trabajar en empresas de consultoría, en la administración pública y en la carrera investigadora. El MUAAC permitirá aprender las últimas corrientes en el análisis aplicado en Ciencias Sociales, con una vocación multidisciplinar para la toma de decisiones en el ámbito social, económico y de evaluación de las políticas públicas.</p>
<p>Particularmente, destaca la presencia de asignaturas sobre aplicaciones de técnicas GIS y de Big Data, Métodos de Evaluación de Políticas Públicas y de Métodos cuantitativos usando softwares como el Stata. El máster ofrece además un tercer valor añadido, y es su apuesta por las nuevas tecnologías y herramientas digitales en su formación.</p>
<p>En conjunto y teniendo en cuenta la oferta total y actual de títulos de posgrado oficiales en Canarias en Ciencias Sociales, el MUAAC constituye un programa formativo universitario claramente diferenciado.[/vc_column_text][/vc_column][/vc_row]</p>

<p>[vc_row][vc_column][vc_column_text] Justificación del título En Canarias existen una serie de problemas socioeconómicos, relacionados con la alta desigualdad y pobreza, y medioambientales, relacionados con nuestra dependencia energética, problemas de movilidad o gestión de residuos, que demandan la formación en el conocimiento de estos temas desde las ciencias sociales. Para ayudar a resolver estos retos se requiere&#8230;</p>

<!-- This site is optimized with the Yoast SEO plugin v27.4 - https://yoast.com/product/yoast-seo-wordpress/ -->
<title>Justificación del título - Máster Universitario en Análisis Aplicado para las Ciencias Sociales</title>
<meta name="robots" content="noindex, follow, max-snippet:-1, max-image-preview:large, max-video-preview:-1" />
<meta property="og:locale" content="fr_FR" />
<meta property="og:type" content="article" />
<meta property="og:title" content="Justificación del título - Máster Universitario en Análisis Aplicado para las Ciencias Sociales" />
<meta property="og:description" content="[vc_row][vc_column][vc_column_text] Justificación del título En Canarias existen una serie de problemas socioeconómicos, relacionados con la alta desigualdad y pobreza, y medioambientales, relacionados con nuestra dependencia energética, problemas de movilidad o gestión de residuos, que demandan la formación en el conocimiento de estos temas desde las ciencias sociales. Para ayudar a resolver estos retos se requiere..." />
<meta property="og:url" content="https://www.ull.es/masteres/analisis-aplicado-ciencias-sociales/fr/justificacion-del-titulo/" />
<meta property="og:site_name" content="Máster Universitario en Análisis Aplicado para las Ciencias Sociales" />
<meta property="article:modified_time" content="2023-02-28T12:04:38+00:00" />
<meta name="twitter:card" content="summary_large_image" />
<meta name="twitter:label1" content="Durée de lecture estimée" />
	<meta name="twitter:data1" content="2 minutes" />
<script type="application/ld+json" class="yoast-schema-graph">{"@context":"https:\/\/schema.org","@graph":[{"@type":"WebPage","@id":"https:\/\/www.ull.es\/masteres\/analisis-aplicado-ciencias-sociales\/justificacion-del-titulo\/","url":"https:\/\/www.ull.es\/masteres\/analisis-aplicado-ciencias-sociales\/justificacion-del-titulo\/","name":"Justificación del título - Máster Universitario en Análisis Aplicado para las Ciencias Sociales","isPartOf":{"@id":"https:\/\/www.ull.es\/masteres\/analisis-aplicado-ciencias-sociales\/#website"},"datePublished":"2017-06-28T12:58:21+00:00","dateModified":"2023-02-28T12:04:38+00:00","breadcrumb":{"@id":"https:\/\/www.ull.es\/masteres\/analisis-aplicado-ciencias-sociales\/justificacion-del-titulo\/#breadcrumb"},"inLanguage":"fr-FR","potentialAction":[{"@type":"ReadAction","target":["https:\/\/www.ull.es\/masteres\/analisis-aplicado-ciencias-sociales\/justificacion-del-titulo\/"]}]},{"@type":"BreadcrumbList","@id":"https:\/\/www.ull.es\/masteres\/analisis-aplicado-ciencias-sociales\/justificacion-del-titulo\/#breadcrumb","itemListElement":[{"@type":"ListItem","position":1,"name":"Portada","item":"https:\/\/www.ull.es\/masteres\/analisis-aplicado-ciencias-sociales\/"},{"@type":"ListItem","position":2,"name":"Justificación del título"}]},{"@type":"WebSite","@id":"https:\/\/www.ull.es\/masteres\/analisis-aplicado-ciencias-sociales\/#website","url":"https:\/\/www.ull.es\/masteres\/analisis-aplicado-ciencias-sociales\/","name":"Máster Universitario en Análisis Aplicado para las Ciencias Sociales","description":"","potentialAction":[{"@type":"SearchAction","target":{"@type":"EntryPoint","urlTemplate":"https:\/\/www.ull.es\/masteres\/analisis-aplicado-ciencias-sociales\/?s={search_term_string}"},"query-input":{"@type":"PropertyValueSpecification","valueRequired":true,"valueName":"search_term_string"}}],"inLanguage":"fr-FR"}]}</script>
<!-- / Yoast SEO plugin. -->

Justification du titre - Master en analyse appliquée aux sciences sociales

Justificación del título - Máster Universitario en Análisis Aplicado para las Ciencias Sociales

[vc_row][vc_column][vc_column_text] Justificación del título En Canarias existen una serie de problemas socioeconómicos, relacionados con la alta desigualdad y pobreza, y medioambientales, relacionados con nuestra dependencia energética, problemas de movilidad o gestión de residuos, que demandan la formación en el conocimiento de estos temas desde las ciencias sociales. Para ayudar a resolver estos retos se requiere...

Máster Universitario en Análisis Aplicado para las Ciencias Sociales

Justificación del título

Master en Analyse Appliquée aux Sciences Sociales
