{"id":202,"date":"2017-07-11T10:11:11","date_gmt":"2017-07-11T10:11:11","guid":{"rendered":"http:\/\/www.ull.es\/masteres\/desarrollo-y-gestion-de-recursos-humanos\/?page_id=202"},"modified":"2018-06-12T08:32:40","modified_gmt":"2018-06-12T08:32:40","slug":"acceso-admision-y-matricula","status":"publish","type":"page","link":"https:\/\/www.ull.es\/masteres\/necesidades-especificas-apoyo-educativo\/informacion-academica\/acceso-admision-y-matricula\/","title":{"rendered":"Acceso, admisi\u00f3n y matr\u00edcula"},"content":{"rendered":"<p>[vc_row][vc_column][vc_column_text]<\/p>\n<h1>Acceso, admisi\u00f3n y matr\u00edcula<\/h1>\n<p>[\/vc_column_text][vc_tta_accordion shape=\u00bbsquare\u00bb c_icon=\u00bbchevron\u00bb c_position=\u00bbright\u00bb active_section=\u00bb\u00bb no_fill=\u00bbtrue\u00bb collapsible_all=\u00bbtrue\u00bb][vc_tta_section title=\u00bbAcceso\u00bb tab_id=\u00bbacceso\u00bb][vc_column_text]<span style=\"font-weight: 400;\">El acceso es el conjunto de requisitos necesarios para cursar las ense\u00f1anzas universitarias. Su cumplimiento es previo a la admisi\u00f3n a los estudios a cursar. Podr\u00e1n acceder al M\u00e1ster quienes re\u00fanan los requisitos exigidos:<\/span><\/p>\n<ul>\n<li style=\"font-weight: 400;\"><span style=\"font-weight: 400;\">Estar en posesi\u00f3n de un t\u00edtulo universitario oficial de grado, otro expresamente declarado equivalente o un t\u00edtulo universitario oficial obtenido conforme a sistemas de educaci\u00f3n universitaria anteriores al establecido en el Real Decreto 1393\/2007, de 29 de octubre (BOE n\u00ba 260, de 30 de octubre).<\/span><\/li>\n<li style=\"font-weight: 400;\"><span style=\"font-weight: 400;\">Estar en posesi\u00f3n de un t\u00edtulo propio de nivel de grado de la Universidad de La Laguna, o equivalente de otra universidad, con una duraci\u00f3n m\u00ednima de 120 cr\u00e9ditos ECTS.<\/span><\/li>\n<li style=\"font-weight: 400;\"><span style=\"font-weight: 400;\">Acreditar haber superado al menos 180 cr\u00e9ditos ECTS correspondientes a ense\u00f1anzas oficiales de grado. En este caso, se precisar\u00e1 la autorizaci\u00f3n rectoral, previa solicitud razonada de la direcci\u00f3n acad\u00e9mica del t\u00edtulo propio. Adem\u00e1s, se deber\u00e1n finalizar los estudios de grado antes de la expedici\u00f3n del t\u00edtulo propio, que no se expedir\u00e1 mientras no se acredite el haberlos finalizado. <\/span><\/li>\n<li style=\"font-weight: 400;\"><span style=\"font-weight: 400;\">Poseer una titulaci\u00f3n extranjera de educaci\u00f3n superior homologada o equivalente a los\u00a0correspondientes t\u00edtulos espa\u00f1oles oficiales, sin necesidad de homologaci\u00f3n de dicho t\u00edtulo, previa comprobaci\u00f3n de que faculta\u00a0en el pa\u00eds expedidor del t\u00edtulo para el acceso a estudios de Posgrado. En este caso se requerir\u00e1 la autorizaci\u00f3n, mediante Resoluci\u00f3n, del Rector\/a, sin perjuicio de que en este caso se establezcan los complementos de formaci\u00f3n previa que se estimen necesarios. <\/span><\/li>\n<\/ul>\n<p><span style=\"font-weight: 400;\">Los apartados anteriores se entender\u00e1n, sin perjuicio de lo dispuesto en el art\u00edculo 17.2 y en la disposici\u00f3n adicional cuarta del Real decreto 1393\/2007, de 29 de octubre.<\/span><\/p>\n<p><span style=\"font-weight: 400;\">Adem\u00e1s, la Universidad de La Laguna en cumplimiento de las disposiciones del Decreto 168\/2008, de 22 de julio (Bolet\u00edn Oficial de Canarias n\u00fam. 154, de 1 de agosto) establece que p<\/span><span style=\"font-weight: 400;\">ara acceder a este m\u00e1ster ser\u00e1 requisito indispensable la acreditaci\u00f3n de un nivel B1 de ingl\u00e9s. <\/span>Puede consultar\u00a0\u00a0<a href=\"https:\/\/drive.google.com\/open?id=1Rw6qJkYltat4F960icdgOk4DTzGQok4B\" target=\"_blank\" rel=\"noopener\" target=\"_blank\" rel=\"noopener\">aqu\u00ed<\/a>\u00a0los documentos reconocidos como justificaci\u00f3n de conocimientos del idioma. Adem\u00e1s, puede consultar en el siguiente\u00a0listado\u00a0las asignaturas que\u00a0<a href=\"https:\/\/drive.google.com\/open?id=1IgqkI1hFz72Jikq0MN6vjWC77eO0bR7O\" target=\"_blank\" rel=\"noopener\" target=\"_blank\" rel=\"noopener\">ULL<\/a>\u00a0y\u00a0<a href=\"https:\/\/drive.google.com\/open?id=1HRFqtHVjeBZ7tM4iBYvHErE0qEhoT2yt\" target=\"_blank\" rel=\"noopener\" target=\"_blank\" rel=\"noopener\">ULPGC<\/a>, a efectos de matr\u00edcula en un m\u00e1ster universitario de la Universidad de La Laguna, conlleva la adquisici\u00f3n de un nivel B1 de ingl\u00e9s.[\/vc_column_text][vc_column_text el_class=\u00bbbtn-widget\u00bb]<a href=\"https:\/\/www.ull.es\/admision-becas#solicitud-plaza\" target=\"_blank\" rel=\"noopener\">M\u00e1s informaci\u00f3n<\/a>[\/vc_column_text][\/vc_tta_section][vc_tta_section title=\u00bbAdmisi\u00f3n\u00bb tab_id=\u00bbadmision\u00bb][vc_column_text]<span style=\"font-weight: 400;\">La admisi\u00f3n es la adjudicaci\u00f3n de las plazas ofrecidas por la ULL para cursar ense\u00f1anzas oficiales universitarias entre quienes, cumpliendo los requisitos de acceso, anteriormente indicados (Graduado\/Licenciado y\/o titulaci\u00f3n extranjera homologada y el B1 de ingl\u00e9s), las han solicitado. <\/span><\/p>\n<p><span style=\"font-weight: 400;\">La admisi\u00f3n se realiza a trav\u00e9s del procedimiento establecido para ello en la Normativa de la ULL. El alumno\/a deber\u00e1 adjuntar todos los documentos oficiales que acrediten el perfil requerido para el acceso, su expediente acad\u00e9mico y su curr\u00edculum vitae, a trav\u00e9s de los cuales ser\u00e1 evaluado para su admisi\u00f3n en el m\u00e1ster de acuerdo a criterios de igualdad, m\u00e9rito y capacidad.<\/span><\/p>\n<p><span style=\"font-weight: 400;\">Para el M\u00e1ster en Necesidades Espec\u00edficas de Apoyo Educativo son de aplicaci\u00f3n los siguientes criterios que se considerar\u00e1n en la fase de admisi\u00f3n y cuyo baremo se aplicar\u00e1 en el caso que la demanda supere la oferta:<\/span><\/p>\n<ul>\n<li style=\"font-weight: 400;\"><span style=\"font-weight: 400;\">Calificaci\u00f3n media del expediente acad\u00e9mico (hasta 4 puntos):<\/span><span style=\"font-weight: 400;\"><br \/>\n<\/span><\/p>\n<ul>\n<li>De 5 a 5,9: 0,5 puntos<\/li>\n<li>De 6 a 6,9: 1 punto<\/li>\n<li>De 7 a 7,9: 2 puntos<\/li>\n<li>De 8 a 8,9: 3 puntos<\/li>\n<li>De 9 a 10: 4 puntos<\/li>\n<\/ul>\n<\/li>\n<li style=\"font-weight: 400;\"><span style=\"font-weight: 400;\">Formaci\u00f3n previa ( hasta 3,5 puntos):<\/span>\n<ul>\n<li style=\"font-weight: 400;\"><span style=\"font-weight: 400;\">Titulaci\u00f3n de posgrados universitarios en temas afines a los contenidos del M\u00e1ster (0.01 por cada hora de formaci\u00f3n hasta un m\u00e1ximo de 1 punto).<\/span><\/li>\n<li style=\"font-weight: 400;\"><span style=\"font-weight: 400;\">Otros t\u00edtulos de grado o equivalente afines al m\u00e1ster diferentes al de acceso (1 punto por cada uno hasta un m\u00e1ximo de 2 puntos).<\/span><\/li>\n<li style=\"font-weight: 400;\"><span style=\"font-weight: 400;\">Acreditaci\u00f3n superior al nivel B1 en una lengua extranjera seg\u00fan el Marco Com\u00fan Europeo de Referencia (m\u00e1ximo hasta 0.5 puntos).<\/span><\/li>\n<\/ul>\n<\/li>\n<li style=\"font-weight: 400;\">Experiencia profesional (m\u00e1ximo 1 punto)\n<ul>\n<li>En temas afines a la titulaci\u00f3n del M\u00e1ster (0,5 punto por cada a\u00f1o con contrato de trabajo o certificaci\u00f3n de organismos oficiales).<\/li>\n<\/ul>\n<\/li>\n<li>Experiencia investigadora (m\u00e1ximo 1,5 puntos) en temas afines a la titulaci\u00f3n del M\u00e1ster (publicaciones, colaboraciones en proyectos y congresos).<\/li>\n<\/ul>\n<p><span style=\"font-weight: 400;\">El \u00f3rgano responsable de la admisi\u00f3n que baremar\u00e1 las solicitudes ser\u00e1 la Comisi\u00f3n Acad\u00e9mica del t\u00edtulo, cuya composici\u00f3n viene determinada en el art\u00edculo 28 del Reglamento de Ense\u00f1anzas Oficiales de M\u00e1ster de la Universidad de La Laguna (BOC N\u00ba 91, de 9 de mayo de 2012). Las solicitudes de admisi\u00f3n ser\u00e1n sometidas a dicha \u00a0Comisi\u00f3n.<\/span>[\/vc_column_text][vc_column_text el_class=\u00bbbtn-widget\u00bb]<a href=\"https:\/\/www.ull.es\/masteres\/acceso-y-admision\/\" target=\"_blank\" rel=\"noopener\" target=\"_blank\" rel=\"noopener\">M\u00e1s informaci\u00f3n<\/a>[\/vc_column_text][\/vc_tta_section][vc_tta_section title=\u00bbPreinscripci\u00f3n y matr\u00edcula\u00bb tab_id=\u00bbpreinscripcion-matricula\u00bb][vc_column_text]<span style=\"font-weight: 400;\">La matr\u00edcula es el instrumento formal a trav\u00e9s del que se adquiere la condici\u00f3n de estudiante universitario. El alumno\/a que desea cursar el M\u00e1ster, antes de realizar la matr\u00edcula, debe reunir los requisitos de acceso y haber obtenido plaza a trav\u00e9s del proceso de admisi\u00f3n.<\/span><\/p>\n<p><span style=\"font-weight: 400;\">La instrucci\u00f3n de acceso, admisi\u00f3n y matr\u00edcula que se publica anualmente contiene la informaci\u00f3n necesaria para el correcto desarrollo del proceso (modalidades, periodos, calendario, documentaci\u00f3n a entregar, formas de pago,\u2026).<\/span>[\/vc_column_text][vc_column_text el_class=\u00bbbtn-widget\u00bb]<a href=\"https:\/\/www.ull.es\/admision-becas\/#solicitud-plaza\" target=\"_blank\" rel=\"noopener\">M\u00e1s informaci\u00f3n<\/a>[\/vc_column_text][\/vc_tta_section][\/vc_tta_accordion][\/vc_column][\/vc_row]<\/p>\n","protected":false},"excerpt":{"rendered":"<p>[vc_row][vc_column][vc_column_text] Acceso, admisi\u00f3n y matr\u00edcula [\/vc_column_text][vc_tta_accordion shape=\u00bbsquare\u00bb c_icon=\u00bbchevron\u00bb c_position=\u00bbright\u00bb active_section=\u00bb\u00bb no_fill=\u00bbtrue\u00bb collapsible_all=\u00bbtrue\u00bb][vc_tta_section title=\u00bbAcceso\u00bb tab_id=\u00bbacceso\u00bb][vc_column_text]El acceso es el conjunto de requisitos necesarios para cursar las ense\u00f1anzas universitarias. Su cumplimiento es previo a la admisi\u00f3n a los estudios a cursar. Podr\u00e1n acceder al M\u00e1ster quienes re\u00fanan los requisitos exigidos: Estar en posesi\u00f3n de un t\u00edtulo universitario oficial&#8230;<\/p>\n","protected":false},"author":1,"featured_media":0,"parent":252,"menu_order":2,"comment_status":"closed","ping_status":"closed","template":"","meta":{"footnotes":""},"class_list":["post-202","page","type-page","status-publish","hentry"],"yoast_head":"<!-- This site is optimized with the Yoast SEO plugin v27.2 - https:\/\/yoast.com\/product\/yoast-seo-wordpress\/ -->\n<title>Acceso, admisi\u00f3n y matr\u00edcula - M\u00e1ster Universitario en Necesidades Espec\u00edficas de Apoyo Educativo<\/title>\n<meta name=\"robots\" content=\"index, follow, max-snippet:-1, max-image-preview:large, max-video-preview:-1\" \/>\n<link rel=\"canonical\" href=\"https:\/\/www.ull.es\/masteres\/necesidades-especificas-apoyo-educativo\/informacion-academica\/acceso-admision-y-matricula\/\" \/>\n<meta property=\"og:locale\" content=\"es_ES\" \/>\n<meta property=\"og:type\" content=\"article\" \/>\n<meta property=\"og:title\" content=\"Acceso, admisi\u00f3n y matr\u00edcula - M\u00e1ster Universitario en Necesidades Espec\u00edficas de Apoyo Educativo\" \/>\n<meta property=\"og:description\" content=\"[vc_row][vc_column][vc_column_text] Acceso, admisi\u00f3n y matr\u00edcula [\/vc_column_text][vc_tta_accordion shape=\u00bbsquare\u00bb c_icon=\u00bbchevron\u00bb c_position=\u00bbright\u00bb active_section=\u00bb\u00bb no_fill=\u00bbtrue\u00bb collapsible_all=\u00bbtrue\u00bb][vc_tta_section title=\u00bbAcceso\u00bb tab_id=\u00bbacceso\u00bb][vc_column_text]El acceso es el conjunto de requisitos necesarios para cursar las ense\u00f1anzas universitarias. Su cumplimiento es previo a la admisi\u00f3n a los estudios a cursar. Podr\u00e1n acceder al M\u00e1ster quienes re\u00fanan los requisitos exigidos: Estar en posesi\u00f3n de un t\u00edtulo universitario oficial...\" \/>\n<meta property=\"og:url\" content=\"https:\/\/www.ull.es\/masteres\/necesidades-especificas-apoyo-educativo\/informacion-academica\/acceso-admision-y-matricula\/\" \/>\n<meta property=\"og:site_name\" content=\"M\u00e1ster Universitario en Necesidades Espec\u00edficas de Apoyo Educativo\" \/>\n<meta property=\"article:modified_time\" content=\"2018-06-12T08:32:40+00:00\" \/>\n<meta name=\"twitter:card\" content=\"summary_large_image\" \/>\n<meta name=\"twitter:label1\" content=\"Tiempo de lectura\" \/>\n\t<meta name=\"twitter:data1\" content=\"5 minutos\" \/>\n<script type=\"application\/ld+json\" class=\"yoast-schema-graph\">{\"@context\":\"https:\/\/schema.org\",\"@graph\":[{\"@type\":\"WebPage\",\"@id\":\"https:\/\/www.ull.es\/masteres\/necesidades-especificas-apoyo-educativo\/informacion-academica\/acceso-admision-y-matricula\/\",\"url\":\"https:\/\/www.ull.es\/masteres\/necesidades-especificas-apoyo-educativo\/informacion-academica\/acceso-admision-y-matricula\/\",\"name\":\"Acceso, admisi\u00f3n y matr\u00edcula - M\u00e1ster Universitario en Necesidades Espec\u00edficas de Apoyo Educativo\",\"isPartOf\":{\"@id\":\"https:\/\/www.ull.es\/masteres\/necesidades-especificas-apoyo-educativo\/#website\"},\"datePublished\":\"2017-07-11T10:11:11+00:00\",\"dateModified\":\"2018-06-12T08:32:40+00:00\",\"breadcrumb\":{\"@id\":\"https:\/\/www.ull.es\/masteres\/necesidades-especificas-apoyo-educativo\/informacion-academica\/acceso-admision-y-matricula\/#breadcrumb\"},\"inLanguage\":\"es\",\"potentialAction\":[{\"@type\":\"ReadAction\",\"target\":[\"https:\/\/www.ull.es\/masteres\/necesidades-especificas-apoyo-educativo\/informacion-academica\/acceso-admision-y-matricula\/\"]}]},{\"@type\":\"BreadcrumbList\",\"@id\":\"https:\/\/www.ull.es\/masteres\/necesidades-especificas-apoyo-educativo\/informacion-academica\/acceso-admision-y-matricula\/#breadcrumb\",\"itemListElement\":[{\"@type\":\"ListItem\",\"position\":1,\"name\":\"Portada\",\"item\":\"https:\/\/www.ull.es\/masteres\/necesidades-especificas-apoyo-educativo\/\"},{\"@type\":\"ListItem\",\"position\":2,\"name\":\"Informaci\u00f3n Acad\u00e9mica\",\"item\":\"https:\/\/www.ull.es\/masteres\/necesidades-especificas-apoyo-educativo\/informacion-academica\/\"},{\"@type\":\"ListItem\",\"position\":3,\"name\":\"Acceso, admisi\u00f3n y matr\u00edcula\"}]},{\"@type\":\"WebSite\",\"@id\":\"https:\/\/www.ull.es\/masteres\/necesidades-especificas-apoyo-educativo\/#website\",\"url\":\"https:\/\/www.ull.es\/masteres\/necesidades-especificas-apoyo-educativo\/\",\"name\":\"M\u00e1ster Universitario en Necesidades Espec\u00edficas de Apoyo Educativo\",\"description\":\"\",\"potentialAction\":[{\"@type\":\"SearchAction\",\"target\":{\"@type\":\"EntryPoint\",\"urlTemplate\":\"https:\/\/www.ull.es\/masteres\/necesidades-especificas-apoyo-educativo\/?s={search_term_string}\"},\"query-input\":{\"@type\":\"PropertyValueSpecification\",\"valueRequired\":true,\"valueName\":\"search_term_string\"}}],\"inLanguage\":\"es\"}]}<\/script>\n<!-- \/ Yoast SEO plugin. -->","yoast_head_json":{"title":"Acceso, admisi\u00f3n y matr\u00edcula - M\u00e1ster Universitario en Necesidades Espec\u00edficas de Apoyo Educativo","robots":{"index":"index","follow":"follow","max-snippet":"max-snippet:-1","max-image-preview":"max-image-preview:large","max-video-preview":"max-video-preview:-1"},"canonical":"https:\/\/www.ull.es\/masteres\/necesidades-especificas-apoyo-educativo\/informacion-academica\/acceso-admision-y-matricula\/","og_locale":"es_ES","og_type":"article","og_title":"Acceso, admisi\u00f3n y matr\u00edcula - M\u00e1ster Universitario en Necesidades Espec\u00edficas de Apoyo Educativo","og_description":"[vc_row][vc_column][vc_column_text] Acceso, admisi\u00f3n y matr\u00edcula [\/vc_column_text][vc_tta_accordion shape=\u00bbsquare\u00bb c_icon=\u00bbchevron\u00bb c_position=\u00bbright\u00bb active_section=\u00bb\u00bb no_fill=\u00bbtrue\u00bb collapsible_all=\u00bbtrue\u00bb][vc_tta_section title=\u00bbAcceso\u00bb tab_id=\u00bbacceso\u00bb][vc_column_text]El acceso es el conjunto de requisitos necesarios para cursar las ense\u00f1anzas universitarias. Su cumplimiento es previo a la admisi\u00f3n a los estudios a cursar. Podr\u00e1n acceder al M\u00e1ster quienes re\u00fanan los requisitos exigidos: Estar en posesi\u00f3n de un t\u00edtulo universitario oficial...","og_url":"https:\/\/www.ull.es\/masteres\/necesidades-especificas-apoyo-educativo\/informacion-academica\/acceso-admision-y-matricula\/","og_site_name":"M\u00e1ster Universitario en Necesidades Espec\u00edficas de Apoyo Educativo","article_modified_time":"2018-06-12T08:32:40+00:00","twitter_card":"summary_large_image","twitter_misc":{"Tiempo de lectura":"5 minutos"},"schema":{"@context":"https:\/\/schema.org","@graph":[{"@type":"WebPage","@id":"https:\/\/www.ull.es\/masteres\/necesidades-especificas-apoyo-educativo\/informacion-academica\/acceso-admision-y-matricula\/","url":"https:\/\/www.ull.es\/masteres\/necesidades-especificas-apoyo-educativo\/informacion-academica\/acceso-admision-y-matricula\/","name":"Acceso, admisi\u00f3n y matr\u00edcula - M\u00e1ster Universitario en Necesidades Espec\u00edficas de Apoyo Educativo","isPartOf":{"@id":"https:\/\/www.ull.es\/masteres\/necesidades-especificas-apoyo-educativo\/#website"},"datePublished":"2017-07-11T10:11:11+00:00","dateModified":"2018-06-12T08:32:40+00:00","breadcrumb":{"@id":"https:\/\/www.ull.es\/masteres\/necesidades-especificas-apoyo-educativo\/informacion-academica\/acceso-admision-y-matricula\/#breadcrumb"},"inLanguage":"es","potentialAction":[{"@type":"ReadAction","target":["https:\/\/www.ull.es\/masteres\/necesidades-especificas-apoyo-educativo\/informacion-academica\/acceso-admision-y-matricula\/"]}]},{"@type":"BreadcrumbList","@id":"https:\/\/www.ull.es\/masteres\/necesidades-especificas-apoyo-educativo\/informacion-academica\/acceso-admision-y-matricula\/#breadcrumb","itemListElement":[{"@type":"ListItem","position":1,"name":"Portada","item":"https:\/\/www.ull.es\/masteres\/necesidades-especificas-apoyo-educativo\/"},{"@type":"ListItem","position":2,"name":"Informaci\u00f3n Acad\u00e9mica","item":"https:\/\/www.ull.es\/masteres\/necesidades-especificas-apoyo-educativo\/informacion-academica\/"},{"@type":"ListItem","position":3,"name":"Acceso, admisi\u00f3n y matr\u00edcula"}]},{"@type":"WebSite","@id":"https:\/\/www.ull.es\/masteres\/necesidades-especificas-apoyo-educativo\/#website","url":"https:\/\/www.ull.es\/masteres\/necesidades-especificas-apoyo-educativo\/","name":"M\u00e1ster Universitario en Necesidades Espec\u00edficas de Apoyo Educativo","description":"","potentialAction":[{"@type":"SearchAction","target":{"@type":"EntryPoint","urlTemplate":"https:\/\/www.ull.es\/masteres\/necesidades-especificas-apoyo-educativo\/?s={search_term_string}"},"query-input":{"@type":"PropertyValueSpecification","valueRequired":true,"valueName":"search_term_string"}}],"inLanguage":"es"}]}},"_links":{"self":[{"href":"https:\/\/www.ull.es\/masteres\/necesidades-especificas-apoyo-educativo\/wp-json\/wp\/v2\/pages\/202","targetHints":{"allow":["GET"]}}],"collection":[{"href":"https:\/\/www.ull.es\/masteres\/necesidades-especificas-apoyo-educativo\/wp-json\/wp\/v2\/pages"}],"about":[{"href":"https:\/\/www.ull.es\/masteres\/necesidades-especificas-apoyo-educativo\/wp-json\/wp\/v2\/types\/page"}],"author":[{"embeddable":true,"href":"https:\/\/www.ull.es\/masteres\/necesidades-especificas-apoyo-educativo\/wp-json\/wp\/v2\/users\/1"}],"replies":[{"embeddable":true,"href":"https:\/\/www.ull.es\/masteres\/necesidades-especificas-apoyo-educativo\/wp-json\/wp\/v2\/comments?post=202"}],"version-history":[{"count":12,"href":"https:\/\/www.ull.es\/masteres\/necesidades-especificas-apoyo-educativo\/wp-json\/wp\/v2\/pages\/202\/revisions"}],"predecessor-version":[{"id":632,"href":"https:\/\/www.ull.es\/masteres\/necesidades-especificas-apoyo-educativo\/wp-json\/wp\/v2\/pages\/202\/revisions\/632"}],"up":[{"embeddable":true,"href":"https:\/\/www.ull.es\/masteres\/necesidades-especificas-apoyo-educativo\/wp-json\/wp\/v2\/pages\/252"}],"wp:attachment":[{"href":"https:\/\/www.ull.es\/masteres\/necesidades-especificas-apoyo-educativo\/wp-json\/wp\/v2\/media?parent=202"}],"curies":[{"name":"wp","href":"https:\/\/api.w.org\/{rel}","templated":true}]}}