{"id":26,"date":"2017-06-28T12:58:08","date_gmt":"2017-06-28T12:58:08","guid":{"rendered":"http:\/\/www.ull.es\/masteres\/desarrollo-y-gestion-de-recursos-humanos\/?page_id=26"},"modified":"2022-02-24T09:32:13","modified_gmt":"2022-02-24T09:32:13","slug":"descripcion-del-titulo","status":"publish","type":"page","link":"https:\/\/www.ull.es\/masteres\/necesidades-especificas-apoyo-educativo\/informacion-academica\/descripcion-del-titulo\/","title":{"rendered":"Descripci\u00f3n del t\u00edtulo"},"content":{"rendered":"<p>[vc_row][vc_column][vc_column_text]<\/p>\n<h1>Descripci\u00f3n del t\u00edtulo<\/h1>\n<p>[\/vc_column_text][\/vc_column][\/vc_row][vc_row][vc_column css=\u00bb.vc_custom_1499767521729{padding-right: 50px !important;}\u00bb el_class=\u00bbdescripcion\u00bb][vc_column_text]<span style=\"font-weight: 400;\">Idiomas en los que se imparte:<\/span><span style=\"font-weight: 400;\">Espa\u00f1ol<\/span><\/p>\n<table>\n<tbody>\n<tr>\n<td><span style=\"font-weight: 400;\">Nombre del t\u00edtulo:<\/span><\/td>\n<td><span style=\"font-weight: 400;\">M\u00e1ster Universitario en Necesidades Espec\u00edficas de Apoyo Educativo<br \/>\n<\/span><\/td>\n<\/tr>\n<tr>\n<td><span style=\"font-weight: 400;\">Universidad y centros responsables:<\/span><\/td>\n<td><span style=\"font-weight: 400;\">Universidad de La Laguna. <\/span><a href=\"https:\/\/www.ull.es\/centros\/escuela-doctorado-estudios-posgrado\/\" target=\"_blank\" rel=\"noopener\" target=\"_blank\" rel=\"noopener\"><span style=\"font-weight: 400;\">Escuela de Doctorado y Estudios de Posgrado<\/span><\/a><\/td>\n<\/tr>\n<tr>\n<td><span style=\"font-weight: 400;\">Modalidad de ense\u00f1anza:<\/span><\/td>\n<td><span style=\"font-weight: 400;\">Presencial<\/span><\/td>\n<\/tr>\n<tr>\n<td><span style=\"font-weight: 400;\">Lugar de impartici\u00f3n<\/span><\/td>\n<td><a href=\"https:\/\/www.ull.es\/centros\/facultad-ciencias-salud\/informacion-general\/\" target=\"_blank\" rel=\"noopener\" target=\"_blank\" rel=\"noopener\">Facultad de Ciencias de la Salud<\/a>. Secci\u00f3n de Psicolog\u00eda y Logopedia<\/td>\n<\/tr>\n<tr>\n<td><span style=\"font-weight: 400;\">Plazas ofertadas:<\/span><\/td>\n<td><span style=\"font-weight: 400;\">30 plazas <\/span><\/td>\n<\/tr>\n<tr>\n<td><span style=\"font-weight: 400;\">N\u00famero de cr\u00e9ditos:<\/span><\/td>\n<td><span style=\"font-weight: 400;\">60 ECTS <\/span><\/td>\n<\/tr>\n<tr>\n<td><span style=\"font-weight: 400;\">Duraci\u00f3n del t\u00edtulo<\/span><\/td>\n<td><span style=\"font-weight: 400;\">1 a\u00f1o (2 Cuatrimestres)<\/span><\/td>\n<\/tr>\n<tr>\n<td><span style=\"font-weight: 400;\">Especialidades<\/span><\/td>\n<td>Atenci\u00f3n a la Diversidad Educativa<\/p>\n<p>Comunicaci\u00f3n y Lenguaje<\/td>\n<\/tr>\n<tr>\n<td><span style=\"font-weight: 400;\">Justificaci\u00f3n del t\u00edtulo<\/span><\/td>\n<td><a href=\"https:\/\/www.ull.es\/masteres\/necesidades-especificas-apoyo-educativo\/justificacion-titulo\/\" target=\"_blank\" rel=\"noopener\" target=\"_blank\" rel=\"noopener\"><span style=\"font-weight: 400;\">Acceso a la justificaci\u00f3n<\/span><\/a><\/td>\n<\/tr>\n<\/tbody>\n<\/table>\n<p>[\/vc_column_text][\/vc_column][\/vc_row]<\/p>\n","protected":false},"excerpt":{"rendered":"<p>[vc_row][vc_column][vc_column_text] Descripci\u00f3n del t\u00edtulo [\/vc_column_text][\/vc_column][\/vc_row][vc_row][vc_column css=\u00bb.vc_custom_1499767521729{padding-right: 50px !important;}\u00bb el_class=\u00bbdescripcion\u00bb][vc_column_text]Idiomas en los que se imparte:Espa\u00f1ol Nombre del t\u00edtulo: M\u00e1ster Universitario en Necesidades Espec\u00edficas de Apoyo Educativo Universidad y centros responsables: Universidad de La Laguna. Escuela de Doctorado y Estudios de Posgrado Modalidad de ense\u00f1anza: Presencial Lugar de impartici\u00f3n Facultad de Ciencias de la Salud. Secci\u00f3n de&#8230;<\/p>\n","protected":false},"author":1,"featured_media":0,"parent":252,"menu_order":0,"comment_status":"closed","ping_status":"closed","template":"","meta":{"footnotes":""},"class_list":["post-26","page","type-page","status-publish","hentry"],"yoast_head":"<!-- This site is optimized with the Yoast SEO plugin v27.2 - https:\/\/yoast.com\/product\/yoast-seo-wordpress\/ -->\n<title>Descripci\u00f3n del t\u00edtulo - M\u00e1ster Universitario en Necesidades Espec\u00edficas de Apoyo Educativo<\/title>\n<meta name=\"robots\" content=\"index, follow, max-snippet:-1, max-image-preview:large, max-video-preview:-1\" \/>\n<link rel=\"canonical\" href=\"https:\/\/www.ull.es\/masteres\/necesidades-especificas-apoyo-educativo\/informacion-academica\/descripcion-del-titulo\/\" \/>\n<meta property=\"og:locale\" content=\"es_ES\" \/>\n<meta property=\"og:type\" content=\"article\" \/>\n<meta property=\"og:title\" content=\"Descripci\u00f3n del t\u00edtulo - M\u00e1ster Universitario en Necesidades Espec\u00edficas de Apoyo Educativo\" \/>\n<meta property=\"og:description\" content=\"[vc_row][vc_column][vc_column_text] Descripci\u00f3n del t\u00edtulo [\/vc_column_text][\/vc_column][\/vc_row][vc_row][vc_column css=\u00bb.vc_custom_1499767521729{padding-right: 50px !important;}\u00bb el_class=\u00bbdescripcion\u00bb][vc_column_text]Idiomas en los que se imparte:Espa\u00f1ol Nombre del t\u00edtulo: M\u00e1ster Universitario en Necesidades Espec\u00edficas de Apoyo Educativo Universidad y centros responsables: Universidad de La Laguna. Escuela de Doctorado y Estudios de Posgrado Modalidad de ense\u00f1anza: Presencial Lugar de impartici\u00f3n Facultad de Ciencias de la Salud. Secci\u00f3n de...\" \/>\n<meta property=\"og:url\" content=\"https:\/\/www.ull.es\/masteres\/necesidades-especificas-apoyo-educativo\/informacion-academica\/descripcion-del-titulo\/\" \/>\n<meta property=\"og:site_name\" content=\"M\u00e1ster Universitario en Necesidades Espec\u00edficas de Apoyo Educativo\" \/>\n<meta property=\"article:modified_time\" content=\"2022-02-24T09:32:13+00:00\" \/>\n<meta name=\"twitter:card\" content=\"summary_large_image\" \/>\n<meta name=\"twitter:label1\" content=\"Tiempo de lectura\" \/>\n\t<meta name=\"twitter:data1\" content=\"1 minuto\" \/>\n<script type=\"application\/ld+json\" class=\"yoast-schema-graph\">{\"@context\":\"https:\/\/schema.org\",\"@graph\":[{\"@type\":\"WebPage\",\"@id\":\"https:\/\/www.ull.es\/masteres\/necesidades-especificas-apoyo-educativo\/informacion-academica\/descripcion-del-titulo\/\",\"url\":\"https:\/\/www.ull.es\/masteres\/necesidades-especificas-apoyo-educativo\/informacion-academica\/descripcion-del-titulo\/\",\"name\":\"Descripci\u00f3n del t\u00edtulo - M\u00e1ster Universitario en Necesidades Espec\u00edficas de Apoyo Educativo\",\"isPartOf\":{\"@id\":\"https:\/\/www.ull.es\/masteres\/necesidades-especificas-apoyo-educativo\/#website\"},\"datePublished\":\"2017-06-28T12:58:08+00:00\",\"dateModified\":\"2022-02-24T09:32:13+00:00\",\"breadcrumb\":{\"@id\":\"https:\/\/www.ull.es\/masteres\/necesidades-especificas-apoyo-educativo\/informacion-academica\/descripcion-del-titulo\/#breadcrumb\"},\"inLanguage\":\"es\",\"potentialAction\":[{\"@type\":\"ReadAction\",\"target\":[\"https:\/\/www.ull.es\/masteres\/necesidades-especificas-apoyo-educativo\/informacion-academica\/descripcion-del-titulo\/\"]}]},{\"@type\":\"BreadcrumbList\",\"@id\":\"https:\/\/www.ull.es\/masteres\/necesidades-especificas-apoyo-educativo\/informacion-academica\/descripcion-del-titulo\/#breadcrumb\",\"itemListElement\":[{\"@type\":\"ListItem\",\"position\":1,\"name\":\"Portada\",\"item\":\"https:\/\/www.ull.es\/masteres\/necesidades-especificas-apoyo-educativo\/\"},{\"@type\":\"ListItem\",\"position\":2,\"name\":\"Informaci\u00f3n Acad\u00e9mica\",\"item\":\"https:\/\/www.ull.es\/masteres\/necesidades-especificas-apoyo-educativo\/informacion-academica\/\"},{\"@type\":\"ListItem\",\"position\":3,\"name\":\"Descripci\u00f3n del t\u00edtulo\"}]},{\"@type\":\"WebSite\",\"@id\":\"https:\/\/www.ull.es\/masteres\/necesidades-especificas-apoyo-educativo\/#website\",\"url\":\"https:\/\/www.ull.es\/masteres\/necesidades-especificas-apoyo-educativo\/\",\"name\":\"M\u00e1ster Universitario en Necesidades Espec\u00edficas de Apoyo Educativo\",\"description\":\"\",\"potentialAction\":[{\"@type\":\"SearchAction\",\"target\":{\"@type\":\"EntryPoint\",\"urlTemplate\":\"https:\/\/www.ull.es\/masteres\/necesidades-especificas-apoyo-educativo\/?s={search_term_string}\"},\"query-input\":{\"@type\":\"PropertyValueSpecification\",\"valueRequired\":true,\"valueName\":\"search_term_string\"}}],\"inLanguage\":\"es\"}]}<\/script>\n<!-- \/ Yoast SEO plugin. -->","yoast_head_json":{"title":"Descripci\u00f3n del t\u00edtulo - M\u00e1ster Universitario en Necesidades Espec\u00edficas de Apoyo Educativo","robots":{"index":"index","follow":"follow","max-snippet":"max-snippet:-1","max-image-preview":"max-image-preview:large","max-video-preview":"max-video-preview:-1"},"canonical":"https:\/\/www.ull.es\/masteres\/necesidades-especificas-apoyo-educativo\/informacion-academica\/descripcion-del-titulo\/","og_locale":"es_ES","og_type":"article","og_title":"Descripci\u00f3n del t\u00edtulo - M\u00e1ster Universitario en Necesidades Espec\u00edficas de Apoyo Educativo","og_description":"[vc_row][vc_column][vc_column_text] Descripci\u00f3n del t\u00edtulo [\/vc_column_text][\/vc_column][\/vc_row][vc_row][vc_column css=\u00bb.vc_custom_1499767521729{padding-right: 50px !important;}\u00bb el_class=\u00bbdescripcion\u00bb][vc_column_text]Idiomas en los que se imparte:Espa\u00f1ol Nombre del t\u00edtulo: M\u00e1ster Universitario en Necesidades Espec\u00edficas de Apoyo Educativo Universidad y centros responsables: Universidad de La Laguna. Escuela de Doctorado y Estudios de Posgrado Modalidad de ense\u00f1anza: Presencial Lugar de impartici\u00f3n Facultad de Ciencias de la Salud. Secci\u00f3n de...","og_url":"https:\/\/www.ull.es\/masteres\/necesidades-especificas-apoyo-educativo\/informacion-academica\/descripcion-del-titulo\/","og_site_name":"M\u00e1ster Universitario en Necesidades Espec\u00edficas de Apoyo Educativo","article_modified_time":"2022-02-24T09:32:13+00:00","twitter_card":"summary_large_image","twitter_misc":{"Tiempo de lectura":"1 minuto"},"schema":{"@context":"https:\/\/schema.org","@graph":[{"@type":"WebPage","@id":"https:\/\/www.ull.es\/masteres\/necesidades-especificas-apoyo-educativo\/informacion-academica\/descripcion-del-titulo\/","url":"https:\/\/www.ull.es\/masteres\/necesidades-especificas-apoyo-educativo\/informacion-academica\/descripcion-del-titulo\/","name":"Descripci\u00f3n del t\u00edtulo - M\u00e1ster Universitario en Necesidades Espec\u00edficas de Apoyo Educativo","isPartOf":{"@id":"https:\/\/www.ull.es\/masteres\/necesidades-especificas-apoyo-educativo\/#website"},"datePublished":"2017-06-28T12:58:08+00:00","dateModified":"2022-02-24T09:32:13+00:00","breadcrumb":{"@id":"https:\/\/www.ull.es\/masteres\/necesidades-especificas-apoyo-educativo\/informacion-academica\/descripcion-del-titulo\/#breadcrumb"},"inLanguage":"es","potentialAction":[{"@type":"ReadAction","target":["https:\/\/www.ull.es\/masteres\/necesidades-especificas-apoyo-educativo\/informacion-academica\/descripcion-del-titulo\/"]}]},{"@type":"BreadcrumbList","@id":"https:\/\/www.ull.es\/masteres\/necesidades-especificas-apoyo-educativo\/informacion-academica\/descripcion-del-titulo\/#breadcrumb","itemListElement":[{"@type":"ListItem","position":1,"name":"Portada","item":"https:\/\/www.ull.es\/masteres\/necesidades-especificas-apoyo-educativo\/"},{"@type":"ListItem","position":2,"name":"Informaci\u00f3n Acad\u00e9mica","item":"https:\/\/www.ull.es\/masteres\/necesidades-especificas-apoyo-educativo\/informacion-academica\/"},{"@type":"ListItem","position":3,"name":"Descripci\u00f3n del t\u00edtulo"}]},{"@type":"WebSite","@id":"https:\/\/www.ull.es\/masteres\/necesidades-especificas-apoyo-educativo\/#website","url":"https:\/\/www.ull.es\/masteres\/necesidades-especificas-apoyo-educativo\/","name":"M\u00e1ster Universitario en Necesidades Espec\u00edficas de Apoyo Educativo","description":"","potentialAction":[{"@type":"SearchAction","target":{"@type":"EntryPoint","urlTemplate":"https:\/\/www.ull.es\/masteres\/necesidades-especificas-apoyo-educativo\/?s={search_term_string}"},"query-input":{"@type":"PropertyValueSpecification","valueRequired":true,"valueName":"search_term_string"}}],"inLanguage":"es"}]}},"_links":{"self":[{"href":"https:\/\/www.ull.es\/masteres\/necesidades-especificas-apoyo-educativo\/wp-json\/wp\/v2\/pages\/26","targetHints":{"allow":["GET"]}}],"collection":[{"href":"https:\/\/www.ull.es\/masteres\/necesidades-especificas-apoyo-educativo\/wp-json\/wp\/v2\/pages"}],"about":[{"href":"https:\/\/www.ull.es\/masteres\/necesidades-especificas-apoyo-educativo\/wp-json\/wp\/v2\/types\/page"}],"author":[{"embeddable":true,"href":"https:\/\/www.ull.es\/masteres\/necesidades-especificas-apoyo-educativo\/wp-json\/wp\/v2\/users\/1"}],"replies":[{"embeddable":true,"href":"https:\/\/www.ull.es\/masteres\/necesidades-especificas-apoyo-educativo\/wp-json\/wp\/v2\/comments?post=26"}],"version-history":[{"count":15,"href":"https:\/\/www.ull.es\/masteres\/necesidades-especificas-apoyo-educativo\/wp-json\/wp\/v2\/pages\/26\/revisions"}],"predecessor-version":[{"id":678,"href":"https:\/\/www.ull.es\/masteres\/necesidades-especificas-apoyo-educativo\/wp-json\/wp\/v2\/pages\/26\/revisions\/678"}],"up":[{"embeddable":true,"href":"https:\/\/www.ull.es\/masteres\/necesidades-especificas-apoyo-educativo\/wp-json\/wp\/v2\/pages\/252"}],"wp:attachment":[{"href":"https:\/\/www.ull.es\/masteres\/necesidades-especificas-apoyo-educativo\/wp-json\/wp\/v2\/media?parent=26"}],"curies":[{"name":"wp","href":"https:\/\/api.w.org\/{rel}","templated":true}]}}