{"id":302,"date":"2017-07-11T13:50:27","date_gmt":"2017-07-11T13:50:27","guid":{"rendered":"http:\/\/www.ull.es\/masteres\/desarrollo-y-gestion-de-recursos-humanos\/?page_id=302"},"modified":"2018-06-12T09:02:46","modified_gmt":"2018-06-12T09:02:46","slug":"documentacion-de-evaluacion-del-titulo","status":"publish","type":"page","link":"https:\/\/www.ull.es\/masteres\/necesidades-especificas-apoyo-educativo\/calidad-y-resultados\/documentacion-de-evaluacion-del-titulo\/","title":{"rendered":"Documentaci\u00f3n de evaluaci\u00f3n del t\u00edtulo"},"content":{"rendered":"<p>[vc_row][vc_column][vc_column_text]<\/p>\n<h1>Documentaci\u00f3n de evaluaci\u00f3n del t\u00edtulo<\/h1>\n<p>[\/vc_column_text][vc_column_text]Las titulaciones oficiales de Grado, M\u00e1ster y Doctorado de la Universidad de La Laguna est\u00e1n sometidas, al igual que el resto de titulaciones de universidades espa\u00f1olas, a un modelo de control de calidad dividido en tres fases de evaluaci\u00f3n (Verificaci\u00f3n\/Modificaci\u00f3n, Seguimiento y Acreditaci\u00f3n), tal y como establece el RD 1393\/2007, RD 861\/2010 y el RD 99\/2011, de ordenaci\u00f3n de las ense\u00f1anzas universitarias de acuerdo con las l\u00edneas generales emanadas del Espacio Europeo de Educaci\u00f3n Superior.<\/p>\n<p>Puede consultar la documentaci\u00f3n oficial del proceso de evaluaci\u00f3n del t\u00edtulo que certifica el cumplimiento de la normativa aplicable.[\/vc_column_text][vc_tta_accordion style=\u00bbflat\u00bb shape=\u00bbsquare\u00bb c_icon=\u00bbchevron\u00bb c_position=\u00bbright\u00bb active_section=\u00bb\u00bb no_fill=\u00bbtrue\u00bb collapsible_all=\u00bbtrue\u00bb][vc_tta_section title=\u00bbVerificaci\u00f3n \/ Modificaci\u00f3n\u00bb tab_id=\u00bbverificacion-modificacion\u00bb][vc_column_text]<b>Memoria de Verificaci\u00f3n\/Modificaci\u00f3n<\/b><\/p>\n<ul>\n<li style=\"font-weight: 400;\"><a href=\"https:\/\/drive.google.com\/open?id=1464Lkr27EgVw0508mSOjNlb0HN4DI_dx\" target=\"_blank\" rel=\"noopener\" target=\"_blank\" rel=\"noopener\"><span style=\"font-weight: 400;\">Memoria del M\u00e1ster Universitario en Necesidades de Apoyo Educativo (2018)<\/span><\/a><\/li>\n<li style=\"font-weight: 400;\"><span style=\"font-weight: 400;\">Enlace al Registro de Universidades, Centros y T\u00edtulos (RUCT)<\/span><\/li>\n<\/ul>\n<p><b>Documentos de tr\u00e1mite: ANECA-Consejo Universidades (Ministerio Educaci\u00f3n)<\/b><\/p>\n<ul>\n<li style=\"font-weight: 400;\"><span style=\"font-weight: 400;\">Informe Final Favorable de Verificaci\u00f3n ()<\/span><\/li>\n<li style=\"font-weight: 400;\"><span style=\"font-weight: 400;\">Resoluci\u00f3n de Verificaci\u00f3n del Consejo de Universidades ()<\/span><\/li>\n<\/ul>\n<p><b>Documentos de tr\u00e1mite: <\/b><b>ACCUEE-<\/b><b>ACECAU (CCAA Canarias)<\/b><\/p>\n<ul>\n<li style=\"font-weight: 400;\"><span style=\"font-weight: 400;\">Informe Definitivo Favorable de Autorizaci\u00f3n de la Implantaci\u00f3n ()<\/span><\/li>\n<\/ul>\n<p><b>Publicaci\u00f3n Plan de Estudios (BOC-BOE)<\/b><\/p>\n<ul>\n<li style=\"font-weight: 400;\"><span style=\"font-weight: 400;\">Publicaci\u00f3n BOC<br \/>\n<\/span><\/li>\n<li style=\"font-weight: 400;\"><span style=\"font-weight: 400;\">Publicaci\u00f3n BOE<br \/>\n<\/span><\/li>\n<\/ul>\n<p>[\/vc_column_text][\/vc_tta_section][vc_tta_section title=\u00bbSeguimiento\u00bb tab_id=\u00bbseguimiento\u00bb][vc_column_text]En l\u00ednea con las directrices establecidas a nivel nacional (RD 861\/2010), la Agencia Canaria de la Calidad Universitaria y Evaluaci\u00f3n Educativa (ACCUEE) establece el Protocolo de Seguimiento que deben seguir las Titulaciones Oficiales de la Comunidad Aut\u00f3noma Canaria, el cual se centra fundamentalmente en la informaci\u00f3n que las universidades deben publicar y actualizar, y en la importancia del Sistema de Garant\u00eda Interna de Calidad (SGIC) y los mecanismos dise\u00f1ados para realizar el seguimiento de las mismas y su posterior acreditaci\u00f3n.[\/vc_column_text][\/vc_tta_section][vc_tta_section title=\u00bbAcreditaci\u00f3n\u00bb tab_id=\u00bbacreditacion\u00bb][vc_column_text]Dentro del proceso de Renovaci\u00f3n de la Acreditaci\u00f3n del M\u00e1ster en Necesidades Espec\u00edficas de Apoyo Educativo, y una vez finalizada la fase de evaluaci\u00f3n interna, se procede a la publicaci\u00f3n del Informe de Autoevaluaci\u00f3n (IA) del t\u00edtulo:<\/p>\n<ul>\n<li>Informe de Autoevaluaci\u00f3n del M\u00e1ster en Necesidades\u00a0 Espec\u00edficas de Apoyo Educativo ()<\/li>\n<\/ul>\n<p>Se ha habilitado un buz\u00f3n de sugerencias con el objeto de recabar la opini\u00f3n de la comunidad universitaria implicada en el t\u00edtulo acerca del contenido del Informe de Autoevaluaci\u00f3n, as\u00ed como sobre el desarrollo y mejora de la titulaci\u00f3n. Para poder participar en el proceso de acreditaci\u00f3n realizando alguna observaci\u00f3n deber\u00e1 identificarse previamente.<\/p>\n<p>Puede consultar la composici\u00f3n del Grupo de Trabajo de Autoevaluaci\u00f3n del M\u00e1ster en Aprendizaje Integrado de Contenidos en Lenguas Extranjeras (AICLE) .[\/vc_column_text][\/vc_tta_section][\/vc_tta_accordion][\/vc_column][\/vc_row]<\/p>\n","protected":false},"excerpt":{"rendered":"<p>[vc_row][vc_column][vc_column_text] Documentaci\u00f3n de evaluaci\u00f3n del t\u00edtulo [\/vc_column_text][vc_column_text]Las titulaciones oficiales de Grado, M\u00e1ster y Doctorado de la Universidad de La Laguna est\u00e1n sometidas, al igual que el resto de titulaciones de universidades espa\u00f1olas, a un modelo de control de calidad dividido en tres fases de evaluaci\u00f3n (Verificaci\u00f3n\/Modificaci\u00f3n, Seguimiento y Acreditaci\u00f3n), tal y como establece el RD&#8230;<\/p>\n","protected":false},"author":1,"featured_media":0,"parent":261,"menu_order":0,"comment_status":"closed","ping_status":"closed","template":"","meta":{"footnotes":""},"class_list":["post-302","page","type-page","status-publish","hentry"],"yoast_head":"<!-- This site is optimized with the Yoast SEO plugin v27.2 - https:\/\/yoast.com\/product\/yoast-seo-wordpress\/ -->\n<title>Documentaci\u00f3n de evaluaci\u00f3n del t\u00edtulo - M\u00e1ster Universitario en Necesidades Espec\u00edficas de Apoyo Educativo<\/title>\n<meta name=\"robots\" content=\"index, follow, max-snippet:-1, max-image-preview:large, max-video-preview:-1\" \/>\n<link rel=\"canonical\" href=\"https:\/\/www.ull.es\/masteres\/necesidades-especificas-apoyo-educativo\/calidad-y-resultados\/documentacion-de-evaluacion-del-titulo\/\" \/>\n<meta property=\"og:locale\" content=\"es_ES\" \/>\n<meta property=\"og:type\" content=\"article\" \/>\n<meta property=\"og:title\" content=\"Documentaci\u00f3n de evaluaci\u00f3n del t\u00edtulo - M\u00e1ster Universitario en Necesidades Espec\u00edficas de Apoyo Educativo\" \/>\n<meta property=\"og:description\" content=\"[vc_row][vc_column][vc_column_text] Documentaci\u00f3n de evaluaci\u00f3n del t\u00edtulo [\/vc_column_text][vc_column_text]Las titulaciones oficiales de Grado, M\u00e1ster y Doctorado de la Universidad de La Laguna est\u00e1n sometidas, al igual que el resto de titulaciones de universidades espa\u00f1olas, a un modelo de control de calidad dividido en tres fases de evaluaci\u00f3n (Verificaci\u00f3n\/Modificaci\u00f3n, Seguimiento y Acreditaci\u00f3n), tal y como establece el RD...\" \/>\n<meta property=\"og:url\" content=\"https:\/\/www.ull.es\/masteres\/necesidades-especificas-apoyo-educativo\/calidad-y-resultados\/documentacion-de-evaluacion-del-titulo\/\" \/>\n<meta property=\"og:site_name\" content=\"M\u00e1ster Universitario en Necesidades Espec\u00edficas de Apoyo Educativo\" \/>\n<meta property=\"article:modified_time\" content=\"2018-06-12T09:02:46+00:00\" \/>\n<meta name=\"twitter:card\" content=\"summary_large_image\" \/>\n<meta name=\"twitter:label1\" content=\"Tiempo de lectura\" \/>\n\t<meta name=\"twitter:data1\" content=\"3 minutos\" \/>\n<script type=\"application\/ld+json\" class=\"yoast-schema-graph\">{\"@context\":\"https:\/\/schema.org\",\"@graph\":[{\"@type\":\"WebPage\",\"@id\":\"https:\/\/www.ull.es\/masteres\/necesidades-especificas-apoyo-educativo\/calidad-y-resultados\/documentacion-de-evaluacion-del-titulo\/\",\"url\":\"https:\/\/www.ull.es\/masteres\/necesidades-especificas-apoyo-educativo\/calidad-y-resultados\/documentacion-de-evaluacion-del-titulo\/\",\"name\":\"Documentaci\u00f3n de evaluaci\u00f3n del t\u00edtulo - M\u00e1ster Universitario en Necesidades Espec\u00edficas de Apoyo Educativo\",\"isPartOf\":{\"@id\":\"https:\/\/www.ull.es\/masteres\/necesidades-especificas-apoyo-educativo\/#website\"},\"datePublished\":\"2017-07-11T13:50:27+00:00\",\"dateModified\":\"2018-06-12T09:02:46+00:00\",\"breadcrumb\":{\"@id\":\"https:\/\/www.ull.es\/masteres\/necesidades-especificas-apoyo-educativo\/calidad-y-resultados\/documentacion-de-evaluacion-del-titulo\/#breadcrumb\"},\"inLanguage\":\"es\",\"potentialAction\":[{\"@type\":\"ReadAction\",\"target\":[\"https:\/\/www.ull.es\/masteres\/necesidades-especificas-apoyo-educativo\/calidad-y-resultados\/documentacion-de-evaluacion-del-titulo\/\"]}]},{\"@type\":\"BreadcrumbList\",\"@id\":\"https:\/\/www.ull.es\/masteres\/necesidades-especificas-apoyo-educativo\/calidad-y-resultados\/documentacion-de-evaluacion-del-titulo\/#breadcrumb\",\"itemListElement\":[{\"@type\":\"ListItem\",\"position\":1,\"name\":\"Portada\",\"item\":\"https:\/\/www.ull.es\/masteres\/necesidades-especificas-apoyo-educativo\/\"},{\"@type\":\"ListItem\",\"position\":2,\"name\":\"Calidad y resultados\",\"item\":\"https:\/\/www.ull.es\/masteres\/necesidades-especificas-apoyo-educativo\/calidad-y-resultados\/\"},{\"@type\":\"ListItem\",\"position\":3,\"name\":\"Documentaci\u00f3n de evaluaci\u00f3n del t\u00edtulo\"}]},{\"@type\":\"WebSite\",\"@id\":\"https:\/\/www.ull.es\/masteres\/necesidades-especificas-apoyo-educativo\/#website\",\"url\":\"https:\/\/www.ull.es\/masteres\/necesidades-especificas-apoyo-educativo\/\",\"name\":\"M\u00e1ster Universitario en Necesidades Espec\u00edficas de Apoyo Educativo\",\"description\":\"\",\"potentialAction\":[{\"@type\":\"SearchAction\",\"target\":{\"@type\":\"EntryPoint\",\"urlTemplate\":\"https:\/\/www.ull.es\/masteres\/necesidades-especificas-apoyo-educativo\/?s={search_term_string}\"},\"query-input\":{\"@type\":\"PropertyValueSpecification\",\"valueRequired\":true,\"valueName\":\"search_term_string\"}}],\"inLanguage\":\"es\"}]}<\/script>\n<!-- \/ Yoast SEO plugin. -->","yoast_head_json":{"title":"Documentaci\u00f3n de evaluaci\u00f3n del t\u00edtulo - M\u00e1ster Universitario en Necesidades Espec\u00edficas de Apoyo Educativo","robots":{"index":"index","follow":"follow","max-snippet":"max-snippet:-1","max-image-preview":"max-image-preview:large","max-video-preview":"max-video-preview:-1"},"canonical":"https:\/\/www.ull.es\/masteres\/necesidades-especificas-apoyo-educativo\/calidad-y-resultados\/documentacion-de-evaluacion-del-titulo\/","og_locale":"es_ES","og_type":"article","og_title":"Documentaci\u00f3n de evaluaci\u00f3n del t\u00edtulo - M\u00e1ster Universitario en Necesidades Espec\u00edficas de Apoyo Educativo","og_description":"[vc_row][vc_column][vc_column_text] Documentaci\u00f3n de evaluaci\u00f3n del t\u00edtulo [\/vc_column_text][vc_column_text]Las titulaciones oficiales de Grado, M\u00e1ster y Doctorado de la Universidad de La Laguna est\u00e1n sometidas, al igual que el resto de titulaciones de universidades espa\u00f1olas, a un modelo de control de calidad dividido en tres fases de evaluaci\u00f3n (Verificaci\u00f3n\/Modificaci\u00f3n, Seguimiento y Acreditaci\u00f3n), tal y como establece el RD...","og_url":"https:\/\/www.ull.es\/masteres\/necesidades-especificas-apoyo-educativo\/calidad-y-resultados\/documentacion-de-evaluacion-del-titulo\/","og_site_name":"M\u00e1ster Universitario en Necesidades Espec\u00edficas de Apoyo Educativo","article_modified_time":"2018-06-12T09:02:46+00:00","twitter_card":"summary_large_image","twitter_misc":{"Tiempo de lectura":"3 minutos"},"schema":{"@context":"https:\/\/schema.org","@graph":[{"@type":"WebPage","@id":"https:\/\/www.ull.es\/masteres\/necesidades-especificas-apoyo-educativo\/calidad-y-resultados\/documentacion-de-evaluacion-del-titulo\/","url":"https:\/\/www.ull.es\/masteres\/necesidades-especificas-apoyo-educativo\/calidad-y-resultados\/documentacion-de-evaluacion-del-titulo\/","name":"Documentaci\u00f3n de evaluaci\u00f3n del t\u00edtulo - M\u00e1ster Universitario en Necesidades Espec\u00edficas de Apoyo Educativo","isPartOf":{"@id":"https:\/\/www.ull.es\/masteres\/necesidades-especificas-apoyo-educativo\/#website"},"datePublished":"2017-07-11T13:50:27+00:00","dateModified":"2018-06-12T09:02:46+00:00","breadcrumb":{"@id":"https:\/\/www.ull.es\/masteres\/necesidades-especificas-apoyo-educativo\/calidad-y-resultados\/documentacion-de-evaluacion-del-titulo\/#breadcrumb"},"inLanguage":"es","potentialAction":[{"@type":"ReadAction","target":["https:\/\/www.ull.es\/masteres\/necesidades-especificas-apoyo-educativo\/calidad-y-resultados\/documentacion-de-evaluacion-del-titulo\/"]}]},{"@type":"BreadcrumbList","@id":"https:\/\/www.ull.es\/masteres\/necesidades-especificas-apoyo-educativo\/calidad-y-resultados\/documentacion-de-evaluacion-del-titulo\/#breadcrumb","itemListElement":[{"@type":"ListItem","position":1,"name":"Portada","item":"https:\/\/www.ull.es\/masteres\/necesidades-especificas-apoyo-educativo\/"},{"@type":"ListItem","position":2,"name":"Calidad y resultados","item":"https:\/\/www.ull.es\/masteres\/necesidades-especificas-apoyo-educativo\/calidad-y-resultados\/"},{"@type":"ListItem","position":3,"name":"Documentaci\u00f3n de evaluaci\u00f3n del t\u00edtulo"}]},{"@type":"WebSite","@id":"https:\/\/www.ull.es\/masteres\/necesidades-especificas-apoyo-educativo\/#website","url":"https:\/\/www.ull.es\/masteres\/necesidades-especificas-apoyo-educativo\/","name":"M\u00e1ster Universitario en Necesidades Espec\u00edficas de Apoyo Educativo","description":"","potentialAction":[{"@type":"SearchAction","target":{"@type":"EntryPoint","urlTemplate":"https:\/\/www.ull.es\/masteres\/necesidades-especificas-apoyo-educativo\/?s={search_term_string}"},"query-input":{"@type":"PropertyValueSpecification","valueRequired":true,"valueName":"search_term_string"}}],"inLanguage":"es"}]}},"_links":{"self":[{"href":"https:\/\/www.ull.es\/masteres\/necesidades-especificas-apoyo-educativo\/wp-json\/wp\/v2\/pages\/302","targetHints":{"allow":["GET"]}}],"collection":[{"href":"https:\/\/www.ull.es\/masteres\/necesidades-especificas-apoyo-educativo\/wp-json\/wp\/v2\/pages"}],"about":[{"href":"https:\/\/www.ull.es\/masteres\/necesidades-especificas-apoyo-educativo\/wp-json\/wp\/v2\/types\/page"}],"author":[{"embeddable":true,"href":"https:\/\/www.ull.es\/masteres\/necesidades-especificas-apoyo-educativo\/wp-json\/wp\/v2\/users\/1"}],"replies":[{"embeddable":true,"href":"https:\/\/www.ull.es\/masteres\/necesidades-especificas-apoyo-educativo\/wp-json\/wp\/v2\/comments?post=302"}],"version-history":[{"count":14,"href":"https:\/\/www.ull.es\/masteres\/necesidades-especificas-apoyo-educativo\/wp-json\/wp\/v2\/pages\/302\/revisions"}],"predecessor-version":[{"id":644,"href":"https:\/\/www.ull.es\/masteres\/necesidades-especificas-apoyo-educativo\/wp-json\/wp\/v2\/pages\/302\/revisions\/644"}],"up":[{"embeddable":true,"href":"https:\/\/www.ull.es\/masteres\/necesidades-especificas-apoyo-educativo\/wp-json\/wp\/v2\/pages\/261"}],"wp:attachment":[{"href":"https:\/\/www.ull.es\/masteres\/necesidades-especificas-apoyo-educativo\/wp-json\/wp\/v2\/media?parent=302"}],"curies":[{"name":"wp","href":"https:\/\/api.w.org\/{rel}","templated":true}]}}