{"id":44,"date":"2017-06-28T13:02:10","date_gmt":"2017-06-28T13:02:10","guid":{"rendered":"http:\/\/www.ull.es\/masteres\/desarrollo-y-gestion-de-recursos-humanos\/?page_id=44"},"modified":"2018-06-12T09:04:35","modified_gmt":"2018-06-12T09:04:35","slug":"indicadores-y-resultados-del-titulo","status":"publish","type":"page","link":"https:\/\/www.ull.es\/masteres\/necesidades-especificas-apoyo-educativo\/calidad-y-resultados\/indicadores-y-resultados-del-titulo\/","title":{"rendered":"Indicadores y resultados del t\u00edtulo"},"content":{"rendered":"<p>[vc_row][vc_column][vc_column_text]<\/p>\n<h1>Indicadores y resultados del t\u00edtulo<\/h1>\n<p>[\/vc_column_text][vc_column_text]A continuaci\u00f3n se presentan los principales resultados de la titulaci\u00f3n relacionados con el rendimiento acad\u00e9mico, principales indicadores, satisfacci\u00f3n de los grupos de inter\u00e9s e inserci\u00f3n laboral. Estos resultados se analizan peri\u00f3dicamente por los responsables del centro\/t\u00edtulo y sus comisiones de calidad, haci\u00e9ndose un seguimiento de su evoluci\u00f3n para su mejora continua.[\/vc_column_text][vc_tta_accordion style=\u00bbflat\u00bb shape=\u00bbsquare\u00bb c_icon=\u00bbchevron\u00bb c_position=\u00bbright\u00bb active_section=\u00bb\u00bb no_fill=\u00bbtrue\u00bb collapsible_all=\u00bbtrue\u00bb][vc_tta_section title=\u00bbTasas de rendimiento acad\u00e9mico\u00bb tab_id=\u00bbtasas-rendimiento-academico\u00bb][vc_column_text]Datos extra\u00eddos del sistema de informaci\u00f3n de la ULL y resultados previstos de la memoria de verificaci\u00f3n\/modificaci\u00f3n del t\u00edtulo.<\/p>\n<table width=\"0\">\n<tbody>\n<tr>\n<td colspan=\"4\" width=\"630\"><strong>EVOLUCI\u00d3N DE TASAS\u00a0<\/strong><strong>[%]<\/strong><strong>\u00a0<\/strong><\/td>\n<\/tr>\n<tr>\n<td colspan=\"4\" width=\"630\"><strong>MU EN NECESIDADES ESPEC\u00cdFICAS DE APOYO EDUCATIVO <\/strong><strong><br \/>\n<\/strong><\/td>\n<\/tr>\n<tr>\n<td width=\"283\"><\/td>\n<td width=\"180\">Dato Memoria<br \/>\nde Verificaci\u00f3n<\/td>\n<td width=\"85\">Curso<br \/>\n18-19<\/td>\n<td width=\"82\">Curso<br \/>\n19-20<\/td>\n<\/tr>\n<tr>\n<td width=\"283\">Tasa de graduaci\u00f3n<\/td>\n<td width=\"180\">80<\/td>\n<td width=\"85\"><\/td>\n<td width=\"82\"><\/td>\n<\/tr>\n<tr>\n<td width=\"283\">Tasa de abandono<\/td>\n<td width=\"180\">5<\/td>\n<td width=\"85\"><\/td>\n<td width=\"82\"><\/td>\n<\/tr>\n<tr>\n<td width=\"283\">Tasa de eficiencia<\/td>\n<td width=\"180\">95<\/td>\n<td width=\"85\"><\/td>\n<td width=\"82\"><\/td>\n<\/tr>\n<tr>\n<td width=\"283\">Tasa de rendimiento<\/td>\n<td width=\"180\"><\/td>\n<td width=\"85\"><\/td>\n<td width=\"82\"><\/td>\n<\/tr>\n<tr>\n<td width=\"283\">Tasa de \u00e9xito del t\u00edtulo<\/td>\n<td width=\"180\"><\/td>\n<td width=\"85\"><\/td>\n<td width=\"82\"><\/td>\n<\/tr>\n<\/tbody>\n<\/table>\n<p>[\/vc_column_text][\/vc_tta_section][vc_tta_section title=\u00bbSatisfacci\u00f3n grupos de inter\u00e9s\u00bb tab_id=\u00bbsatisfaccion-grupos-interes\u00bb][vc_column_text]El SGIC del centro cuenta con procedimientos espec\u00edficos para recoger la satisfacci\u00f3n de los diferentes colectivos que participan en los t\u00edtulos, y su implementaci\u00f3n se vertebra a nivel institucional. La Unidad T\u00e9cnica de Calidad, en colaboraci\u00f3n con los centros\/t\u00edtulos y otros agentes implicados, es la encargada de la gesti\u00f3n, planificaci\u00f3n y aplicaci\u00f3n integral de las encuestas de satisfacci\u00f3n que dan respuesta a los programas de evaluaci\u00f3n y calidad institucionales (ACREDITA, AUDIT, DOCENTIA\u2026). Las campa\u00f1as de encuestas de satisfacci\u00f3n a los diferentes grupos de inter\u00e9s (estudiantes, profesorado, egresados, tutores externos -potenciales empleadores-, etc.,) son aplicadas peri\u00f3dicamente y de forma sistem\u00e1tica.[\/vc_column_text][vc_column_text]<\/p>\n<table width=\"0\">\n<tbody>\n<tr>\n<td colspan=\"3\"><strong>GRADO DE SATISFACCI\u00d3N DE LOS GRUPOS DE INTER\u00c9S <\/strong><strong>[Escala Likert 1 a 5]<\/strong><\/td>\n<\/tr>\n<tr>\n<td><strong>MU EN NECESIDADES ESPEC\u00cdFICAS DE APOYO EDUCATIVO<br \/>\n<\/strong><\/td>\n<td>Curso<br \/>\n18-19<\/td>\n<td>Curso<br \/>\n19-20<\/td>\n<\/tr>\n<tr>\n<td>Grado de satisfacci\u00f3n global de los estudiantes con el t\u00edtulo<\/td>\n<td><\/td>\n<td><\/td>\n<\/tr>\n<tr>\n<td>Grado de satisfacci\u00f3n estudiantes con el profesorado<\/td>\n<td><\/td>\n<td><\/td>\n<\/tr>\n<tr>\n<td>Grado de satisfacci\u00f3n estudiantes con los recursos<\/td>\n<td><\/td>\n<td><\/td>\n<\/tr>\n<tr>\n<td>Grado de satisfacci\u00f3n del profesorado con el t\u00edtulo<\/td>\n<td><\/td>\n<td><\/td>\n<\/tr>\n<tr>\n<td>Grado de satisfacci\u00f3n de los egresados con el t\u00edtulo<\/td>\n<td><\/td>\n<td><\/td>\n<\/tr>\n<tr>\n<td>Grado de satisfacci\u00f3n de los empleadores con el t\u00edtulo<\/td>\n<td><\/td>\n<td><\/td>\n<\/tr>\n<\/tbody>\n<\/table>\n<p>[\/vc_column_text][\/vc_tta_section][vc_tta_section title=\u00bbIndicadores\u00bb tab_id=\u00bbindicadores\u00bb][vc_column_text]Datos extra\u00eddos del sistema de informaci\u00f3n de la ULL.[\/vc_column_text][vc_column_text]<\/p>\n<table width=\"0\">\n<tbody>\n<tr>\n<td colspan=\"3\"><strong>EVOLUCI\u00d3N DE INDICADORES<\/strong><\/td>\n<\/tr>\n<tr>\n<td colspan=\"3\"><strong>MU EN NECESIDADES ESPEC\u00cdFICAS DE APOYO EDUCATIVO<br \/>\n<\/strong><\/td>\n<\/tr>\n<tr>\n<td><\/td>\n<td>Curso<br \/>\n18-19<\/td>\n<td>Curso<br \/>\n19-20<\/td>\n<\/tr>\n<tr>\n<td>Alumnos de Nuevo ingreso<\/td>\n<td><\/td>\n<td><\/td>\n<\/tr>\n<tr>\n<td>N\u00famero de alumnos totales matriculados<\/td>\n<td><\/td>\n<td><\/td>\n<\/tr>\n<tr>\n<td>N\u00famero de alumnos egresados<\/td>\n<td><\/td>\n<td><\/td>\n<\/tr>\n<tr>\n<td>N\u00famero de alumnos egresados (sin contar adaptados)<\/td>\n<td><\/td>\n<td><\/td>\n<\/tr>\n<tr>\n<td>Duraci\u00f3n media de los estudios<\/td>\n<td><\/td>\n<td><\/td>\n<\/tr>\n<\/tbody>\n<\/table>\n<p>[\/vc_column_text][\/vc_tta_section][vc_tta_section title=\u00bbInserci\u00f3n laboral\u00bb tab_id=\u00bbinsercion-laboral\u00bb][vc_column_text]Los principales instrumentos con los que cuenta la universidad para recabar datos acerca de la inserci\u00f3n laboral de los\/as egresados\/as son los valores cuantitativos correspondientes al an\u00e1lisis de los datos de inserci\u00f3n laboral que se obtienen a partir del estudio de las afiliaciones a los distintos reg\u00edmenes de la Seguridad Social y de la Mutualidad General de Funcionarios Civiles del Estado (MUFACE), que se completa con datos del padr\u00f3n de habitantes y de la BBDD de matr\u00edcula de la ULL.<\/p>\n<p>Los resultados de inserci\u00f3n laboral se pueden consultar a continuaci\u00f3n:<\/p>\n<ul>\n<li>Estudio del empleo de los alumnos titulados: M\u00e1ster en Necesidades Espec\u00edficas de Apoyo Educativo<\/li>\n<\/ul>\n<p>[\/vc_column_text][\/vc_tta_section][\/vc_tta_accordion][\/vc_column][\/vc_row]<\/p>\n","protected":false},"excerpt":{"rendered":"<p>[vc_row][vc_column][vc_column_text] Indicadores y resultados del t\u00edtulo [\/vc_column_text][vc_column_text]A continuaci\u00f3n se presentan los principales resultados de la titulaci\u00f3n relacionados con el rendimiento acad\u00e9mico, principales indicadores, satisfacci\u00f3n de los grupos de inter\u00e9s e inserci\u00f3n laboral. Estos resultados se analizan peri\u00f3dicamente por los responsables del centro\/t\u00edtulo y sus comisiones de calidad, haci\u00e9ndose un seguimiento de su evoluci\u00f3n para su&#8230;<\/p>\n","protected":false},"author":1,"featured_media":0,"parent":261,"menu_order":0,"comment_status":"closed","ping_status":"closed","template":"","meta":{"footnotes":""},"class_list":["post-44","page","type-page","status-publish","hentry"],"yoast_head":"<!-- This site is optimized with the Yoast SEO plugin v27.2 - https:\/\/yoast.com\/product\/yoast-seo-wordpress\/ -->\n<title>Indicadores y resultados del t\u00edtulo - M\u00e1ster Universitario en Necesidades Espec\u00edficas de Apoyo Educativo<\/title>\n<meta name=\"robots\" content=\"index, follow, max-snippet:-1, max-image-preview:large, max-video-preview:-1\" \/>\n<link rel=\"canonical\" href=\"https:\/\/www.ull.es\/masteres\/necesidades-especificas-apoyo-educativo\/calidad-y-resultados\/indicadores-y-resultados-del-titulo\/\" \/>\n<meta property=\"og:locale\" content=\"es_ES\" \/>\n<meta property=\"og:type\" content=\"article\" \/>\n<meta property=\"og:title\" content=\"Indicadores y resultados del t\u00edtulo - M\u00e1ster Universitario en Necesidades Espec\u00edficas de Apoyo Educativo\" \/>\n<meta property=\"og:description\" content=\"[vc_row][vc_column][vc_column_text] Indicadores y resultados del t\u00edtulo [\/vc_column_text][vc_column_text]A continuaci\u00f3n se presentan los principales resultados de la titulaci\u00f3n relacionados con el rendimiento acad\u00e9mico, principales indicadores, satisfacci\u00f3n de los grupos de inter\u00e9s e inserci\u00f3n laboral. Estos resultados se analizan peri\u00f3dicamente por los responsables del centro\/t\u00edtulo y sus comisiones de calidad, haci\u00e9ndose un seguimiento de su evoluci\u00f3n para su...\" \/>\n<meta property=\"og:url\" content=\"https:\/\/www.ull.es\/masteres\/necesidades-especificas-apoyo-educativo\/calidad-y-resultados\/indicadores-y-resultados-del-titulo\/\" \/>\n<meta property=\"og:site_name\" content=\"M\u00e1ster Universitario en Necesidades Espec\u00edficas de Apoyo Educativo\" \/>\n<meta property=\"article:modified_time\" content=\"2018-06-12T09:04:35+00:00\" \/>\n<meta name=\"twitter:card\" content=\"summary_large_image\" \/>\n<meta name=\"twitter:label1\" content=\"Tiempo de lectura\" \/>\n\t<meta name=\"twitter:data1\" content=\"3 minutos\" \/>\n<script type=\"application\/ld+json\" class=\"yoast-schema-graph\">{\"@context\":\"https:\/\/schema.org\",\"@graph\":[{\"@type\":\"WebPage\",\"@id\":\"https:\/\/www.ull.es\/masteres\/necesidades-especificas-apoyo-educativo\/calidad-y-resultados\/indicadores-y-resultados-del-titulo\/\",\"url\":\"https:\/\/www.ull.es\/masteres\/necesidades-especificas-apoyo-educativo\/calidad-y-resultados\/indicadores-y-resultados-del-titulo\/\",\"name\":\"Indicadores y resultados del t\u00edtulo - M\u00e1ster Universitario en Necesidades Espec\u00edficas de Apoyo Educativo\",\"isPartOf\":{\"@id\":\"https:\/\/www.ull.es\/masteres\/necesidades-especificas-apoyo-educativo\/#website\"},\"datePublished\":\"2017-06-28T13:02:10+00:00\",\"dateModified\":\"2018-06-12T09:04:35+00:00\",\"breadcrumb\":{\"@id\":\"https:\/\/www.ull.es\/masteres\/necesidades-especificas-apoyo-educativo\/calidad-y-resultados\/indicadores-y-resultados-del-titulo\/#breadcrumb\"},\"inLanguage\":\"es\",\"potentialAction\":[{\"@type\":\"ReadAction\",\"target\":[\"https:\/\/www.ull.es\/masteres\/necesidades-especificas-apoyo-educativo\/calidad-y-resultados\/indicadores-y-resultados-del-titulo\/\"]}]},{\"@type\":\"BreadcrumbList\",\"@id\":\"https:\/\/www.ull.es\/masteres\/necesidades-especificas-apoyo-educativo\/calidad-y-resultados\/indicadores-y-resultados-del-titulo\/#breadcrumb\",\"itemListElement\":[{\"@type\":\"ListItem\",\"position\":1,\"name\":\"Portada\",\"item\":\"https:\/\/www.ull.es\/masteres\/necesidades-especificas-apoyo-educativo\/\"},{\"@type\":\"ListItem\",\"position\":2,\"name\":\"Calidad y resultados\",\"item\":\"https:\/\/www.ull.es\/masteres\/necesidades-especificas-apoyo-educativo\/calidad-y-resultados\/\"},{\"@type\":\"ListItem\",\"position\":3,\"name\":\"Indicadores y resultados del t\u00edtulo\"}]},{\"@type\":\"WebSite\",\"@id\":\"https:\/\/www.ull.es\/masteres\/necesidades-especificas-apoyo-educativo\/#website\",\"url\":\"https:\/\/www.ull.es\/masteres\/necesidades-especificas-apoyo-educativo\/\",\"name\":\"M\u00e1ster Universitario en Necesidades Espec\u00edficas de Apoyo Educativo\",\"description\":\"\",\"potentialAction\":[{\"@type\":\"SearchAction\",\"target\":{\"@type\":\"EntryPoint\",\"urlTemplate\":\"https:\/\/www.ull.es\/masteres\/necesidades-especificas-apoyo-educativo\/?s={search_term_string}\"},\"query-input\":{\"@type\":\"PropertyValueSpecification\",\"valueRequired\":true,\"valueName\":\"search_term_string\"}}],\"inLanguage\":\"es\"}]}<\/script>\n<!-- \/ Yoast SEO plugin. -->","yoast_head_json":{"title":"Indicadores y resultados del t\u00edtulo - M\u00e1ster Universitario en Necesidades Espec\u00edficas de Apoyo Educativo","robots":{"index":"index","follow":"follow","max-snippet":"max-snippet:-1","max-image-preview":"max-image-preview:large","max-video-preview":"max-video-preview:-1"},"canonical":"https:\/\/www.ull.es\/masteres\/necesidades-especificas-apoyo-educativo\/calidad-y-resultados\/indicadores-y-resultados-del-titulo\/","og_locale":"es_ES","og_type":"article","og_title":"Indicadores y resultados del t\u00edtulo - M\u00e1ster Universitario en Necesidades Espec\u00edficas de Apoyo Educativo","og_description":"[vc_row][vc_column][vc_column_text] Indicadores y resultados del t\u00edtulo [\/vc_column_text][vc_column_text]A continuaci\u00f3n se presentan los principales resultados de la titulaci\u00f3n relacionados con el rendimiento acad\u00e9mico, principales indicadores, satisfacci\u00f3n de los grupos de inter\u00e9s e inserci\u00f3n laboral. Estos resultados se analizan peri\u00f3dicamente por los responsables del centro\/t\u00edtulo y sus comisiones de calidad, haci\u00e9ndose un seguimiento de su evoluci\u00f3n para su...","og_url":"https:\/\/www.ull.es\/masteres\/necesidades-especificas-apoyo-educativo\/calidad-y-resultados\/indicadores-y-resultados-del-titulo\/","og_site_name":"M\u00e1ster Universitario en Necesidades Espec\u00edficas de Apoyo Educativo","article_modified_time":"2018-06-12T09:04:35+00:00","twitter_card":"summary_large_image","twitter_misc":{"Tiempo de lectura":"3 minutos"},"schema":{"@context":"https:\/\/schema.org","@graph":[{"@type":"WebPage","@id":"https:\/\/www.ull.es\/masteres\/necesidades-especificas-apoyo-educativo\/calidad-y-resultados\/indicadores-y-resultados-del-titulo\/","url":"https:\/\/www.ull.es\/masteres\/necesidades-especificas-apoyo-educativo\/calidad-y-resultados\/indicadores-y-resultados-del-titulo\/","name":"Indicadores y resultados del t\u00edtulo - M\u00e1ster Universitario en Necesidades Espec\u00edficas de Apoyo Educativo","isPartOf":{"@id":"https:\/\/www.ull.es\/masteres\/necesidades-especificas-apoyo-educativo\/#website"},"datePublished":"2017-06-28T13:02:10+00:00","dateModified":"2018-06-12T09:04:35+00:00","breadcrumb":{"@id":"https:\/\/www.ull.es\/masteres\/necesidades-especificas-apoyo-educativo\/calidad-y-resultados\/indicadores-y-resultados-del-titulo\/#breadcrumb"},"inLanguage":"es","potentialAction":[{"@type":"ReadAction","target":["https:\/\/www.ull.es\/masteres\/necesidades-especificas-apoyo-educativo\/calidad-y-resultados\/indicadores-y-resultados-del-titulo\/"]}]},{"@type":"BreadcrumbList","@id":"https:\/\/www.ull.es\/masteres\/necesidades-especificas-apoyo-educativo\/calidad-y-resultados\/indicadores-y-resultados-del-titulo\/#breadcrumb","itemListElement":[{"@type":"ListItem","position":1,"name":"Portada","item":"https:\/\/www.ull.es\/masteres\/necesidades-especificas-apoyo-educativo\/"},{"@type":"ListItem","position":2,"name":"Calidad y resultados","item":"https:\/\/www.ull.es\/masteres\/necesidades-especificas-apoyo-educativo\/calidad-y-resultados\/"},{"@type":"ListItem","position":3,"name":"Indicadores y resultados del t\u00edtulo"}]},{"@type":"WebSite","@id":"https:\/\/www.ull.es\/masteres\/necesidades-especificas-apoyo-educativo\/#website","url":"https:\/\/www.ull.es\/masteres\/necesidades-especificas-apoyo-educativo\/","name":"M\u00e1ster Universitario en Necesidades Espec\u00edficas de Apoyo Educativo","description":"","potentialAction":[{"@type":"SearchAction","target":{"@type":"EntryPoint","urlTemplate":"https:\/\/www.ull.es\/masteres\/necesidades-especificas-apoyo-educativo\/?s={search_term_string}"},"query-input":{"@type":"PropertyValueSpecification","valueRequired":true,"valueName":"search_term_string"}}],"inLanguage":"es"}]}},"_links":{"self":[{"href":"https:\/\/www.ull.es\/masteres\/necesidades-especificas-apoyo-educativo\/wp-json\/wp\/v2\/pages\/44","targetHints":{"allow":["GET"]}}],"collection":[{"href":"https:\/\/www.ull.es\/masteres\/necesidades-especificas-apoyo-educativo\/wp-json\/wp\/v2\/pages"}],"about":[{"href":"https:\/\/www.ull.es\/masteres\/necesidades-especificas-apoyo-educativo\/wp-json\/wp\/v2\/types\/page"}],"author":[{"embeddable":true,"href":"https:\/\/www.ull.es\/masteres\/necesidades-especificas-apoyo-educativo\/wp-json\/wp\/v2\/users\/1"}],"replies":[{"embeddable":true,"href":"https:\/\/www.ull.es\/masteres\/necesidades-especificas-apoyo-educativo\/wp-json\/wp\/v2\/comments?post=44"}],"version-history":[{"count":11,"href":"https:\/\/www.ull.es\/masteres\/necesidades-especificas-apoyo-educativo\/wp-json\/wp\/v2\/pages\/44\/revisions"}],"predecessor-version":[{"id":645,"href":"https:\/\/www.ull.es\/masteres\/necesidades-especificas-apoyo-educativo\/wp-json\/wp\/v2\/pages\/44\/revisions\/645"}],"up":[{"embeddable":true,"href":"https:\/\/www.ull.es\/masteres\/necesidades-especificas-apoyo-educativo\/wp-json\/wp\/v2\/pages\/261"}],"wp:attachment":[{"href":"https:\/\/www.ull.es\/masteres\/necesidades-especificas-apoyo-educativo\/wp-json\/wp\/v2\/media?parent=44"}],"curies":[{"name":"wp","href":"https:\/\/api.w.org\/{rel}","templated":true}]}}