{"id":222,"date":"2017-03-09T12:21:32","date_gmt":"2017-03-09T12:21:32","guid":{"rendered":"https:\/\/www.ull.es\/portal\/225aniversario\/?page_id=222"},"modified":"2017-03-15T11:14:14","modified_gmt":"2017-03-15T11:14:14","slug":"saluda-del-rector","status":"publish","type":"page","link":"https:\/\/www.ull.es\/portal\/225aniversario\/saluda-del-rector\/","title":{"rendered":"Saluda del Rector"},"content":{"rendered":"<p>[vc_row][vc_column][vc_column_text]<img decoding=\"async\" loading=\"lazy\" class=\"alignright size-medium wp-image-273\" src=\"https:\/\/www.ull.es\/portal\/225aniversario\/wp-content\/uploads\/sites\/17\/2017\/03\/dr-d-antonio-martinon-rector-500x350-300x210.jpg\" alt=\"\" width=\"300\" height=\"210\" srcset=\"https:\/\/www.ull.es\/portal\/225aniversario\/wp-content\/uploads\/sites\/17\/2017\/03\/dr-d-antonio-martinon-rector-500x350-300x210.jpg 300w, https:\/\/www.ull.es\/portal\/225aniversario\/wp-content\/uploads\/sites\/17\/2017\/03\/dr-d-antonio-martinon-rector-500x350-375x263.jpg 375w, https:\/\/www.ull.es\/portal\/225aniversario\/wp-content\/uploads\/sites\/17\/2017\/03\/dr-d-antonio-martinon-rector-500x350.jpg 500w\" sizes=\"(max-width: 300px) 100vw, 300px\" \/><\/p>\n<p>La Universidad de La Laguna celebra este 2017 su 225 Aniversario, pues fue creada en 1792 por el rey Carlos IV, cabeza del poder pol\u00edtico en aquel momento. Fue el logro de una sociedad insular que deseaba desde hac\u00eda tiempo contar con un centro de estudios superiores.<\/p>\n<p>&nbsp;<\/p>\n<p>Desde entonces hasta ahora, esta Universidad ha vivido situaciones bien diferentes, incluidas los decretos de cierre que hicieron m\u00e1s dif\u00edcil la educaci\u00f3n universitaria para los canarios.<\/p>\n<p>&nbsp;<\/p>\n<p>Por fortuna, a partir de 1913, de modo especial desde 1927, la actividad universitaria en Canarias ha sido permanente y podemos decir con satisfacci\u00f3n que m\u00e1s amplia y m\u00e1s intensa a medida que ha pasado el tiempo.<\/p>\n<p>&nbsp;<\/p>\n<p>Ahora que conmemoramos los 225 a\u00f1os nos sentimos deudores del esfuerzo que la sociedad canaria ha hecho por tener su universidad y agradecidos a las personas que antes que nosotros han cultivado en ella el estudio, la ense\u00f1anza y la investigaci\u00f3n, as\u00ed como a quienes han atendido la administraci\u00f3n y los servicios, y, muy en especial, a las muchas generaciones de estudiantes que se han formado en sus aulas. Lo que hoy somos se lo debemos en buena medida a todos ellos.<\/p>\n<p>&nbsp;<\/p>\n<p>Nuestra Universidad ha aportado a Canarias la ense\u00f1anza superior y con ella la investigaci\u00f3n en los \u00e1mbitos m\u00e1s diversos, entre ellos\u00a0 los relativos a nuestro propio Archipi\u00e9lago, especialmente con la creaci\u00f3n del Instituto de Estudios Canarios.<\/p>\n<p>&nbsp;<\/p>\n<p>Ha sido importante el compromiso de esta Universidad, como el de muchas otras, con los derechos humanos en cualquier lugar del mundo. Tambi\u00e9n la Universidad de La Laguna ha contribuido de forma decisiva a la configuraci\u00f3n actual de Canarias como unidad pol\u00edtica, econ\u00f3mica, social y cultural.<\/p>\n<p>&nbsp;<\/p>\n<p>Tras 225 a\u00f1os de vida, nuestra Universidad contempla hoy su futuro con la idea de que es una instituci\u00f3n fundamental para el progreso econ\u00f3mico, social y cultural de las Islas. Es una universidad canaria, y por tanto lo es espa\u00f1ola y europea, que basa su actuaci\u00f3n en los principios de igualdad, justicia y libertad. En ese marco tenemos el compromiso de alcanzar una ense\u00f1anza de calidad, desarrollar una investigaci\u00f3n de vanguardia y mantener una estrecha relaci\u00f3n con la sociedad. Queremos que Canarias se sienta todav\u00eda m\u00e1s orgullosa de su Universidad de La Laguna.<\/p>\n<p>&nbsp;<\/p>\n<p>Felicito en este 225 Aniversario al conjunto de la sociedad canaria, que ha logrado mantener su universidad pese a las dificultades a las que se ha enfrentado. Tambi\u00e9n felicito a quienes hoy formamos parte de la comunidad universitaria y les animo a situar como prioridad absoluta el servicio a nuestra sociedad, la que ha logrado que existamos y que ha depositado en nosotros muchas de sus esperanzas.<\/p>\n<p>&nbsp;<\/p>\n<p>Con motivo de esta celebraci\u00f3n se han seleccionado algunas actividades docentes, investigadoras, culturales y l\u00fadicas para configurar una relaci\u00f3n de\u00a0 actos en los que se muestra a la sociedad una parte peque\u00f1a pero representativa de la labor que d\u00eda a d\u00eda realizamos. Disfrutemos todos de este 225 Aniversario.<\/p>\n<p>Antonio Martin\u00f3n Cejas<br \/>\nRector[\/vc_column_text][\/vc_column][\/vc_row]<\/p>\n","protected":false},"excerpt":{"rendered":"<p>[vc_row][vc_column][vc_column_text] La Universidad de La Laguna celebra este 2017 su 225 Aniversario, pues fue creada en 1792 por el rey Carlos IV, cabeza del poder pol\u00edtico en aquel momento. Fue el logro de una sociedad insular que deseaba desde hac\u00eda tiempo contar con un centro de estudios superiores. &nbsp; Desde entonces hasta ahora, esta Universidad&#8230;<\/p>\n","protected":false},"author":1,"featured_media":273,"parent":0,"menu_order":0,"comment_status":"closed","ping_status":"closed","template":"templates\/template-aniversario.php","meta":{"inline_featured_image":false,"footnotes":""},"acf":[],"yoast_head":"<!-- This site is optimized with the Yoast SEO plugin v21.3 - https:\/\/yoast.com\/wordpress\/plugins\/seo\/ -->\n<title>Saluda del Rector - 225 Aniversario ULL<\/title>\n<meta name=\"robots\" content=\"index, follow, max-snippet:-1, max-image-preview:large, max-video-preview:-1\" \/>\n<link rel=\"canonical\" href=\"https:\/\/www.ull.es\/portal\/225aniversario\/saluda-del-rector\/\" \/>\n<meta property=\"og:locale\" content=\"es_ES\" \/>\n<meta property=\"og:type\" content=\"article\" \/>\n<meta property=\"og:title\" content=\"Saluda del Rector - 225 Aniversario ULL\" \/>\n<meta property=\"og:description\" content=\"[vc_row][vc_column][vc_column_text] La Universidad de La Laguna celebra este 2017 su 225 Aniversario, pues fue creada en 1792 por el rey Carlos IV, cabeza del poder pol\u00edtico en aquel momento. Fue el logro de una sociedad insular que deseaba desde hac\u00eda tiempo contar con un centro de estudios superiores. &nbsp; Desde entonces hasta ahora, esta Universidad...\" \/>\n<meta property=\"og:url\" content=\"https:\/\/www.ull.es\/portal\/225aniversario\/saluda-del-rector\/\" \/>\n<meta property=\"og:site_name\" content=\"225 Aniversario ULL\" \/>\n<meta property=\"article:modified_time\" content=\"2017-03-15T11:14:14+00:00\" \/>\n<meta property=\"og:image\" content=\"https:\/\/www.ull.es\/portal\/225aniversario\/wp-content\/uploads\/sites\/17\/2017\/03\/dr-d-antonio-martinon-rector-500x350.jpg\" \/>\n\t<meta property=\"og:image:width\" content=\"500\" \/>\n\t<meta property=\"og:image:height\" content=\"350\" \/>\n\t<meta property=\"og:image:type\" content=\"image\/jpeg\" \/>\n<meta name=\"twitter:card\" content=\"summary_large_image\" \/>\n<meta name=\"twitter:label1\" content=\"Tiempo de lectura\" \/>\n\t<meta name=\"twitter:data1\" content=\"3 minutos\" \/>\n<script type=\"application\/ld+json\" class=\"yoast-schema-graph\">{\"@context\":\"https:\/\/schema.org\",\"@graph\":[{\"@type\":\"WebPage\",\"@id\":\"https:\/\/www.ull.es\/portal\/225aniversario\/saluda-del-rector\/\",\"url\":\"https:\/\/www.ull.es\/portal\/225aniversario\/saluda-del-rector\/\",\"name\":\"Saluda del Rector - 225 Aniversario ULL\",\"isPartOf\":{\"@id\":\"https:\/\/www.ull.es\/portal\/225aniversario\/#website\"},\"datePublished\":\"2017-03-09T12:21:32+00:00\",\"dateModified\":\"2017-03-15T11:14:14+00:00\",\"breadcrumb\":{\"@id\":\"https:\/\/www.ull.es\/portal\/225aniversario\/saluda-del-rector\/#breadcrumb\"},\"inLanguage\":\"es\",\"potentialAction\":[{\"@type\":\"ReadAction\",\"target\":[\"https:\/\/www.ull.es\/portal\/225aniversario\/saluda-del-rector\/\"]}]},{\"@type\":\"BreadcrumbList\",\"@id\":\"https:\/\/www.ull.es\/portal\/225aniversario\/saluda-del-rector\/#breadcrumb\",\"itemListElement\":[{\"@type\":\"ListItem\",\"position\":1,\"name\":\"Portada\",\"item\":\"https:\/\/www.ull.es\/portal\/225aniversario\/\"},{\"@type\":\"ListItem\",\"position\":2,\"name\":\"Saluda del Rector\"}]},{\"@type\":\"WebSite\",\"@id\":\"https:\/\/www.ull.es\/portal\/225aniversario\/#website\",\"url\":\"https:\/\/www.ull.es\/portal\/225aniversario\/\",\"name\":\"225 Aniversario ULL\",\"description\":\"\",\"potentialAction\":[{\"@type\":\"SearchAction\",\"target\":{\"@type\":\"EntryPoint\",\"urlTemplate\":\"https:\/\/www.ull.es\/portal\/225aniversario\/?s={search_term_string}\"},\"query-input\":\"required name=search_term_string\"}],\"inLanguage\":\"es\"}]}<\/script>\n<!-- \/ Yoast SEO plugin. -->","yoast_head_json":{"title":"Saluda del Rector - 225 Aniversario ULL","robots":{"index":"index","follow":"follow","max-snippet":"max-snippet:-1","max-image-preview":"max-image-preview:large","max-video-preview":"max-video-preview:-1"},"canonical":"https:\/\/www.ull.es\/portal\/225aniversario\/saluda-del-rector\/","og_locale":"es_ES","og_type":"article","og_title":"Saluda del Rector - 225 Aniversario ULL","og_description":"[vc_row][vc_column][vc_column_text] La Universidad de La Laguna celebra este 2017 su 225 Aniversario, pues fue creada en 1792 por el rey Carlos IV, cabeza del poder pol\u00edtico en aquel momento. Fue el logro de una sociedad insular que deseaba desde hac\u00eda tiempo contar con un centro de estudios superiores. &nbsp; Desde entonces hasta ahora, esta Universidad...","og_url":"https:\/\/www.ull.es\/portal\/225aniversario\/saluda-del-rector\/","og_site_name":"225 Aniversario ULL","article_modified_time":"2017-03-15T11:14:14+00:00","og_image":[{"width":500,"height":350,"url":"https:\/\/www.ull.es\/portal\/225aniversario\/wp-content\/uploads\/sites\/17\/2017\/03\/dr-d-antonio-martinon-rector-500x350.jpg","type":"image\/jpeg"}],"twitter_card":"summary_large_image","twitter_misc":{"Tiempo de lectura":"3 minutos"},"schema":{"@context":"https:\/\/schema.org","@graph":[{"@type":"WebPage","@id":"https:\/\/www.ull.es\/portal\/225aniversario\/saluda-del-rector\/","url":"https:\/\/www.ull.es\/portal\/225aniversario\/saluda-del-rector\/","name":"Saluda del Rector - 225 Aniversario ULL","isPartOf":{"@id":"https:\/\/www.ull.es\/portal\/225aniversario\/#website"},"datePublished":"2017-03-09T12:21:32+00:00","dateModified":"2017-03-15T11:14:14+00:00","breadcrumb":{"@id":"https:\/\/www.ull.es\/portal\/225aniversario\/saluda-del-rector\/#breadcrumb"},"inLanguage":"es","potentialAction":[{"@type":"ReadAction","target":["https:\/\/www.ull.es\/portal\/225aniversario\/saluda-del-rector\/"]}]},{"@type":"BreadcrumbList","@id":"https:\/\/www.ull.es\/portal\/225aniversario\/saluda-del-rector\/#breadcrumb","itemListElement":[{"@type":"ListItem","position":1,"name":"Portada","item":"https:\/\/www.ull.es\/portal\/225aniversario\/"},{"@type":"ListItem","position":2,"name":"Saluda del Rector"}]},{"@type":"WebSite","@id":"https:\/\/www.ull.es\/portal\/225aniversario\/#website","url":"https:\/\/www.ull.es\/portal\/225aniversario\/","name":"225 Aniversario ULL","description":"","potentialAction":[{"@type":"SearchAction","target":{"@type":"EntryPoint","urlTemplate":"https:\/\/www.ull.es\/portal\/225aniversario\/?s={search_term_string}"},"query-input":"required name=search_term_string"}],"inLanguage":"es"}]}},"_links":{"self":[{"href":"https:\/\/www.ull.es\/portal\/225aniversario\/wp-json\/wp\/v2\/pages\/222"}],"collection":[{"href":"https:\/\/www.ull.es\/portal\/225aniversario\/wp-json\/wp\/v2\/pages"}],"about":[{"href":"https:\/\/www.ull.es\/portal\/225aniversario\/wp-json\/wp\/v2\/types\/page"}],"author":[{"embeddable":true,"href":"https:\/\/www.ull.es\/portal\/225aniversario\/wp-json\/wp\/v2\/users\/1"}],"replies":[{"embeddable":true,"href":"https:\/\/www.ull.es\/portal\/225aniversario\/wp-json\/wp\/v2\/comments?post=222"}],"version-history":[{"count":6,"href":"https:\/\/www.ull.es\/portal\/225aniversario\/wp-json\/wp\/v2\/pages\/222\/revisions"}],"predecessor-version":[{"id":282,"href":"https:\/\/www.ull.es\/portal\/225aniversario\/wp-json\/wp\/v2\/pages\/222\/revisions\/282"}],"wp:featuredmedia":[{"embeddable":true,"href":"https:\/\/www.ull.es\/portal\/225aniversario\/wp-json\/wp\/v2\/media\/273"}],"wp:attachment":[{"href":"https:\/\/www.ull.es\/portal\/225aniversario\/wp-json\/wp\/v2\/media?parent=222"}],"curies":[{"name":"wp","href":"https:\/\/api.w.org\/{rel}","templated":true}]}}