{"id":10180,"date":"2019-02-21T12:00:46","date_gmt":"2019-02-21T12:00:46","guid":{"rendered":"https:\/\/www.ull.es\/portal\/agenda\/?post_type=tribe_events&#038;p=10180"},"modified":"2019-05-15T08:26:17","modified_gmt":"2019-05-15T08:26:17","slug":"buenavista-del-norte","status":"publish","type":"tribe_events","link":"https:\/\/www.ull.es\/portal\/agenda\/evento\/buenavista-del-norte\/","title":{"rendered":"Mujer, discapacidad y g\u00e9nero en el turismo de aventura y experiencias &#8211; 1 ECTS"},"content":{"rendered":"<p>Curso organizado por el Vicerrectorado de Relaciones con la Sociedad y el Ilustre Ayuntamiento de Buenavista del Norte, dentro de la programaci\u00f3n de la convocatoria de Cursos de Extensi\u00f3n Universitaria en el \u00e1mbito municipal \u201cAyuntamientos 2019\u201d,\u00a0que se desarrollar\u00e1 entre el 13 y 15 de mayo de 2019.<\/p>\n<p>Se trata de una actividad preliminar a las jornadas centradas en el empoderamiento de las personas con diversidad funcional, y en las que se promueve la inclusio\u0301n plena y el desarrollo local apostando por la transformacio\u0301n social, denominadas \u00abBuenavista Diversa\u00bb.<\/p>\n<p>Objetivos:<\/p>\n<ul>\n<li>Abordar la cuesti\u00f3n del turismo accesible, ampliando la accesibilidad a las mujeres.<\/li>\n<li>Identificar necesidades en cuanto al turismo en personas con diversidad funcional.<\/li>\n<li>Conocer experiencias pr\u00e1cticas en el entorno del turismo accesible.<\/li>\n<li>Aprender claves para dise\u00f1ar, planificar, programar y evaluar actividades de ocio y tiempo libre.<\/li>\n<\/ul>\n<p>Dirigido por:<\/p>\n<ul>\n<li>Alberto Jonay Rodr\u00edguez Darias. Profesor Ayudante Doctor. Departamento de Sociolog\u00eda y Antropolog\u00eda de la ULL.<\/li>\n<li>Laura Aguilera \u00c1vila. Profesora Ayudante Doctora. Departamento de Ciencias de la Comunicaci\u00f3n y Trabajo Social de la ULL.<\/li>\n<\/ul>\n<p><a href=\"https:\/\/sede.fg.ull.es\/es\/curso\/detalle\/a19020025\/buenavista-mujer-discapacidad-y-genero-en-el-turismo-de-aventura-y-experiencias\" target=\"_blank\" rel=\"noopener\" target=\"_blank\" rel=\"noopener\"><strong><u>Consulta el programa e inscr\u00edbete aqu\u00ed.<\/u><\/strong><\/a><\/p>\n<p><strong>Contacto: 922 319 616 \/ 922 319 626 \u2013\u00a0<\/strong><a href=\"mailto:extuni@ull.edu.es\" target=\"_blank\" rel=\"noopener\"><strong>extuni@ull.es<\/strong><\/a><\/p>\n","protected":false},"excerpt":{"rendered":"<p>Curso organizado por el Vicerrectorado de Relaciones con la Sociedad y el Ilustre Ayuntamiento de Buenavista del Norte, dentro de la programaci\u00f3n de la convocatoria de Cursos de Extensi\u00f3n Universitaria en el \u00e1mbito municipal \u201cAyuntamientos 2019\u201d,\u00a0que se desarrollar\u00e1 entre el 13 y 15 de mayo de 2019. Se trata de una actividad preliminar a las&#8230;<\/p>\n","protected":false},"author":43,"featured_media":10564,"comment_status":"closed","ping_status":"closed","template":"","tags":[],"tribe_events_cat":[469,4,186],"acf":[],"yoast_head":"<!-- This site is optimized with the Yoast SEO plugin v21.3 - https:\/\/yoast.com\/wordpress\/plugins\/seo\/ -->\n<title>Mujer, discapacidad y g\u00e9nero en el turismo de aventura y experiencias<\/title>\n<meta name=\"description\" content=\"Curso organizado por el Vicerrectorado de Relaciones con la Sociedad y el Ilustre Ayuntamiento de Buenavista del Norte, dentro de la programaci\u00f3n de la convocatoria de Cursos de Extensi\u00f3n Universitaria en el \u00e1mbito municipal \u201cAyuntamientos 2019\u201d.\" \/>\n<meta name=\"robots\" content=\"index, follow, max-snippet:-1, max-image-preview:large, max-video-preview:-1\" \/>\n<link rel=\"canonical\" href=\"https:\/\/www.ull.es\/portal\/agenda\/evento\/buenavista-del-norte\/\" \/>\n<meta property=\"og:locale\" content=\"es_ES\" \/>\n<meta property=\"og:type\" content=\"article\" \/>\n<meta property=\"og:title\" content=\"Mujer, discapacidad y g\u00e9nero en el turismo de aventura y experiencias\" \/>\n<meta property=\"og:description\" content=\"Curso organizado por el Vicerrectorado de Relaciones con la Sociedad y el Ilustre Ayuntamiento de Buenavista del Norte, dentro de la programaci\u00f3n de la convocatoria de Cursos de Extensi\u00f3n Universitaria en el \u00e1mbito municipal \u201cAyuntamientos 2019\u201d.\" \/>\n<meta property=\"og:url\" content=\"https:\/\/www.ull.es\/portal\/agenda\/evento\/buenavista-del-norte\/\" \/>\n<meta property=\"og:site_name\" content=\"ULL - Agenda\" \/>\n<meta property=\"article:modified_time\" content=\"2019-05-15T08:26:17+00:00\" \/>\n<meta property=\"og:image\" content=\"https:\/\/www.ull.es\/portal\/agenda\/wp-content\/uploads\/sites\/12\/2019\/01\/Buenavista-Mujer-discapacidad.jpg\" \/>\n\t<meta property=\"og:image:width\" content=\"700\" \/>\n\t<meta property=\"og:image:height\" content=\"350\" \/>\n\t<meta property=\"og:image:type\" content=\"image\/jpeg\" \/>\n<meta name=\"twitter:card\" content=\"summary_large_image\" \/>\n<meta name=\"twitter:label1\" content=\"Tiempo de lectura\" \/>\n\t<meta name=\"twitter:data1\" content=\"1 minuto\" \/>\n<script type=\"application\/ld+json\" class=\"yoast-schema-graph\">{\"@context\":\"https:\/\/schema.org\",\"@graph\":[{\"@type\":\"WebPage\",\"@id\":\"https:\/\/www.ull.es\/portal\/agenda\/evento\/buenavista-del-norte\/\",\"url\":\"https:\/\/www.ull.es\/portal\/agenda\/evento\/buenavista-del-norte\/\",\"name\":\"Mujer, discapacidad y g\u00e9nero en el turismo de aventura y experiencias\",\"isPartOf\":{\"@id\":\"https:\/\/www.ull.es\/portal\/agenda\/#website\"},\"datePublished\":\"2019-02-21T12:00:46+00:00\",\"dateModified\":\"2019-05-15T08:26:17+00:00\",\"description\":\"Curso organizado por el Vicerrectorado de Relaciones con la Sociedad y el Ilustre Ayuntamiento de Buenavista del Norte, dentro de la programaci\u00f3n de la convocatoria de Cursos de Extensi\u00f3n Universitaria en el \u00e1mbito municipal \u201cAyuntamientos 2019\u201d.\",\"breadcrumb\":{\"@id\":\"https:\/\/www.ull.es\/portal\/agenda\/evento\/buenavista-del-norte\/#breadcrumb\"},\"inLanguage\":\"es\",\"potentialAction\":[{\"@type\":\"ReadAction\",\"target\":[\"https:\/\/www.ull.es\/portal\/agenda\/evento\/buenavista-del-norte\/\"]}]},{\"@type\":\"BreadcrumbList\",\"@id\":\"https:\/\/www.ull.es\/portal\/agenda\/evento\/buenavista-del-norte\/#breadcrumb\",\"itemListElement\":[{\"@type\":\"ListItem\",\"position\":1,\"name\":\"Portada\",\"item\":\"https:\/\/www.ull.es\/portal\/agenda\/\"},{\"@type\":\"ListItem\",\"position\":2,\"name\":\"Mujer, discapacidad y g\u00e9nero en el turismo de aventura y experiencias &#8211; 1 ECTS\"}]},{\"@type\":\"WebSite\",\"@id\":\"https:\/\/www.ull.es\/portal\/agenda\/#website\",\"url\":\"https:\/\/www.ull.es\/portal\/agenda\/\",\"name\":\"ULL - Agenda\",\"description\":\"\",\"potentialAction\":[{\"@type\":\"SearchAction\",\"target\":{\"@type\":\"EntryPoint\",\"urlTemplate\":\"https:\/\/www.ull.es\/portal\/agenda\/?s={search_term_string}\"},\"query-input\":\"required name=search_term_string\"}],\"inLanguage\":\"es\"}]}<\/script>\n<!-- \/ Yoast SEO plugin. -->","yoast_head_json":{"title":"Mujer, discapacidad y g\u00e9nero en el turismo de aventura y experiencias","description":"Curso organizado por el Vicerrectorado de Relaciones con la Sociedad y el Ilustre Ayuntamiento de Buenavista del Norte, dentro de la programaci\u00f3n de la convocatoria de Cursos de Extensi\u00f3n Universitaria en el \u00e1mbito municipal \u201cAyuntamientos 2019\u201d.","robots":{"index":"index","follow":"follow","max-snippet":"max-snippet:-1","max-image-preview":"max-image-preview:large","max-video-preview":"max-video-preview:-1"},"canonical":"https:\/\/www.ull.es\/portal\/agenda\/evento\/buenavista-del-norte\/","og_locale":"es_ES","og_type":"article","og_title":"Mujer, discapacidad y g\u00e9nero en el turismo de aventura y experiencias","og_description":"Curso organizado por el Vicerrectorado de Relaciones con la Sociedad y el Ilustre Ayuntamiento de Buenavista del Norte, dentro de la programaci\u00f3n de la convocatoria de Cursos de Extensi\u00f3n Universitaria en el \u00e1mbito municipal \u201cAyuntamientos 2019\u201d.","og_url":"https:\/\/www.ull.es\/portal\/agenda\/evento\/buenavista-del-norte\/","og_site_name":"ULL - Agenda","article_modified_time":"2019-05-15T08:26:17+00:00","og_image":[{"width":700,"height":350,"url":"https:\/\/www.ull.es\/portal\/agenda\/wp-content\/uploads\/sites\/12\/2019\/01\/Buenavista-Mujer-discapacidad.jpg","type":"image\/jpeg"}],"twitter_card":"summary_large_image","twitter_misc":{"Tiempo de lectura":"1 minuto"},"schema":{"@context":"https:\/\/schema.org","@graph":[{"@type":"WebPage","@id":"https:\/\/www.ull.es\/portal\/agenda\/evento\/buenavista-del-norte\/","url":"https:\/\/www.ull.es\/portal\/agenda\/evento\/buenavista-del-norte\/","name":"Mujer, discapacidad y g\u00e9nero en el turismo de aventura y experiencias","isPartOf":{"@id":"https:\/\/www.ull.es\/portal\/agenda\/#website"},"datePublished":"2019-02-21T12:00:46+00:00","dateModified":"2019-05-15T08:26:17+00:00","description":"Curso organizado por el Vicerrectorado de Relaciones con la Sociedad y el Ilustre Ayuntamiento de Buenavista del Norte, dentro de la programaci\u00f3n de la convocatoria de Cursos de Extensi\u00f3n Universitaria en el \u00e1mbito municipal \u201cAyuntamientos 2019\u201d.","breadcrumb":{"@id":"https:\/\/www.ull.es\/portal\/agenda\/evento\/buenavista-del-norte\/#breadcrumb"},"inLanguage":"es","potentialAction":[{"@type":"ReadAction","target":["https:\/\/www.ull.es\/portal\/agenda\/evento\/buenavista-del-norte\/"]}]},{"@type":"BreadcrumbList","@id":"https:\/\/www.ull.es\/portal\/agenda\/evento\/buenavista-del-norte\/#breadcrumb","itemListElement":[{"@type":"ListItem","position":1,"name":"Portada","item":"https:\/\/www.ull.es\/portal\/agenda\/"},{"@type":"ListItem","position":2,"name":"Mujer, discapacidad y g\u00e9nero en el turismo de aventura y experiencias &#8211; 1 ECTS"}]},{"@type":"WebSite","@id":"https:\/\/www.ull.es\/portal\/agenda\/#website","url":"https:\/\/www.ull.es\/portal\/agenda\/","name":"ULL - Agenda","description":"","potentialAction":[{"@type":"SearchAction","target":{"@type":"EntryPoint","urlTemplate":"https:\/\/www.ull.es\/portal\/agenda\/?s={search_term_string}"},"query-input":"required name=search_term_string"}],"inLanguage":"es"}]}},"_links":{"self":[{"href":"https:\/\/www.ull.es\/portal\/agenda\/wp-json\/wp\/v2\/tribe_events\/10180"}],"collection":[{"href":"https:\/\/www.ull.es\/portal\/agenda\/wp-json\/wp\/v2\/tribe_events"}],"about":[{"href":"https:\/\/www.ull.es\/portal\/agenda\/wp-json\/wp\/v2\/types\/tribe_events"}],"author":[{"embeddable":true,"href":"https:\/\/www.ull.es\/portal\/agenda\/wp-json\/wp\/v2\/users\/43"}],"replies":[{"embeddable":true,"href":"https:\/\/www.ull.es\/portal\/agenda\/wp-json\/wp\/v2\/comments?post=10180"}],"version-history":[{"count":10,"href":"https:\/\/www.ull.es\/portal\/agenda\/wp-json\/wp\/v2\/tribe_events\/10180\/revisions"}],"predecessor-version":[{"id":16477,"href":"https:\/\/www.ull.es\/portal\/agenda\/wp-json\/wp\/v2\/tribe_events\/10180\/revisions\/16477"}],"wp:featuredmedia":[{"embeddable":true,"href":"https:\/\/www.ull.es\/portal\/agenda\/wp-json\/wp\/v2\/media\/10564"}],"wp:attachment":[{"href":"https:\/\/www.ull.es\/portal\/agenda\/wp-json\/wp\/v2\/media?parent=10180"}],"wp:term":[{"taxonomy":"post_tag","embeddable":true,"href":"https:\/\/www.ull.es\/portal\/agenda\/wp-json\/wp\/v2\/tags?post=10180"},{"taxonomy":"tribe_events_cat","embeddable":true,"href":"https:\/\/www.ull.es\/portal\/agenda\/wp-json\/wp\/v2\/tribe_events_cat?post=10180"}],"curies":[{"name":"wp","href":"https:\/\/api.w.org\/{rel}","templated":true}]}}

Mujer, discapacidad y género en el turismo de aventura y experiencias &#8211; 1 ECTS

<p>Curso organizado por el Vicerrectorado de Relaciones con la Sociedad y el Ilustre Ayuntamiento de Buenavista del Norte, dentro de la programación de la convocatoria de Cursos de Extensión Universitaria en el ámbito municipal “Ayuntamientos 2019”, que se desarrollará entre el 13 y 15 de mayo de 2019.</p>
<p>Se trata de una actividad preliminar a las jornadas centradas en el empoderamiento de las personas con diversidad funcional, y en las que se promueve la inclusión plena y el desarrollo local apostando por la transformación social, denominadas «Buenavista Diversa».</p>
<p>Objetivos:</p>
<ul>
<li>Abordar la cuestión del turismo accesible, ampliando la accesibilidad a las mujeres.</li>
<li>Identificar necesidades en cuanto al turismo en personas con diversidad funcional.</li>
<li>Conocer experiencias prácticas en el entorno del turismo accesible.</li>
<li>Aprender claves para diseñar, planificar, programar y evaluar actividades de ocio y tiempo libre.</li>
</ul>
<p>Dirigido por:</p>
<ul>
<li>Alberto Jonay Rodríguez Darias. Profesor Ayudante Doctor. Departamento de Sociología y Antropología de la ULL.</li>
<li>Laura Aguilera Ávila. Profesora Ayudante Doctora. Departamento de Ciencias de la Comunicación y Trabajo Social de la ULL.</li>
</ul>
<p><a href="https://sede.fg.ull.es/es/curso/detalle/a19020025/buenavista-mujer-discapacidad-y-genero-en-el-turismo-de-aventura-y-experiencias" target="_blank" rel="noopener" target="_blank" rel="noopener"><strong><u>Consulta el programa e inscríbete aquí.</u></strong></a></p>
<p><strong>Contacto: 922 319 616 / 922 319 626 – </strong><a href="mailto:extuni@ull.edu.es" target="_blank" rel="noopener"><strong>extuni@ull.es</strong></a></p>

<p>Curso organizado por el Vicerrectorado de Relaciones con la Sociedad y el Ilustre Ayuntamiento de Buenavista del Norte, dentro de la programación de la convocatoria de Cursos de Extensión Universitaria en el ámbito municipal “Ayuntamientos 2019”, que se desarrollará entre el 13 y 15 de mayo de 2019. Se trata de una actividad preliminar a las&#8230;</p>

<!-- This site is optimized with the Yoast SEO plugin v21.3 - https://yoast.com/wordpress/plugins/seo/ -->
<title>Mujer, discapacidad y género en el turismo de aventura y experiencias</title>
<meta name="description" content="Curso organizado por el Vicerrectorado de Relaciones con la Sociedad y el Ilustre Ayuntamiento de Buenavista del Norte, dentro de la programación de la convocatoria de Cursos de Extensión Universitaria en el ámbito municipal “Ayuntamientos 2019”." />
<meta name="robots" content="index, follow, max-snippet:-1, max-image-preview:large, max-video-preview:-1" />
<link rel="canonical" href="https://www.ull.es/portal/agenda/evento/buenavista-del-norte/" />
<meta property="og:locale" content="es_ES" />
<meta property="og:type" content="article" />
<meta property="og:title" content="Mujer, discapacidad y género en el turismo de aventura y experiencias" />
<meta property="og:description" content="Curso organizado por el Vicerrectorado de Relaciones con la Sociedad y el Ilustre Ayuntamiento de Buenavista del Norte, dentro de la programación de la convocatoria de Cursos de Extensión Universitaria en el ámbito municipal “Ayuntamientos 2019”." />
<meta property="og:url" content="https://www.ull.es/portal/agenda/evento/buenavista-del-norte/" />
<meta property="og:site_name" content="ULL - Agenda" />
<meta property="article:modified_time" content="2019-05-15T08:26:17+00:00" />
<meta property="og:image" content="https://www.ull.es/portal/agenda/wp-content/uploads/sites/12/2019/01/Buenavista-Mujer-discapacidad.jpg" />
	<meta property="og:image:width" content="700" />
	<meta property="og:image:height" content="350" />
	<meta property="og:image:type" content="image/jpeg" />
<meta name="twitter:card" content="summary_large_image" />
<meta name="twitter:label1" content="Tiempo de lectura" />
	<meta name="twitter:data1" content="1 minuto" />
<script type="application/ld+json" class="yoast-schema-graph">{"@context":"https://schema.org","@graph":[{"@type":"WebPage","@id":"https://www.ull.es/portal/agenda/evento/buenavista-del-norte/","url":"https://www.ull.es/portal/agenda/evento/buenavista-del-norte/","name":"Mujer, discapacidad y género en el turismo de aventura y experiencias","isPartOf":{"@id":"https://www.ull.es/portal/agenda/#website"},"datePublished":"2019-02-21T12:00:46+00:00","dateModified":"2019-05-15T08:26:17+00:00","description":"Curso organizado por el Vicerrectorado de Relaciones con la Sociedad y el Ilustre Ayuntamiento de Buenavista del Norte, dentro de la programación de la convocatoria de Cursos de Extensión Universitaria en el ámbito municipal “Ayuntamientos 2019”.","breadcrumb":{"@id":"https://www.ull.es/portal/agenda/evento/buenavista-del-norte/#breadcrumb"},"inLanguage":"es","potentialAction":[{"@type":"ReadAction","target":["https://www.ull.es/portal/agenda/evento/buenavista-del-norte/"]}]},{"@type":"BreadcrumbList","@id":"https://www.ull.es/portal/agenda/evento/buenavista-del-norte/#breadcrumb","itemListElement":[{"@type":"ListItem","position":1,"name":"Portada","item":"https://www.ull.es/portal/agenda/"},{"@type":"ListItem","position":2,"name":"Mujer, discapacidad y género en el turismo de aventura y experiencias &#8211; 1 ECTS"}]},{"@type":"WebSite","@id":"https://www.ull.es/portal/agenda/#website","url":"https://www.ull.es/portal/agenda/","name":"ULL - Agenda","description":"","potentialAction":[{"@type":"SearchAction","target":{"@type":"EntryPoint","urlTemplate":"https://www.ull.es/portal/agenda/?s={search_term_string}"},"query-input":"required name=search_term_string"}],"inLanguage":"es"}]}</script>
<!-- / Yoast SEO plugin. -->

Mujer, discapacidad y género en el turismo de aventura y experiencias

Curso organizado por el Vicerrectorado de Relaciones con la Sociedad y el Ilustre Ayuntamiento de Buenavista del Norte, dentro de la programación de la convocatoria de Cursos de Extensión Universitaria en el ámbito municipal “Ayuntamientos 2019”.
