{"id":10543,"date":"2019-02-10T21:09:01","date_gmt":"2019-02-10T21:09:01","guid":{"rendered":"https:\/\/www.ull.es\/portal\/agenda\/?post_type=tribe_events&#038;p=10543"},"modified":"2019-03-06T16:22:03","modified_gmt":"2019-03-06T16:22:03","slug":"bim-en-el-ambito-de-las-administraciones-publicas-hacia-un-lenguaje-comun","status":"publish","type":"tribe_events","link":"https:\/\/www.ull.es\/portal\/agenda\/evento\/bim-en-el-ambito-de-las-administraciones-publicas-hacia-un-lenguaje-comun\/","title":{"rendered":"BIM en el \u00e1mbito de las Administraciones P\u00fablicas: hacia un lenguaje com\u00fan"},"content":{"rendered":"<p>El sector de la construcci\u00f3n vinculado a la Administraci\u00f3n P\u00fablica est\u00e1 asistiendo a cambios de gran trascendencia. Las licitaciones de obra p\u00fablica de edificaci\u00f3n deber\u00e1n incorporar requisitos BIM desde el 17 de diciembre de 2018 y, para infraestructuras la obligaci\u00f3n ser\u00e1 efectiva a partir del 26 de julio de 2019 por parte del Ministerio de Fomento.<\/p>\n<p><strong>Objetivo de la jornada.<\/strong><\/p>\n<p>La jornada, de tres horas de duraci\u00f3n, presentar\u00e1 qu\u00e9 es el BIM, consejos para implantarlo de una forma f\u00e1cil, qu\u00e9 herramientas son necesarias (hardware, software y sistemas) y c\u00f3mo esta nueva metodolog\u00eda contribuir\u00e1 a transformar la manera de proyectar, construir y mantener los edificios y las infraestructuras de nuestro territorio.<\/p>\n<p>Adem\u00e1s, se presentar\u00e1n los \u00faltimos avances desarrollados en la relaci\u00f3n entre BIM y SIG, entre los datos de un proyecto modelado en 3D y los sistemas de informaci\u00f3n geogr\u00e1ficos: su conexi\u00f3n.<\/p>\n<p><strong>Te interesa si eres\u2026<\/strong><\/p>\n<p>Un t\u00e9cnico o profesional o directivo con responsabilidades en las \u00e1reas de lo que conlleva la nueva administraci\u00f3n electr\u00f3nica, urbanismo, arquitectura y obra nueva, la obra existente y patrimonio catalogado o medioambiente, vista la obligaci\u00f3n de la nueva Ley de Contratos del Sector P\u00fablico desde su entrada en vigor el 8 de marzo de 2018.<\/p>\n<p>Tambi\u00e9n es interesante para regidores, responsables de oficinas t\u00e9cnicas y representantes electos de cualquier administraci\u00f3n con el urbanismo y las Smart Cities.<\/p>\n<p><strong><a href=\"https:\/\/www.eventbrite.es\/e\/entradas-bim-en-el-ambito-de-las-administraciones-publicas-hacia-un-lenguaje-comun-51140880751\" target=\"_blank\" rel=\"noopener\" target=\"_blank\" rel=\"noopener\">M\u00e1s informaci\u00f3n e inscripci\u00f3n<\/a><\/strong><\/p>\n","protected":false},"excerpt":{"rendered":"<p>El sector de la construcci\u00f3n vinculado a la Administraci\u00f3n P\u00fablica est\u00e1 asistiendo a cambios de gran trascendencia. Las licitaciones de obra p\u00fablica de edificaci\u00f3n deber\u00e1n incorporar requisitos BIM desde el 17 de diciembre de 2018 y, para infraestructuras la obligaci\u00f3n ser\u00e1 efectiva a partir del 26 de julio de 2019 por parte del Ministerio de&#8230;<\/p>\n","protected":false},"author":51,"featured_media":10999,"comment_status":"closed","ping_status":"closed","template":"","tags":[2488,2490],"tribe_events_cat":[915,191],"acf":[],"yoast_head":"<!-- This site is optimized with the Yoast SEO plugin v21.3 - https:\/\/yoast.com\/wordpress\/plugins\/seo\/ -->\n<title>BIM en el \u00e1mbito de las Administraciones P\u00fablicas: hacia un lenguaje com\u00fan - ULL - Agenda<\/title>\n<meta name=\"robots\" content=\"index, follow, max-snippet:-1, max-image-preview:large, max-video-preview:-1\" \/>\n<link rel=\"canonical\" href=\"https:\/\/www.ull.es\/portal\/agenda\/evento\/bim-en-el-ambito-de-las-administraciones-publicas-hacia-un-lenguaje-comun\/\" \/>\n<meta property=\"og:locale\" content=\"es_ES\" \/>\n<meta property=\"og:type\" content=\"article\" \/>\n<meta property=\"og:title\" content=\"BIM en el \u00e1mbito de las Administraciones P\u00fablicas: hacia un lenguaje com\u00fan - ULL - Agenda\" \/>\n<meta property=\"og:description\" content=\"El sector de la construcci\u00f3n vinculado a la Administraci\u00f3n P\u00fablica est\u00e1 asistiendo a cambios de gran trascendencia. Las licitaciones de obra p\u00fablica de edificaci\u00f3n deber\u00e1n incorporar requisitos BIM desde el 17 de diciembre de 2018 y, para infraestructuras la obligaci\u00f3n ser\u00e1 efectiva a partir del 26 de julio de 2019 por parte del Ministerio de...\" \/>\n<meta property=\"og:url\" content=\"https:\/\/www.ull.es\/portal\/agenda\/evento\/bim-en-el-ambito-de-las-administraciones-publicas-hacia-un-lenguaje-comun\/\" \/>\n<meta property=\"og:site_name\" content=\"ULL - Agenda\" \/>\n<meta property=\"article:modified_time\" content=\"2019-03-06T16:22:03+00:00\" \/>\n<meta property=\"og:image\" content=\"https:\/\/www.ull.es\/portal\/agenda\/wp-content\/uploads\/sites\/12\/2019\/02\/BimAdministracionesPublicas_agenda.jpg\" \/>\n\t<meta property=\"og:image:width\" content=\"700\" \/>\n\t<meta property=\"og:image:height\" content=\"350\" \/>\n\t<meta property=\"og:image:type\" content=\"image\/jpeg\" \/>\n<meta name=\"twitter:card\" content=\"summary_large_image\" \/>\n<meta name=\"twitter:label1\" content=\"Tiempo de lectura\" \/>\n\t<meta name=\"twitter:data1\" content=\"1 minuto\" \/>\n<script type=\"application\/ld+json\" class=\"yoast-schema-graph\">{\"@context\":\"https:\/\/schema.org\",\"@graph\":[{\"@type\":\"WebPage\",\"@id\":\"https:\/\/www.ull.es\/portal\/agenda\/evento\/bim-en-el-ambito-de-las-administraciones-publicas-hacia-un-lenguaje-comun\/\",\"url\":\"https:\/\/www.ull.es\/portal\/agenda\/evento\/bim-en-el-ambito-de-las-administraciones-publicas-hacia-un-lenguaje-comun\/\",\"name\":\"BIM en el \u00e1mbito de las Administraciones P\u00fablicas: hacia un lenguaje com\u00fan - ULL - Agenda\",\"isPartOf\":{\"@id\":\"https:\/\/www.ull.es\/portal\/agenda\/#website\"},\"datePublished\":\"2019-02-10T21:09:01+00:00\",\"dateModified\":\"2019-03-06T16:22:03+00:00\",\"breadcrumb\":{\"@id\":\"https:\/\/www.ull.es\/portal\/agenda\/evento\/bim-en-el-ambito-de-las-administraciones-publicas-hacia-un-lenguaje-comun\/#breadcrumb\"},\"inLanguage\":\"es\",\"potentialAction\":[{\"@type\":\"ReadAction\",\"target\":[\"https:\/\/www.ull.es\/portal\/agenda\/evento\/bim-en-el-ambito-de-las-administraciones-publicas-hacia-un-lenguaje-comun\/\"]}]},{\"@type\":\"BreadcrumbList\",\"@id\":\"https:\/\/www.ull.es\/portal\/agenda\/evento\/bim-en-el-ambito-de-las-administraciones-publicas-hacia-un-lenguaje-comun\/#breadcrumb\",\"itemListElement\":[{\"@type\":\"ListItem\",\"position\":1,\"name\":\"Portada\",\"item\":\"https:\/\/www.ull.es\/portal\/agenda\/\"},{\"@type\":\"ListItem\",\"position\":2,\"name\":\"BIM en el \u00e1mbito de las Administraciones P\u00fablicas: hacia un lenguaje com\u00fan\"}]},{\"@type\":\"WebSite\",\"@id\":\"https:\/\/www.ull.es\/portal\/agenda\/#website\",\"url\":\"https:\/\/www.ull.es\/portal\/agenda\/\",\"name\":\"ULL - Agenda\",\"description\":\"\",\"potentialAction\":[{\"@type\":\"SearchAction\",\"target\":{\"@type\":\"EntryPoint\",\"urlTemplate\":\"https:\/\/www.ull.es\/portal\/agenda\/?s={search_term_string}\"},\"query-input\":\"required name=search_term_string\"}],\"inLanguage\":\"es\"}]}<\/script>\n<!-- \/ Yoast SEO plugin. -->","yoast_head_json":{"title":"BIM en el \u00e1mbito de las Administraciones P\u00fablicas: hacia un lenguaje com\u00fan - ULL - Agenda","robots":{"index":"index","follow":"follow","max-snippet":"max-snippet:-1","max-image-preview":"max-image-preview:large","max-video-preview":"max-video-preview:-1"},"canonical":"https:\/\/www.ull.es\/portal\/agenda\/evento\/bim-en-el-ambito-de-las-administraciones-publicas-hacia-un-lenguaje-comun\/","og_locale":"es_ES","og_type":"article","og_title":"BIM en el \u00e1mbito de las Administraciones P\u00fablicas: hacia un lenguaje com\u00fan - ULL - Agenda","og_description":"El sector de la construcci\u00f3n vinculado a la Administraci\u00f3n P\u00fablica est\u00e1 asistiendo a cambios de gran trascendencia. Las licitaciones de obra p\u00fablica de edificaci\u00f3n deber\u00e1n incorporar requisitos BIM desde el 17 de diciembre de 2018 y, para infraestructuras la obligaci\u00f3n ser\u00e1 efectiva a partir del 26 de julio de 2019 por parte del Ministerio de...","og_url":"https:\/\/www.ull.es\/portal\/agenda\/evento\/bim-en-el-ambito-de-las-administraciones-publicas-hacia-un-lenguaje-comun\/","og_site_name":"ULL - Agenda","article_modified_time":"2019-03-06T16:22:03+00:00","og_image":[{"width":700,"height":350,"url":"https:\/\/www.ull.es\/portal\/agenda\/wp-content\/uploads\/sites\/12\/2019\/02\/BimAdministracionesPublicas_agenda.jpg","type":"image\/jpeg"}],"twitter_card":"summary_large_image","twitter_misc":{"Tiempo de lectura":"1 minuto"},"schema":{"@context":"https:\/\/schema.org","@graph":[{"@type":"WebPage","@id":"https:\/\/www.ull.es\/portal\/agenda\/evento\/bim-en-el-ambito-de-las-administraciones-publicas-hacia-un-lenguaje-comun\/","url":"https:\/\/www.ull.es\/portal\/agenda\/evento\/bim-en-el-ambito-de-las-administraciones-publicas-hacia-un-lenguaje-comun\/","name":"BIM en el \u00e1mbito de las Administraciones P\u00fablicas: hacia un lenguaje com\u00fan - ULL - Agenda","isPartOf":{"@id":"https:\/\/www.ull.es\/portal\/agenda\/#website"},"datePublished":"2019-02-10T21:09:01+00:00","dateModified":"2019-03-06T16:22:03+00:00","breadcrumb":{"@id":"https:\/\/www.ull.es\/portal\/agenda\/evento\/bim-en-el-ambito-de-las-administraciones-publicas-hacia-un-lenguaje-comun\/#breadcrumb"},"inLanguage":"es","potentialAction":[{"@type":"ReadAction","target":["https:\/\/www.ull.es\/portal\/agenda\/evento\/bim-en-el-ambito-de-las-administraciones-publicas-hacia-un-lenguaje-comun\/"]}]},{"@type":"BreadcrumbList","@id":"https:\/\/www.ull.es\/portal\/agenda\/evento\/bim-en-el-ambito-de-las-administraciones-publicas-hacia-un-lenguaje-comun\/#breadcrumb","itemListElement":[{"@type":"ListItem","position":1,"name":"Portada","item":"https:\/\/www.ull.es\/portal\/agenda\/"},{"@type":"ListItem","position":2,"name":"BIM en el \u00e1mbito de las Administraciones P\u00fablicas: hacia un lenguaje com\u00fan"}]},{"@type":"WebSite","@id":"https:\/\/www.ull.es\/portal\/agenda\/#website","url":"https:\/\/www.ull.es\/portal\/agenda\/","name":"ULL - Agenda","description":"","potentialAction":[{"@type":"SearchAction","target":{"@type":"EntryPoint","urlTemplate":"https:\/\/www.ull.es\/portal\/agenda\/?s={search_term_string}"},"query-input":"required name=search_term_string"}],"inLanguage":"es"}]}},"_links":{"self":[{"href":"https:\/\/www.ull.es\/portal\/agenda\/wp-json\/wp\/v2\/tribe_events\/10543"}],"collection":[{"href":"https:\/\/www.ull.es\/portal\/agenda\/wp-json\/wp\/v2\/tribe_events"}],"about":[{"href":"https:\/\/www.ull.es\/portal\/agenda\/wp-json\/wp\/v2\/types\/tribe_events"}],"author":[{"embeddable":true,"href":"https:\/\/www.ull.es\/portal\/agenda\/wp-json\/wp\/v2\/users\/51"}],"replies":[{"embeddable":true,"href":"https:\/\/www.ull.es\/portal\/agenda\/wp-json\/wp\/v2\/comments?post=10543"}],"version-history":[{"count":1,"href":"https:\/\/www.ull.es\/portal\/agenda\/wp-json\/wp\/v2\/tribe_events\/10543\/revisions"}],"predecessor-version":[{"id":10545,"href":"https:\/\/www.ull.es\/portal\/agenda\/wp-json\/wp\/v2\/tribe_events\/10543\/revisions\/10545"}],"wp:featuredmedia":[{"embeddable":true,"href":"https:\/\/www.ull.es\/portal\/agenda\/wp-json\/wp\/v2\/media\/10999"}],"wp:attachment":[{"href":"https:\/\/www.ull.es\/portal\/agenda\/wp-json\/wp\/v2\/media?parent=10543"}],"wp:term":[{"taxonomy":"post_tag","embeddable":true,"href":"https:\/\/www.ull.es\/portal\/agenda\/wp-json\/wp\/v2\/tags?post=10543"},{"taxonomy":"tribe_events_cat","embeddable":true,"href":"https:\/\/www.ull.es\/portal\/agenda\/wp-json\/wp\/v2\/tribe_events_cat?post=10543"}],"curies":[{"name":"wp","href":"https:\/\/api.w.org\/{rel}","templated":true}]}}

BIM en el ámbito de las Administraciones Públicas: hacia un lenguaje común

<p>El sector de la construcción vinculado a la Administración Pública está asistiendo a cambios de gran trascendencia. Las licitaciones de obra pública de edificación deberán incorporar requisitos BIM desde el 17 de diciembre de 2018 y, para infraestructuras la obligación será efectiva a partir del 26 de julio de 2019 por parte del Ministerio de Fomento.</p>
<p><strong>Objetivo de la jornada.</strong></p>
<p>La jornada, de tres horas de duración, presentará qué es el BIM, consejos para implantarlo de una forma fácil, qué herramientas son necesarias (hardware, software y sistemas) y cómo esta nueva metodología contribuirá a transformar la manera de proyectar, construir y mantener los edificios y las infraestructuras de nuestro territorio.</p>
<p>Además, se presentarán los últimos avances desarrollados en la relación entre BIM y SIG, entre los datos de un proyecto modelado en 3D y los sistemas de información geográficos: su conexión.</p>
<p><strong>Te interesa si eres…</strong></p>
<p>Un técnico o profesional o directivo con responsabilidades en las áreas de lo que conlleva la nueva administración electrónica, urbanismo, arquitectura y obra nueva, la obra existente y patrimonio catalogado o medioambiente, vista la obligación de la nueva Ley de Contratos del Sector Público desde su entrada en vigor el 8 de marzo de 2018.</p>
<p>También es interesante para regidores, responsables de oficinas técnicas y representantes electos de cualquier administración con el urbanismo y las Smart Cities.</p>
<p><strong><a href="https://www.eventbrite.es/e/entradas-bim-en-el-ambito-de-las-administraciones-publicas-hacia-un-lenguaje-comun-51140880751" target="_blank" rel="noopener" target="_blank" rel="noopener">Más información e inscripción</a></strong></p>

<p>El sector de la construcción vinculado a la Administración Pública está asistiendo a cambios de gran trascendencia. Las licitaciones de obra pública de edificación deberán incorporar requisitos BIM desde el 17 de diciembre de 2018 y, para infraestructuras la obligación será efectiva a partir del 26 de julio de 2019 por parte del Ministerio de&#8230;</p>

<!-- This site is optimized with the Yoast SEO plugin v21.3 - https://yoast.com/wordpress/plugins/seo/ -->
<title>BIM en el ámbito de las Administraciones Públicas: hacia un lenguaje común - ULL - Agenda</title>
<meta name="robots" content="index, follow, max-snippet:-1, max-image-preview:large, max-video-preview:-1" />
<link rel="canonical" href="https://www.ull.es/portal/agenda/evento/bim-en-el-ambito-de-las-administraciones-publicas-hacia-un-lenguaje-comun/" />
<meta property="og:locale" content="es_ES" />
<meta property="og:type" content="article" />
<meta property="og:title" content="BIM en el ámbito de las Administraciones Públicas: hacia un lenguaje común - ULL - Agenda" />
<meta property="og:description" content="El sector de la construcción vinculado a la Administración Pública está asistiendo a cambios de gran trascendencia. Las licitaciones de obra pública de edificación deberán incorporar requisitos BIM desde el 17 de diciembre de 2018 y, para infraestructuras la obligación será efectiva a partir del 26 de julio de 2019 por parte del Ministerio de..." />
<meta property="og:url" content="https://www.ull.es/portal/agenda/evento/bim-en-el-ambito-de-las-administraciones-publicas-hacia-un-lenguaje-comun/" />
<meta property="og:site_name" content="ULL - Agenda" />
<meta property="article:modified_time" content="2019-03-06T16:22:03+00:00" />
<meta property="og:image" content="https://www.ull.es/portal/agenda/wp-content/uploads/sites/12/2019/02/BimAdministracionesPublicas_agenda.jpg" />
	<meta property="og:image:width" content="700" />
	<meta property="og:image:height" content="350" />
	<meta property="og:image:type" content="image/jpeg" />
<meta name="twitter:card" content="summary_large_image" />
<meta name="twitter:label1" content="Tiempo de lectura" />
	<meta name="twitter:data1" content="1 minuto" />
<script type="application/ld+json" class="yoast-schema-graph">{"@context":"https://schema.org","@graph":[{"@type":"WebPage","@id":"https://www.ull.es/portal/agenda/evento/bim-en-el-ambito-de-las-administraciones-publicas-hacia-un-lenguaje-comun/","url":"https://www.ull.es/portal/agenda/evento/bim-en-el-ambito-de-las-administraciones-publicas-hacia-un-lenguaje-comun/","name":"BIM en el ámbito de las Administraciones Públicas: hacia un lenguaje común - ULL - Agenda","isPartOf":{"@id":"https://www.ull.es/portal/agenda/#website"},"datePublished":"2019-02-10T21:09:01+00:00","dateModified":"2019-03-06T16:22:03+00:00","breadcrumb":{"@id":"https://www.ull.es/portal/agenda/evento/bim-en-el-ambito-de-las-administraciones-publicas-hacia-un-lenguaje-comun/#breadcrumb"},"inLanguage":"es","potentialAction":[{"@type":"ReadAction","target":["https://www.ull.es/portal/agenda/evento/bim-en-el-ambito-de-las-administraciones-publicas-hacia-un-lenguaje-comun/"]}]},{"@type":"BreadcrumbList","@id":"https://www.ull.es/portal/agenda/evento/bim-en-el-ambito-de-las-administraciones-publicas-hacia-un-lenguaje-comun/#breadcrumb","itemListElement":[{"@type":"ListItem","position":1,"name":"Portada","item":"https://www.ull.es/portal/agenda/"},{"@type":"ListItem","position":2,"name":"BIM en el ámbito de las Administraciones Públicas: hacia un lenguaje común"}]},{"@type":"WebSite","@id":"https://www.ull.es/portal/agenda/#website","url":"https://www.ull.es/portal/agenda/","name":"ULL - Agenda","description":"","potentialAction":[{"@type":"SearchAction","target":{"@type":"EntryPoint","urlTemplate":"https://www.ull.es/portal/agenda/?s={search_term_string}"},"query-input":"required name=search_term_string"}],"inLanguage":"es"}]}</script>
<!-- / Yoast SEO plugin. -->

BIM en el ámbito de las Administraciones Públicas: hacia un lenguaje común - ULL - Agenda

El sector de la construcción vinculado a la Administración Pública está asistiendo a cambios de gran trascendencia. Las licitaciones de obra pública de edificación deberán incorporar requisitos BIM desde el 17 de diciembre de 2018 y, para infraestructuras la obligación será efectiva a partir del 26 de julio de 2019 por parte del Ministerio de...
