{"id":10959,"date":"2019-02-22T21:49:42","date_gmt":"2019-02-22T21:49:42","guid":{"rendered":"https:\/\/www.ull.es\/portal\/agenda\/?post_type=tribe_events&#038;p=10959"},"modified":"2019-03-11T10:32:06","modified_gmt":"2019-03-11T10:32:06","slug":"ii-seminario-doctoral-en-humanidades-temas-y-perspectivas","status":"publish","type":"tribe_events","link":"https:\/\/www.ull.es\/portal\/agenda\/evento\/ii-seminario-doctoral-en-humanidades-temas-y-perspectivas\/","title":{"rendered":"II Seminario doctoral en Humanidades: Temas y perspectivas"},"content":{"rendered":"<p>El II Seminario doctoral en Humanidades: temas y perspectivas es una jornada concebida para fomentar el conocimiento de las l\u00edneas de investigaci\u00f3n en Humanidades. El Programa de Doctorado en Arte y Humanidades de la Universidad de La Laguna contempla la obligatoriedad de impartir un seminario:<\/p>\n<p>Cada estudiante deber\u00e1 presentar al menos un seminario sobre su trabajo de investigaci\u00f3n. En \u00e9l expondr\u00e1 ante otros alumnos y profesores del programa de doctorado los fundamentos del proyecto de investigaci\u00f3n, incluyendo la hip\u00f3tesis de trabajo, objetivos, metodolog\u00eda empleada, resultados y conclusiones. Adem\u00e1s, debe debatir y contestar a las cuestiones que se le planteen. Estudiantes con dedicaci\u00f3n a tiempo completo: una vez a lo largo del segundo o tercer a\u00f1o del doctorado.<\/p>\n<p>El II Seminario doctoral en Humanidades: temas y perspectivas se enmarca en las actividades desarrolladas por los proyectos de investigaci\u00f3n financiados por el Ministerio de Econom\u00eda y Competitividad que se desarrollan en el IEMYR dirigidos por los profesores Eduardo Aznar Vallejo, Dulce M\u00aa Gonz\u00e1lez Doreste, Francisca del Mar Plaza Pic\u00f3n, Maravillas Aguiar Aguilar y Luis Miguel Pino Campos.<\/p>\n<p><a href=\"http:\/\/eventos.ull.es\/event_detail\/31528\/programme\/ii-seminario-doctoral-en-humanidades_-temas-y-perspectivas.html\" target=\"_blank\" rel=\"noopener\" target=\"_blank\" rel=\"noopener\">Programa<\/a><\/p>\n<p><a href=\"http:\/\/eventos.ull.es\/event_detail\/31528\/detail\/ii-seminario-doctoral-en-humanidades_-temas-y-perspectivas.html\" target=\"_blank\" rel=\"noopener\" target=\"_blank\" rel=\"noopener\">M\u00e1s informaci\u00f3n<\/a><\/p>\n","protected":false},"excerpt":{"rendered":"<p>El II Seminario doctoral en Humanidades: temas y perspectivas es una jornada concebida para fomentar el conocimiento de las l\u00edneas de investigaci\u00f3n en Humanidades. El Programa de Doctorado en Arte y Humanidades de la Universidad de La Laguna contempla la obligatoriedad de impartir un seminario: Cada estudiante deber\u00e1 presentar al menos un seminario sobre su&#8230;<\/p>\n","protected":false},"author":51,"featured_media":11178,"comment_status":"closed","ping_status":"closed","template":"","tags":[2531,302,2143,32],"tribe_events_cat":[985,191,30],"acf":[],"yoast_head":"<!-- This site is optimized with the Yoast SEO plugin v21.3 - https:\/\/yoast.com\/wordpress\/plugins\/seo\/ -->\n<title>II Seminario doctoral en Humanidades: Temas y perspectivas - ULL - Agenda<\/title>\n<meta name=\"robots\" content=\"index, follow, max-snippet:-1, max-image-preview:large, max-video-preview:-1\" \/>\n<link rel=\"canonical\" href=\"https:\/\/www.ull.es\/portal\/agenda\/evento\/ii-seminario-doctoral-en-humanidades-temas-y-perspectivas\/\" \/>\n<meta property=\"og:locale\" content=\"es_ES\" \/>\n<meta property=\"og:type\" content=\"article\" \/>\n<meta property=\"og:title\" content=\"II Seminario doctoral en Humanidades: Temas y perspectivas - ULL - Agenda\" \/>\n<meta property=\"og:description\" content=\"El II Seminario doctoral en Humanidades: temas y perspectivas es una jornada concebida para fomentar el conocimiento de las l\u00edneas de investigaci\u00f3n en Humanidades. El Programa de Doctorado en Arte y Humanidades de la Universidad de La Laguna contempla la obligatoriedad de impartir un seminario: Cada estudiante deber\u00e1 presentar al menos un seminario sobre su...\" \/>\n<meta property=\"og:url\" content=\"https:\/\/www.ull.es\/portal\/agenda\/evento\/ii-seminario-doctoral-en-humanidades-temas-y-perspectivas\/\" \/>\n<meta property=\"og:site_name\" content=\"ULL - Agenda\" \/>\n<meta property=\"article:modified_time\" content=\"2019-03-11T10:32:06+00:00\" \/>\n<meta property=\"og:image\" content=\"https:\/\/www.ull.es\/portal\/agenda\/wp-content\/uploads\/sites\/12\/2019\/02\/Humanidades-Bueno.jpg\" \/>\n\t<meta property=\"og:image:width\" content=\"700\" \/>\n\t<meta property=\"og:image:height\" content=\"350\" \/>\n\t<meta property=\"og:image:type\" content=\"image\/jpeg\" \/>\n<meta name=\"twitter:card\" content=\"summary_large_image\" \/>\n<meta name=\"twitter:label1\" content=\"Tiempo de lectura\" \/>\n\t<meta name=\"twitter:data1\" content=\"1 minuto\" \/>\n<script type=\"application\/ld+json\" class=\"yoast-schema-graph\">{\"@context\":\"https:\/\/schema.org\",\"@graph\":[{\"@type\":\"WebPage\",\"@id\":\"https:\/\/www.ull.es\/portal\/agenda\/evento\/ii-seminario-doctoral-en-humanidades-temas-y-perspectivas\/\",\"url\":\"https:\/\/www.ull.es\/portal\/agenda\/evento\/ii-seminario-doctoral-en-humanidades-temas-y-perspectivas\/\",\"name\":\"II Seminario doctoral en Humanidades: Temas y perspectivas - ULL - Agenda\",\"isPartOf\":{\"@id\":\"https:\/\/www.ull.es\/portal\/agenda\/#website\"},\"datePublished\":\"2019-02-22T21:49:42+00:00\",\"dateModified\":\"2019-03-11T10:32:06+00:00\",\"breadcrumb\":{\"@id\":\"https:\/\/www.ull.es\/portal\/agenda\/evento\/ii-seminario-doctoral-en-humanidades-temas-y-perspectivas\/#breadcrumb\"},\"inLanguage\":\"es\",\"potentialAction\":[{\"@type\":\"ReadAction\",\"target\":[\"https:\/\/www.ull.es\/portal\/agenda\/evento\/ii-seminario-doctoral-en-humanidades-temas-y-perspectivas\/\"]}]},{\"@type\":\"BreadcrumbList\",\"@id\":\"https:\/\/www.ull.es\/portal\/agenda\/evento\/ii-seminario-doctoral-en-humanidades-temas-y-perspectivas\/#breadcrumb\",\"itemListElement\":[{\"@type\":\"ListItem\",\"position\":1,\"name\":\"Portada\",\"item\":\"https:\/\/www.ull.es\/portal\/agenda\/\"},{\"@type\":\"ListItem\",\"position\":2,\"name\":\"II Seminario doctoral en Humanidades: Temas y perspectivas\"}]},{\"@type\":\"WebSite\",\"@id\":\"https:\/\/www.ull.es\/portal\/agenda\/#website\",\"url\":\"https:\/\/www.ull.es\/portal\/agenda\/\",\"name\":\"ULL - Agenda\",\"description\":\"\",\"potentialAction\":[{\"@type\":\"SearchAction\",\"target\":{\"@type\":\"EntryPoint\",\"urlTemplate\":\"https:\/\/www.ull.es\/portal\/agenda\/?s={search_term_string}\"},\"query-input\":\"required name=search_term_string\"}],\"inLanguage\":\"es\"}]}<\/script>\n<!-- \/ Yoast SEO plugin. -->","yoast_head_json":{"title":"II Seminario doctoral en Humanidades: Temas y perspectivas - ULL - Agenda","robots":{"index":"index","follow":"follow","max-snippet":"max-snippet:-1","max-image-preview":"max-image-preview:large","max-video-preview":"max-video-preview:-1"},"canonical":"https:\/\/www.ull.es\/portal\/agenda\/evento\/ii-seminario-doctoral-en-humanidades-temas-y-perspectivas\/","og_locale":"es_ES","og_type":"article","og_title":"II Seminario doctoral en Humanidades: Temas y perspectivas - ULL - Agenda","og_description":"El II Seminario doctoral en Humanidades: temas y perspectivas es una jornada concebida para fomentar el conocimiento de las l\u00edneas de investigaci\u00f3n en Humanidades. El Programa de Doctorado en Arte y Humanidades de la Universidad de La Laguna contempla la obligatoriedad de impartir un seminario: Cada estudiante deber\u00e1 presentar al menos un seminario sobre su...","og_url":"https:\/\/www.ull.es\/portal\/agenda\/evento\/ii-seminario-doctoral-en-humanidades-temas-y-perspectivas\/","og_site_name":"ULL - Agenda","article_modified_time":"2019-03-11T10:32:06+00:00","og_image":[{"width":700,"height":350,"url":"https:\/\/www.ull.es\/portal\/agenda\/wp-content\/uploads\/sites\/12\/2019\/02\/Humanidades-Bueno.jpg","type":"image\/jpeg"}],"twitter_card":"summary_large_image","twitter_misc":{"Tiempo de lectura":"1 minuto"},"schema":{"@context":"https:\/\/schema.org","@graph":[{"@type":"WebPage","@id":"https:\/\/www.ull.es\/portal\/agenda\/evento\/ii-seminario-doctoral-en-humanidades-temas-y-perspectivas\/","url":"https:\/\/www.ull.es\/portal\/agenda\/evento\/ii-seminario-doctoral-en-humanidades-temas-y-perspectivas\/","name":"II Seminario doctoral en Humanidades: Temas y perspectivas - ULL - Agenda","isPartOf":{"@id":"https:\/\/www.ull.es\/portal\/agenda\/#website"},"datePublished":"2019-02-22T21:49:42+00:00","dateModified":"2019-03-11T10:32:06+00:00","breadcrumb":{"@id":"https:\/\/www.ull.es\/portal\/agenda\/evento\/ii-seminario-doctoral-en-humanidades-temas-y-perspectivas\/#breadcrumb"},"inLanguage":"es","potentialAction":[{"@type":"ReadAction","target":["https:\/\/www.ull.es\/portal\/agenda\/evento\/ii-seminario-doctoral-en-humanidades-temas-y-perspectivas\/"]}]},{"@type":"BreadcrumbList","@id":"https:\/\/www.ull.es\/portal\/agenda\/evento\/ii-seminario-doctoral-en-humanidades-temas-y-perspectivas\/#breadcrumb","itemListElement":[{"@type":"ListItem","position":1,"name":"Portada","item":"https:\/\/www.ull.es\/portal\/agenda\/"},{"@type":"ListItem","position":2,"name":"II Seminario doctoral en Humanidades: Temas y perspectivas"}]},{"@type":"WebSite","@id":"https:\/\/www.ull.es\/portal\/agenda\/#website","url":"https:\/\/www.ull.es\/portal\/agenda\/","name":"ULL - Agenda","description":"","potentialAction":[{"@type":"SearchAction","target":{"@type":"EntryPoint","urlTemplate":"https:\/\/www.ull.es\/portal\/agenda\/?s={search_term_string}"},"query-input":"required name=search_term_string"}],"inLanguage":"es"}]}},"_links":{"self":[{"href":"https:\/\/www.ull.es\/portal\/agenda\/wp-json\/wp\/v2\/tribe_events\/10959"}],"collection":[{"href":"https:\/\/www.ull.es\/portal\/agenda\/wp-json\/wp\/v2\/tribe_events"}],"about":[{"href":"https:\/\/www.ull.es\/portal\/agenda\/wp-json\/wp\/v2\/types\/tribe_events"}],"author":[{"embeddable":true,"href":"https:\/\/www.ull.es\/portal\/agenda\/wp-json\/wp\/v2\/users\/51"}],"replies":[{"embeddable":true,"href":"https:\/\/www.ull.es\/portal\/agenda\/wp-json\/wp\/v2\/comments?post=10959"}],"version-history":[{"count":1,"href":"https:\/\/www.ull.es\/portal\/agenda\/wp-json\/wp\/v2\/tribe_events\/10959\/revisions"}],"predecessor-version":[{"id":10961,"href":"https:\/\/www.ull.es\/portal\/agenda\/wp-json\/wp\/v2\/tribe_events\/10959\/revisions\/10961"}],"wp:featuredmedia":[{"embeddable":true,"href":"https:\/\/www.ull.es\/portal\/agenda\/wp-json\/wp\/v2\/media\/11178"}],"wp:attachment":[{"href":"https:\/\/www.ull.es\/portal\/agenda\/wp-json\/wp\/v2\/media?parent=10959"}],"wp:term":[{"taxonomy":"post_tag","embeddable":true,"href":"https:\/\/www.ull.es\/portal\/agenda\/wp-json\/wp\/v2\/tags?post=10959"},{"taxonomy":"tribe_events_cat","embeddable":true,"href":"https:\/\/www.ull.es\/portal\/agenda\/wp-json\/wp\/v2\/tribe_events_cat?post=10959"}],"curies":[{"name":"wp","href":"https:\/\/api.w.org\/{rel}","templated":true}]}}

<p>El II Seminario doctoral en Humanidades: temas y perspectivas es una jornada concebida para fomentar el conocimiento de las líneas de investigación en Humanidades. El Programa de Doctorado en Arte y Humanidades de la Universidad de La Laguna contempla la obligatoriedad de impartir un seminario:</p>
<p>Cada estudiante deberá presentar al menos un seminario sobre su trabajo de investigación. En él expondrá ante otros alumnos y profesores del programa de doctorado los fundamentos del proyecto de investigación, incluyendo la hipótesis de trabajo, objetivos, metodología empleada, resultados y conclusiones. Además, debe debatir y contestar a las cuestiones que se le planteen. Estudiantes con dedicación a tiempo completo: una vez a lo largo del segundo o tercer año del doctorado.</p>
<p>El II Seminario doctoral en Humanidades: temas y perspectivas se enmarca en las actividades desarrolladas por los proyectos de investigación financiados por el Ministerio de Economía y Competitividad que se desarrollan en el IEMYR dirigidos por los profesores Eduardo Aznar Vallejo, Dulce Mª González Doreste, Francisca del Mar Plaza Picón, Maravillas Aguiar Aguilar y Luis Miguel Pino Campos.</p>
<p><a href="http://eventos.ull.es/event_detail/31528/programme/ii-seminario-doctoral-en-humanidades_-temas-y-perspectivas.html" target="_blank" rel="noopener" target="_blank" rel="noopener">Programa</a></p>
<p><a href="http://eventos.ull.es/event_detail/31528/detail/ii-seminario-doctoral-en-humanidades_-temas-y-perspectivas.html" target="_blank" rel="noopener" target="_blank" rel="noopener">Más información</a></p>

<p>El II Seminario doctoral en Humanidades: temas y perspectivas es una jornada concebida para fomentar el conocimiento de las líneas de investigación en Humanidades. El Programa de Doctorado en Arte y Humanidades de la Universidad de La Laguna contempla la obligatoriedad de impartir un seminario: Cada estudiante deberá presentar al menos un seminario sobre su&#8230;</p>

<!-- This site is optimized with the Yoast SEO plugin v21.3 - https://yoast.com/wordpress/plugins/seo/ -->
<title>II Seminario doctoral en Humanidades: Temas y perspectivas - ULL - Agenda</title>
<meta name="robots" content="index, follow, max-snippet:-1, max-image-preview:large, max-video-preview:-1" />
<link rel="canonical" href="https://www.ull.es/portal/agenda/evento/ii-seminario-doctoral-en-humanidades-temas-y-perspectivas/" />
<meta property="og:locale" content="es_ES" />
<meta property="og:type" content="article" />
<meta property="og:title" content="II Seminario doctoral en Humanidades: Temas y perspectivas - ULL - Agenda" />
<meta property="og:description" content="El II Seminario doctoral en Humanidades: temas y perspectivas es una jornada concebida para fomentar el conocimiento de las líneas de investigación en Humanidades. El Programa de Doctorado en Arte y Humanidades de la Universidad de La Laguna contempla la obligatoriedad de impartir un seminario: Cada estudiante deberá presentar al menos un seminario sobre su..." />
<meta property="og:url" content="https://www.ull.es/portal/agenda/evento/ii-seminario-doctoral-en-humanidades-temas-y-perspectivas/" />
<meta property="og:site_name" content="ULL - Agenda" />
<meta property="article:modified_time" content="2019-03-11T10:32:06+00:00" />
<meta property="og:image" content="https://www.ull.es/portal/agenda/wp-content/uploads/sites/12/2019/02/Humanidades-Bueno.jpg" />
	<meta property="og:image:width" content="700" />
	<meta property="og:image:height" content="350" />
	<meta property="og:image:type" content="image/jpeg" />
<meta name="twitter:card" content="summary_large_image" />
<meta name="twitter:label1" content="Tiempo de lectura" />
	<meta name="twitter:data1" content="1 minuto" />
<script type="application/ld+json" class="yoast-schema-graph">{"@context":"https://schema.org","@graph":[{"@type":"WebPage","@id":"https://www.ull.es/portal/agenda/evento/ii-seminario-doctoral-en-humanidades-temas-y-perspectivas/","url":"https://www.ull.es/portal/agenda/evento/ii-seminario-doctoral-en-humanidades-temas-y-perspectivas/","name":"II Seminario doctoral en Humanidades: Temas y perspectivas - ULL - Agenda","isPartOf":{"@id":"https://www.ull.es/portal/agenda/#website"},"datePublished":"2019-02-22T21:49:42+00:00","dateModified":"2019-03-11T10:32:06+00:00","breadcrumb":{"@id":"https://www.ull.es/portal/agenda/evento/ii-seminario-doctoral-en-humanidades-temas-y-perspectivas/#breadcrumb"},"inLanguage":"es","potentialAction":[{"@type":"ReadAction","target":["https://www.ull.es/portal/agenda/evento/ii-seminario-doctoral-en-humanidades-temas-y-perspectivas/"]}]},{"@type":"BreadcrumbList","@id":"https://www.ull.es/portal/agenda/evento/ii-seminario-doctoral-en-humanidades-temas-y-perspectivas/#breadcrumb","itemListElement":[{"@type":"ListItem","position":1,"name":"Portada","item":"https://www.ull.es/portal/agenda/"},{"@type":"ListItem","position":2,"name":"II Seminario doctoral en Humanidades: Temas y perspectivas"}]},{"@type":"WebSite","@id":"https://www.ull.es/portal/agenda/#website","url":"https://www.ull.es/portal/agenda/","name":"ULL - Agenda","description":"","potentialAction":[{"@type":"SearchAction","target":{"@type":"EntryPoint","urlTemplate":"https://www.ull.es/portal/agenda/?s={search_term_string}"},"query-input":"required name=search_term_string"}],"inLanguage":"es"}]}</script>
<!-- / Yoast SEO plugin. -->

El II Seminario doctoral en Humanidades: temas y perspectivas es una jornada concebida para fomentar el conocimiento de las líneas de investigación en Humanidades. El Programa de Doctorado en Arte y Humanidades de la Universidad de La Laguna contempla la obligatoriedad de impartir un seminario: Cada estudiante deberá presentar al menos un seminario sobre su...
