{"id":11316,"date":"2019-03-18T09:59:37","date_gmt":"2019-03-18T09:59:37","guid":{"rendered":"https:\/\/www.ull.es\/portal\/agenda\/?post_type=tribe_events&#038;p=11316"},"modified":"2020-09-01T12:28:35","modified_gmt":"2020-09-01T12:28:35","slug":"iii-seminario-tenerife-noir-de-investigacion-en-el-genero-negro-1-ects","status":"publish","type":"tribe_events","link":"https:\/\/www.ull.es\/portal\/agenda\/evento\/iii-seminario-tenerife-noir-de-investigacion-en-el-genero-negro-1-ects\/","title":{"rendered":"III Seminario Tenerife Noir de investigaci\u00f3n en el g\u00e9nero negro &#8211; 1 ECTS"},"content":{"rendered":"<p>Seminario organizado por el Vicerrectorado de Relaciones con la Sociedad conjuntamente con C23CULTURE Consulting&amp;Services y el Grupo de Investigaci\u00f3n ULL \u00abPalingestos. Fiesta y espect\u00e1culo en la cultura popular en su contexto atl\u00e1ntico: Literatura, Arte, Cine y Teatro\u00bb.<\/p>\n<p>Proyecto de investigaci\u00f3n \u00abLa literatura como generadora de nuevas estrategias tur\u00edsticas: creaci\u00f3n de itinerarios culturales en Tenerife\u00bb del programa Mar\u00eda Rosa Alonso del Cabildo de Tenerife.<\/p>\n<p>Objetivos:<\/p>\n<ul>\n<li>Estudiar el g\u00e9nero negro como forma literaria y art\u00edstica.<\/li>\n<li>Desmontar los prejuicios tradicionales sobre este g\u00e9nero.<\/li>\n<li>Analizar la repercusi\u00f3n en distintas disciplinas: literatura, c\u00f3mic, cine, series de televisi\u00f3n, teatro\u2026<\/li>\n<li>Aprender a apreciar los valores est\u00e9ticos del g\u00e9nero negro.<\/li>\n<li>Estudiar el impacto del g\u00e9nero negro en la sociedad y analizar su repercusi\u00f3n en otros \u00e1mbitos, como el turismo.<\/li>\n<li>Analizar la incidencia del g\u00e9nero negro en la representaci\u00f3n del espacio urbano.<\/li>\n<li>Comprobar la evoluci\u00f3n del g\u00e9nero negro desde sus inicios hasta la actualidad en diversas literaturas.<\/li>\n<li>Atender a la configuraci\u00f3n de los estereotipos y t\u00f3picos de g\u00e9nero en la novela y el cine negro.<\/li>\n<li>Analizar la influencia del g\u00e9nero negro en otros g\u00e9neros, ya sean literarios o audiovisuales.<\/li>\n<li>Analizar la relaci\u00f3n entre el g\u00e9nero negro y el turismo, especialmente en Canarias.<\/li>\n<\/ul>\n<p>Dirige: Javier Rivero Grandoso. Profesor ayudante Doctor del Departamento de Filolog\u00eda Espa\u00f1ola de la ULL.<\/p>\n<p>Coordina: Alejandro Mart\u00edn Perera, C23CULTURE Consulting&amp;Services.<\/p>\n<p><a href=\"https:\/\/drive.google.com\/file\/d\/15gcYCr7i4zhlAb3KLjLmnUsnvYXRp9Ks\/view?usp=sharing\" target=\"_blank\" rel=\"noopener\"><strong><u>Consulta el programa<\/u><\/strong><\/a><a href=\"https:\/\/sede.fg.ull.es\/es\/curso\/detalle\/a19020118\/iii-seminario-tenerife-noir-de-investigacion-en-el-genero-negro\" target=\"_blank\" rel=\"noopener noreferrer\" target=\"_blank\" rel=\"noopener\"><strong><u> e inscr\u00edbete aqu\u00ed.<\/u><\/strong><\/a><\/p>\n<p><a href=\"http:\/\/eventos.ull.es\/event_detail\/26939\/programme\/iii-seminario-tenerife-noir-de-investigacion-en-el-genero-negro.html\" target=\"_blank\" rel=\"noopener\"><strong>M\u00e1s informaci\u00f3n.<\/strong><\/a><\/p>\n<p><strong>Contacto: 922 319 616 \/ 922 319 626 \u2013\u00a0<\/strong><a href=\"mailto:extuni@ull.edu.es\" target=\"_blank\" rel=\"noopener\"><strong>extuni@ull.es<\/strong><\/a><\/p>\n","protected":false},"excerpt":{"rendered":"<p>Seminario organizado por el Vicerrectorado de Relaciones con la Sociedad conjuntamente con C23CULTURE Consulting&amp;Services y el Grupo de Investigaci\u00f3n ULL \u00abPalingestos. Fiesta y espect\u00e1culo en la cultura popular en su contexto atl\u00e1ntico: Literatura, Arte, Cine y Teatro\u00bb. Proyecto de investigaci\u00f3n \u00abLa literatura como generadora de nuevas estrategias tur\u00edsticas: creaci\u00f3n de itinerarios culturales en Tenerife\u00bb del&#8230;<\/p>\n","protected":false},"author":43,"featured_media":11473,"comment_status":"closed","ping_status":"closed","template":"","tags":[2666,7,946,1219,314,1872,945,22,626],"tribe_events_cat":[472,4,186],"acf":[],"yoast_head":"<!-- This site is optimized with the Yoast SEO plugin v21.3 - https:\/\/yoast.com\/wordpress\/plugins\/seo\/ -->\n<title>III Seminario Tenerife Noir de investigaci\u00f3n en el g\u00e9nero negro - 1 ECTS<\/title>\n<meta name=\"description\" content=\"Seminario organizado por el Vicerrectorado de Relaciones con la Sociedad conjuntamente con C23CULTURE Consulting&amp;Services y el Grupo de Investigaci\u00f3n ULL &quot;Palingestos. Fiesta y espect\u00e1culo en la cultura popular en su contexto atl\u00e1ntico: Literatura, Arte, Cine y Teatro&quot;.\" \/>\n<meta name=\"robots\" content=\"index, follow, max-snippet:-1, max-image-preview:large, max-video-preview:-1\" \/>\n<link rel=\"canonical\" href=\"https:\/\/www.ull.es\/portal\/agenda\/evento\/iii-seminario-tenerife-noir-de-investigacion-en-el-genero-negro-1-ects\/\" \/>\n<meta property=\"og:locale\" content=\"es_ES\" \/>\n<meta property=\"og:type\" content=\"article\" \/>\n<meta property=\"og:title\" content=\"III Seminario Tenerife Noir de investigaci\u00f3n en el g\u00e9nero negro - 1 ECTS\" \/>\n<meta property=\"og:description\" content=\"Seminario organizado por el Vicerrectorado de Relaciones con la Sociedad conjuntamente con C23CULTURE Consulting&amp;Services y el Grupo de Investigaci\u00f3n ULL &quot;Palingestos. Fiesta y espect\u00e1culo en la cultura popular en su contexto atl\u00e1ntico: Literatura, Arte, Cine y Teatro&quot;.\" \/>\n<meta property=\"og:url\" content=\"https:\/\/www.ull.es\/portal\/agenda\/evento\/iii-seminario-tenerife-noir-de-investigacion-en-el-genero-negro-1-ects\/\" \/>\n<meta property=\"og:site_name\" content=\"ULL - Agenda\" \/>\n<meta property=\"article:modified_time\" content=\"2020-09-01T12:28:35+00:00\" \/>\n<meta property=\"og:image\" content=\"https:\/\/www.ull.es\/portal\/agenda\/wp-content\/uploads\/sites\/12\/2019\/03\/TenerifeNoir_agenda-e1553243421260-1.jpg\" \/>\n\t<meta property=\"og:image:width\" content=\"700\" \/>\n\t<meta property=\"og:image:height\" content=\"394\" \/>\n\t<meta property=\"og:image:type\" content=\"image\/jpeg\" \/>\n<meta name=\"twitter:card\" content=\"summary_large_image\" \/>\n<meta name=\"twitter:label1\" content=\"Tiempo de lectura\" \/>\n\t<meta name=\"twitter:data1\" content=\"1 minuto\" \/>\n<script type=\"application\/ld+json\" class=\"yoast-schema-graph\">{\"@context\":\"https:\/\/schema.org\",\"@graph\":[{\"@type\":\"WebPage\",\"@id\":\"https:\/\/www.ull.es\/portal\/agenda\/evento\/iii-seminario-tenerife-noir-de-investigacion-en-el-genero-negro-1-ects\/\",\"url\":\"https:\/\/www.ull.es\/portal\/agenda\/evento\/iii-seminario-tenerife-noir-de-investigacion-en-el-genero-negro-1-ects\/\",\"name\":\"III Seminario Tenerife Noir de investigaci\u00f3n en el g\u00e9nero negro - 1 ECTS\",\"isPartOf\":{\"@id\":\"https:\/\/www.ull.es\/portal\/agenda\/#website\"},\"datePublished\":\"2019-03-18T09:59:37+00:00\",\"dateModified\":\"2020-09-01T12:28:35+00:00\",\"description\":\"Seminario organizado por el Vicerrectorado de Relaciones con la Sociedad conjuntamente con C23CULTURE Consulting&Services y el Grupo de Investigaci\u00f3n ULL \\\"Palingestos. Fiesta y espect\u00e1culo en la cultura popular en su contexto atl\u00e1ntico: Literatura, Arte, Cine y Teatro\\\".\",\"breadcrumb\":{\"@id\":\"https:\/\/www.ull.es\/portal\/agenda\/evento\/iii-seminario-tenerife-noir-de-investigacion-en-el-genero-negro-1-ects\/#breadcrumb\"},\"inLanguage\":\"es\",\"potentialAction\":[{\"@type\":\"ReadAction\",\"target\":[\"https:\/\/www.ull.es\/portal\/agenda\/evento\/iii-seminario-tenerife-noir-de-investigacion-en-el-genero-negro-1-ects\/\"]}]},{\"@type\":\"BreadcrumbList\",\"@id\":\"https:\/\/www.ull.es\/portal\/agenda\/evento\/iii-seminario-tenerife-noir-de-investigacion-en-el-genero-negro-1-ects\/#breadcrumb\",\"itemListElement\":[{\"@type\":\"ListItem\",\"position\":1,\"name\":\"Portada\",\"item\":\"https:\/\/www.ull.es\/portal\/agenda\/\"},{\"@type\":\"ListItem\",\"position\":2,\"name\":\"III Seminario Tenerife Noir de investigaci\u00f3n en el g\u00e9nero negro &#8211; 1 ECTS\"}]},{\"@type\":\"WebSite\",\"@id\":\"https:\/\/www.ull.es\/portal\/agenda\/#website\",\"url\":\"https:\/\/www.ull.es\/portal\/agenda\/\",\"name\":\"ULL - Agenda\",\"description\":\"\",\"potentialAction\":[{\"@type\":\"SearchAction\",\"target\":{\"@type\":\"EntryPoint\",\"urlTemplate\":\"https:\/\/www.ull.es\/portal\/agenda\/?s={search_term_string}\"},\"query-input\":\"required name=search_term_string\"}],\"inLanguage\":\"es\"}]}<\/script>\n<!-- \/ Yoast SEO plugin. -->","yoast_head_json":{"title":"III Seminario Tenerife Noir de investigaci\u00f3n en el g\u00e9nero negro - 1 ECTS","description":"Seminario organizado por el Vicerrectorado de Relaciones con la Sociedad conjuntamente con C23CULTURE Consulting&Services y el Grupo de Investigaci\u00f3n ULL \"Palingestos. Fiesta y espect\u00e1culo en la cultura popular en su contexto atl\u00e1ntico: Literatura, Arte, Cine y Teatro\".","robots":{"index":"index","follow":"follow","max-snippet":"max-snippet:-1","max-image-preview":"max-image-preview:large","max-video-preview":"max-video-preview:-1"},"canonical":"https:\/\/www.ull.es\/portal\/agenda\/evento\/iii-seminario-tenerife-noir-de-investigacion-en-el-genero-negro-1-ects\/","og_locale":"es_ES","og_type":"article","og_title":"III Seminario Tenerife Noir de investigaci\u00f3n en el g\u00e9nero negro - 1 ECTS","og_description":"Seminario organizado por el Vicerrectorado de Relaciones con la Sociedad conjuntamente con C23CULTURE Consulting&Services y el Grupo de Investigaci\u00f3n ULL \"Palingestos. Fiesta y espect\u00e1culo en la cultura popular en su contexto atl\u00e1ntico: Literatura, Arte, Cine y Teatro\".","og_url":"https:\/\/www.ull.es\/portal\/agenda\/evento\/iii-seminario-tenerife-noir-de-investigacion-en-el-genero-negro-1-ects\/","og_site_name":"ULL - Agenda","article_modified_time":"2020-09-01T12:28:35+00:00","og_image":[{"width":700,"height":394,"url":"https:\/\/www.ull.es\/portal\/agenda\/wp-content\/uploads\/sites\/12\/2019\/03\/TenerifeNoir_agenda-e1553243421260-1.jpg","type":"image\/jpeg"}],"twitter_card":"summary_large_image","twitter_misc":{"Tiempo de lectura":"1 minuto"},"schema":{"@context":"https:\/\/schema.org","@graph":[{"@type":"WebPage","@id":"https:\/\/www.ull.es\/portal\/agenda\/evento\/iii-seminario-tenerife-noir-de-investigacion-en-el-genero-negro-1-ects\/","url":"https:\/\/www.ull.es\/portal\/agenda\/evento\/iii-seminario-tenerife-noir-de-investigacion-en-el-genero-negro-1-ects\/","name":"III Seminario Tenerife Noir de investigaci\u00f3n en el g\u00e9nero negro - 1 ECTS","isPartOf":{"@id":"https:\/\/www.ull.es\/portal\/agenda\/#website"},"datePublished":"2019-03-18T09:59:37+00:00","dateModified":"2020-09-01T12:28:35+00:00","description":"Seminario organizado por el Vicerrectorado de Relaciones con la Sociedad conjuntamente con C23CULTURE Consulting&Services y el Grupo de Investigaci\u00f3n ULL \"Palingestos. Fiesta y espect\u00e1culo en la cultura popular en su contexto atl\u00e1ntico: Literatura, Arte, Cine y Teatro\".","breadcrumb":{"@id":"https:\/\/www.ull.es\/portal\/agenda\/evento\/iii-seminario-tenerife-noir-de-investigacion-en-el-genero-negro-1-ects\/#breadcrumb"},"inLanguage":"es","potentialAction":[{"@type":"ReadAction","target":["https:\/\/www.ull.es\/portal\/agenda\/evento\/iii-seminario-tenerife-noir-de-investigacion-en-el-genero-negro-1-ects\/"]}]},{"@type":"BreadcrumbList","@id":"https:\/\/www.ull.es\/portal\/agenda\/evento\/iii-seminario-tenerife-noir-de-investigacion-en-el-genero-negro-1-ects\/#breadcrumb","itemListElement":[{"@type":"ListItem","position":1,"name":"Portada","item":"https:\/\/www.ull.es\/portal\/agenda\/"},{"@type":"ListItem","position":2,"name":"III Seminario Tenerife Noir de investigaci\u00f3n en el g\u00e9nero negro &#8211; 1 ECTS"}]},{"@type":"WebSite","@id":"https:\/\/www.ull.es\/portal\/agenda\/#website","url":"https:\/\/www.ull.es\/portal\/agenda\/","name":"ULL - Agenda","description":"","potentialAction":[{"@type":"SearchAction","target":{"@type":"EntryPoint","urlTemplate":"https:\/\/www.ull.es\/portal\/agenda\/?s={search_term_string}"},"query-input":"required name=search_term_string"}],"inLanguage":"es"}]}},"_links":{"self":[{"href":"https:\/\/www.ull.es\/portal\/agenda\/wp-json\/wp\/v2\/tribe_events\/11316"}],"collection":[{"href":"https:\/\/www.ull.es\/portal\/agenda\/wp-json\/wp\/v2\/tribe_events"}],"about":[{"href":"https:\/\/www.ull.es\/portal\/agenda\/wp-json\/wp\/v2\/types\/tribe_events"}],"author":[{"embeddable":true,"href":"https:\/\/www.ull.es\/portal\/agenda\/wp-json\/wp\/v2\/users\/43"}],"replies":[{"embeddable":true,"href":"https:\/\/www.ull.es\/portal\/agenda\/wp-json\/wp\/v2\/comments?post=11316"}],"version-history":[{"count":6,"href":"https:\/\/www.ull.es\/portal\/agenda\/wp-json\/wp\/v2\/tribe_events\/11316\/revisions"}],"predecessor-version":[{"id":17726,"href":"https:\/\/www.ull.es\/portal\/agenda\/wp-json\/wp\/v2\/tribe_events\/11316\/revisions\/17726"}],"wp:featuredmedia":[{"embeddable":true,"href":"https:\/\/www.ull.es\/portal\/agenda\/wp-json\/wp\/v2\/media\/11473"}],"wp:attachment":[{"href":"https:\/\/www.ull.es\/portal\/agenda\/wp-json\/wp\/v2\/media?parent=11316"}],"wp:term":[{"taxonomy":"post_tag","embeddable":true,"href":"https:\/\/www.ull.es\/portal\/agenda\/wp-json\/wp\/v2\/tags?post=11316"},{"taxonomy":"tribe_events_cat","embeddable":true,"href":"https:\/\/www.ull.es\/portal\/agenda\/wp-json\/wp\/v2\/tribe_events_cat?post=11316"}],"curies":[{"name":"wp","href":"https:\/\/api.w.org\/{rel}","templated":true}]}}

III Seminario Tenerife Noir de investigación en el género negro &#8211; 1 ECTS

<p>Seminario organizado por el Vicerrectorado de Relaciones con la Sociedad conjuntamente con C23CULTURE Consulting&amp;Services y el Grupo de Investigación ULL «Palingestos. Fiesta y espectáculo en la cultura popular en su contexto atlántico: Literatura, Arte, Cine y Teatro».</p>
<p>Proyecto de investigación «La literatura como generadora de nuevas estrategias turísticas: creación de itinerarios culturales en Tenerife» del programa María Rosa Alonso del Cabildo de Tenerife.</p>
<p>Objetivos:</p>
<ul>
<li>Estudiar el género negro como forma literaria y artística.</li>
<li>Desmontar los prejuicios tradicionales sobre este género.</li>
<li>Analizar la repercusión en distintas disciplinas: literatura, cómic, cine, series de televisión, teatro…</li>
<li>Aprender a apreciar los valores estéticos del género negro.</li>
<li>Estudiar el impacto del género negro en la sociedad y analizar su repercusión en otros ámbitos, como el turismo.</li>
<li>Analizar la incidencia del género negro en la representación del espacio urbano.</li>
<li>Comprobar la evolución del género negro desde sus inicios hasta la actualidad en diversas literaturas.</li>
<li>Atender a la configuración de los estereotipos y tópicos de género en la novela y el cine negro.</li>
<li>Analizar la influencia del género negro en otros géneros, ya sean literarios o audiovisuales.</li>
<li>Analizar la relación entre el género negro y el turismo, especialmente en Canarias.</li>
</ul>
<p>Dirige: Javier Rivero Grandoso. Profesor ayudante Doctor del Departamento de Filología Española de la ULL.</p>
<p>Coordina: Alejandro Martín Perera, C23CULTURE Consulting&amp;Services.</p>
<p><a href="https://drive.google.com/file/d/15gcYCr7i4zhlAb3KLjLmnUsnvYXRp9Ks/view?usp=sharing" target="_blank" rel="noopener"><strong><u>Consulta el programa</u></strong></a><a href="https://sede.fg.ull.es/es/curso/detalle/a19020118/iii-seminario-tenerife-noir-de-investigacion-en-el-genero-negro" target="_blank" rel="noopener noreferrer" target="_blank" rel="noopener"><strong><u> e inscríbete aquí.</u></strong></a></p>
<p><a href="http://eventos.ull.es/event_detail/26939/programme/iii-seminario-tenerife-noir-de-investigacion-en-el-genero-negro.html" target="_blank" rel="noopener"><strong>Más información.</strong></a></p>
<p><strong>Contacto: 922 319 616 / 922 319 626 – </strong><a href="mailto:extuni@ull.edu.es" target="_blank" rel="noopener"><strong>extuni@ull.es</strong></a></p>

<p>Seminario organizado por el Vicerrectorado de Relaciones con la Sociedad conjuntamente con C23CULTURE Consulting&amp;Services y el Grupo de Investigación ULL «Palingestos. Fiesta y espectáculo en la cultura popular en su contexto atlántico: Literatura, Arte, Cine y Teatro». Proyecto de investigación «La literatura como generadora de nuevas estrategias turísticas: creación de itinerarios culturales en Tenerife» del&#8230;</p>

<!-- This site is optimized with the Yoast SEO plugin v21.3 - https://yoast.com/wordpress/plugins/seo/ -->
<title>III Seminario Tenerife Noir de investigación en el género negro - 1 ECTS</title>
<meta name="description" content="Seminario organizado por el Vicerrectorado de Relaciones con la Sociedad conjuntamente con C23CULTURE Consulting&amp;Services y el Grupo de Investigación ULL &quot;Palingestos. Fiesta y espectáculo en la cultura popular en su contexto atlántico: Literatura, Arte, Cine y Teatro&quot;." />
<meta name="robots" content="index, follow, max-snippet:-1, max-image-preview:large, max-video-preview:-1" />
<link rel="canonical" href="https://www.ull.es/portal/agenda/evento/iii-seminario-tenerife-noir-de-investigacion-en-el-genero-negro-1-ects/" />
<meta property="og:locale" content="es_ES" />
<meta property="og:type" content="article" />
<meta property="og:title" content="III Seminario Tenerife Noir de investigación en el género negro - 1 ECTS" />
<meta property="og:description" content="Seminario organizado por el Vicerrectorado de Relaciones con la Sociedad conjuntamente con C23CULTURE Consulting&amp;Services y el Grupo de Investigación ULL &quot;Palingestos. Fiesta y espectáculo en la cultura popular en su contexto atlántico: Literatura, Arte, Cine y Teatro&quot;." />
<meta property="og:url" content="https://www.ull.es/portal/agenda/evento/iii-seminario-tenerife-noir-de-investigacion-en-el-genero-negro-1-ects/" />
<meta property="og:site_name" content="ULL - Agenda" />
<meta property="article:modified_time" content="2020-09-01T12:28:35+00:00" />
<meta property="og:image" content="https://www.ull.es/portal/agenda/wp-content/uploads/sites/12/2019/03/TenerifeNoir_agenda-e1553243421260-1.jpg" />
	<meta property="og:image:width" content="700" />
	<meta property="og:image:height" content="394" />
	<meta property="og:image:type" content="image/jpeg" />
<meta name="twitter:card" content="summary_large_image" />
<meta name="twitter:label1" content="Tiempo de lectura" />
	<meta name="twitter:data1" content="1 minuto" />
<script type="application/ld+json" class="yoast-schema-graph">{"@context":"https://schema.org","@graph":[{"@type":"WebPage","@id":"https://www.ull.es/portal/agenda/evento/iii-seminario-tenerife-noir-de-investigacion-en-el-genero-negro-1-ects/","url":"https://www.ull.es/portal/agenda/evento/iii-seminario-tenerife-noir-de-investigacion-en-el-genero-negro-1-ects/","name":"III Seminario Tenerife Noir de investigación en el género negro - 1 ECTS","isPartOf":{"@id":"https://www.ull.es/portal/agenda/#website"},"datePublished":"2019-03-18T09:59:37+00:00","dateModified":"2020-09-01T12:28:35+00:00","description":"Seminario organizado por el Vicerrectorado de Relaciones con la Sociedad conjuntamente con C23CULTURE Consulting&Services y el Grupo de Investigación ULL \"Palingestos. Fiesta y espectáculo en la cultura popular en su contexto atlántico: Literatura, Arte, Cine y Teatro\".","breadcrumb":{"@id":"https://www.ull.es/portal/agenda/evento/iii-seminario-tenerife-noir-de-investigacion-en-el-genero-negro-1-ects/#breadcrumb"},"inLanguage":"es","potentialAction":[{"@type":"ReadAction","target":["https://www.ull.es/portal/agenda/evento/iii-seminario-tenerife-noir-de-investigacion-en-el-genero-negro-1-ects/"]}]},{"@type":"BreadcrumbList","@id":"https://www.ull.es/portal/agenda/evento/iii-seminario-tenerife-noir-de-investigacion-en-el-genero-negro-1-ects/#breadcrumb","itemListElement":[{"@type":"ListItem","position":1,"name":"Portada","item":"https://www.ull.es/portal/agenda/"},{"@type":"ListItem","position":2,"name":"III Seminario Tenerife Noir de investigación en el género negro &#8211; 1 ECTS"}]},{"@type":"WebSite","@id":"https://www.ull.es/portal/agenda/#website","url":"https://www.ull.es/portal/agenda/","name":"ULL - Agenda","description":"","potentialAction":[{"@type":"SearchAction","target":{"@type":"EntryPoint","urlTemplate":"https://www.ull.es/portal/agenda/?s={search_term_string}"},"query-input":"required name=search_term_string"}],"inLanguage":"es"}]}</script>
<!-- / Yoast SEO plugin. -->

III Seminario Tenerife Noir de investigación en el género negro - 1 ECTS

Seminario organizado por el Vicerrectorado de Relaciones con la Sociedad conjuntamente con C23CULTURE Consulting&Services y el Grupo de Investigación ULL "Palingestos. Fiesta y espectáculo en la cultura popular en su contexto atlántico: Literatura, Arte, Cine y Teatro".
