{"id":11355,"date":"2019-03-21T00:54:16","date_gmt":"2019-03-21T00:54:16","guid":{"rendered":"https:\/\/www.ull.es\/portal\/agenda\/?post_type=tribe_events&#038;p=11355"},"modified":"2019-03-21T00:54:16","modified_gmt":"2019-03-21T00:54:16","slug":"midec-muestra-internacional-de-cortometrajes-de-la-universidad-de-la-laguna","status":"publish","type":"tribe_events","link":"https:\/\/www.ull.es\/portal\/agenda\/evento\/midec-muestra-internacional-de-cortometrajes-de-la-universidad-de-la-laguna\/","title":{"rendered":"MIDEC: Muestra Internacional de Cortometrajes de la Universidad de La Laguna,"},"content":{"rendered":"<p>La Muestra Internacional de Cortometrajes de la Universidad de La Laguna, MIDEC, ofrece los pr\u00f3ximos d\u00edas 21 y 22 de marzo la proyecci\u00f3n de los cortometrajes ganadores y finalistas de su decimosexta edici\u00f3n. Por primera vez Multicines Tenerife, sede del Aula de Cine de la ULL, acoger\u00e1 la programaci\u00f3n prevista por la MIDEC. La entrada ser\u00e1 gratuita hasta completar el aforo de la sala.<\/p>\n<p>Se proyectar\u00e1n un total de 16 cortometrajes, entre ganadores y finalistas, de los 368 que concurrieron a esta edici\u00f3n de la MIDEC, procedentes de numerosos pa\u00edses como Espa\u00f1a, Argentina, Per\u00fa, Cuba, Alemania, Italia, Grecia o Francia. Adem\u00e1s, desde la incorporaci\u00f3n del Premio de Mejor Cortometraje Canario destaca la presencia a competici\u00f3n de los mejores realizadores locales. Esta diversidad implica narrativas y problem\u00e1ticas diferentes y sirve al objetivo de la MIDEC de acercar a la sociedad y la comunidad universitaria distintas visiones del mundo a trav\u00e9s del enfoque personal de cineastas de varias nacionalidades.<\/p>\n<p>&nbsp;<\/p>\n","protected":false},"excerpt":{"rendered":"<p>La Muestra Internacional de Cortometrajes de la Universidad de La Laguna, MIDEC, ofrece los pr\u00f3ximos d\u00edas 21 y 22 de marzo la proyecci\u00f3n de los cortometrajes ganadores y finalistas de su decimosexta edici\u00f3n. Por primera vez Multicines Tenerife, sede del Aula de Cine de la ULL, acoger\u00e1 la programaci\u00f3n prevista por la MIDEC. La entrada&#8230;<\/p>\n","protected":false},"author":51,"featured_media":11356,"comment_status":"closed","ping_status":"closed","template":"","tags":[2679,1029,2678],"tribe_events_cat":[191],"acf":[],"yoast_head":"<!-- This site is optimized with the Yoast SEO plugin v21.3 - https:\/\/yoast.com\/wordpress\/plugins\/seo\/ -->\n<title>MIDEC: Muestra Internacional de Cortometrajes de la Universidad de La Laguna, - ULL - Agenda<\/title>\n<meta name=\"robots\" content=\"index, follow, max-snippet:-1, max-image-preview:large, max-video-preview:-1\" \/>\n<link rel=\"canonical\" href=\"https:\/\/www.ull.es\/portal\/agenda\/evento\/midec-muestra-internacional-de-cortometrajes-de-la-universidad-de-la-laguna\/\" \/>\n<meta property=\"og:locale\" content=\"es_ES\" \/>\n<meta property=\"og:type\" content=\"article\" \/>\n<meta property=\"og:title\" content=\"MIDEC: Muestra Internacional de Cortometrajes de la Universidad de La Laguna, - ULL - Agenda\" \/>\n<meta property=\"og:description\" content=\"La Muestra Internacional de Cortometrajes de la Universidad de La Laguna, MIDEC, ofrece los pr\u00f3ximos d\u00edas 21 y 22 de marzo la proyecci\u00f3n de los cortometrajes ganadores y finalistas de su decimosexta edici\u00f3n. Por primera vez Multicines Tenerife, sede del Aula de Cine de la ULL, acoger\u00e1 la programaci\u00f3n prevista por la MIDEC. La entrada...\" \/>\n<meta property=\"og:url\" content=\"https:\/\/www.ull.es\/portal\/agenda\/evento\/midec-muestra-internacional-de-cortometrajes-de-la-universidad-de-la-laguna\/\" \/>\n<meta property=\"og:site_name\" content=\"ULL - Agenda\" \/>\n<meta property=\"og:image\" content=\"https:\/\/www.ull.es\/portal\/agenda\/wp-content\/uploads\/sites\/12\/2019\/03\/Midec_agenda.jpg\" \/>\n\t<meta property=\"og:image:width\" content=\"700\" \/>\n\t<meta property=\"og:image:height\" content=\"350\" \/>\n\t<meta property=\"og:image:type\" content=\"image\/jpeg\" \/>\n<meta name=\"twitter:card\" content=\"summary_large_image\" \/>\n<meta name=\"twitter:label1\" content=\"Tiempo de lectura\" \/>\n\t<meta name=\"twitter:data1\" content=\"1 minuto\" \/>\n<script type=\"application\/ld+json\" class=\"yoast-schema-graph\">{\"@context\":\"https:\/\/schema.org\",\"@graph\":[{\"@type\":\"WebPage\",\"@id\":\"https:\/\/www.ull.es\/portal\/agenda\/evento\/midec-muestra-internacional-de-cortometrajes-de-la-universidad-de-la-laguna\/\",\"url\":\"https:\/\/www.ull.es\/portal\/agenda\/evento\/midec-muestra-internacional-de-cortometrajes-de-la-universidad-de-la-laguna\/\",\"name\":\"MIDEC: Muestra Internacional de Cortometrajes de la Universidad de La Laguna, - ULL - Agenda\",\"isPartOf\":{\"@id\":\"https:\/\/www.ull.es\/portal\/agenda\/#website\"},\"datePublished\":\"2019-03-21T00:54:16+00:00\",\"dateModified\":\"2019-03-21T00:54:16+00:00\",\"breadcrumb\":{\"@id\":\"https:\/\/www.ull.es\/portal\/agenda\/evento\/midec-muestra-internacional-de-cortometrajes-de-la-universidad-de-la-laguna\/#breadcrumb\"},\"inLanguage\":\"es\",\"potentialAction\":[{\"@type\":\"ReadAction\",\"target\":[\"https:\/\/www.ull.es\/portal\/agenda\/evento\/midec-muestra-internacional-de-cortometrajes-de-la-universidad-de-la-laguna\/\"]}]},{\"@type\":\"BreadcrumbList\",\"@id\":\"https:\/\/www.ull.es\/portal\/agenda\/evento\/midec-muestra-internacional-de-cortometrajes-de-la-universidad-de-la-laguna\/#breadcrumb\",\"itemListElement\":[{\"@type\":\"ListItem\",\"position\":1,\"name\":\"Portada\",\"item\":\"https:\/\/www.ull.es\/portal\/agenda\/\"},{\"@type\":\"ListItem\",\"position\":2,\"name\":\"MIDEC: Muestra Internacional de Cortometrajes de la Universidad de La Laguna,\"}]},{\"@type\":\"WebSite\",\"@id\":\"https:\/\/www.ull.es\/portal\/agenda\/#website\",\"url\":\"https:\/\/www.ull.es\/portal\/agenda\/\",\"name\":\"ULL - Agenda\",\"description\":\"\",\"potentialAction\":[{\"@type\":\"SearchAction\",\"target\":{\"@type\":\"EntryPoint\",\"urlTemplate\":\"https:\/\/www.ull.es\/portal\/agenda\/?s={search_term_string}\"},\"query-input\":\"required name=search_term_string\"}],\"inLanguage\":\"es\"}]}<\/script>\n<!-- \/ Yoast SEO plugin. -->","yoast_head_json":{"title":"MIDEC: Muestra Internacional de Cortometrajes de la Universidad de La Laguna, - ULL - Agenda","robots":{"index":"index","follow":"follow","max-snippet":"max-snippet:-1","max-image-preview":"max-image-preview:large","max-video-preview":"max-video-preview:-1"},"canonical":"https:\/\/www.ull.es\/portal\/agenda\/evento\/midec-muestra-internacional-de-cortometrajes-de-la-universidad-de-la-laguna\/","og_locale":"es_ES","og_type":"article","og_title":"MIDEC: Muestra Internacional de Cortometrajes de la Universidad de La Laguna, - ULL - Agenda","og_description":"La Muestra Internacional de Cortometrajes de la Universidad de La Laguna, MIDEC, ofrece los pr\u00f3ximos d\u00edas 21 y 22 de marzo la proyecci\u00f3n de los cortometrajes ganadores y finalistas de su decimosexta edici\u00f3n. Por primera vez Multicines Tenerife, sede del Aula de Cine de la ULL, acoger\u00e1 la programaci\u00f3n prevista por la MIDEC. La entrada...","og_url":"https:\/\/www.ull.es\/portal\/agenda\/evento\/midec-muestra-internacional-de-cortometrajes-de-la-universidad-de-la-laguna\/","og_site_name":"ULL - Agenda","og_image":[{"width":700,"height":350,"url":"https:\/\/www.ull.es\/portal\/agenda\/wp-content\/uploads\/sites\/12\/2019\/03\/Midec_agenda.jpg","type":"image\/jpeg"}],"twitter_card":"summary_large_image","twitter_misc":{"Tiempo de lectura":"1 minuto"},"schema":{"@context":"https:\/\/schema.org","@graph":[{"@type":"WebPage","@id":"https:\/\/www.ull.es\/portal\/agenda\/evento\/midec-muestra-internacional-de-cortometrajes-de-la-universidad-de-la-laguna\/","url":"https:\/\/www.ull.es\/portal\/agenda\/evento\/midec-muestra-internacional-de-cortometrajes-de-la-universidad-de-la-laguna\/","name":"MIDEC: Muestra Internacional de Cortometrajes de la Universidad de La Laguna, - ULL - Agenda","isPartOf":{"@id":"https:\/\/www.ull.es\/portal\/agenda\/#website"},"datePublished":"2019-03-21T00:54:16+00:00","dateModified":"2019-03-21T00:54:16+00:00","breadcrumb":{"@id":"https:\/\/www.ull.es\/portal\/agenda\/evento\/midec-muestra-internacional-de-cortometrajes-de-la-universidad-de-la-laguna\/#breadcrumb"},"inLanguage":"es","potentialAction":[{"@type":"ReadAction","target":["https:\/\/www.ull.es\/portal\/agenda\/evento\/midec-muestra-internacional-de-cortometrajes-de-la-universidad-de-la-laguna\/"]}]},{"@type":"BreadcrumbList","@id":"https:\/\/www.ull.es\/portal\/agenda\/evento\/midec-muestra-internacional-de-cortometrajes-de-la-universidad-de-la-laguna\/#breadcrumb","itemListElement":[{"@type":"ListItem","position":1,"name":"Portada","item":"https:\/\/www.ull.es\/portal\/agenda\/"},{"@type":"ListItem","position":2,"name":"MIDEC: Muestra Internacional de Cortometrajes de la Universidad de La Laguna,"}]},{"@type":"WebSite","@id":"https:\/\/www.ull.es\/portal\/agenda\/#website","url":"https:\/\/www.ull.es\/portal\/agenda\/","name":"ULL - Agenda","description":"","potentialAction":[{"@type":"SearchAction","target":{"@type":"EntryPoint","urlTemplate":"https:\/\/www.ull.es\/portal\/agenda\/?s={search_term_string}"},"query-input":"required name=search_term_string"}],"inLanguage":"es"}]}},"_links":{"self":[{"href":"https:\/\/www.ull.es\/portal\/agenda\/wp-json\/wp\/v2\/tribe_events\/11355"}],"collection":[{"href":"https:\/\/www.ull.es\/portal\/agenda\/wp-json\/wp\/v2\/tribe_events"}],"about":[{"href":"https:\/\/www.ull.es\/portal\/agenda\/wp-json\/wp\/v2\/types\/tribe_events"}],"author":[{"embeddable":true,"href":"https:\/\/www.ull.es\/portal\/agenda\/wp-json\/wp\/v2\/users\/51"}],"replies":[{"embeddable":true,"href":"https:\/\/www.ull.es\/portal\/agenda\/wp-json\/wp\/v2\/comments?post=11355"}],"version-history":[{"count":1,"href":"https:\/\/www.ull.es\/portal\/agenda\/wp-json\/wp\/v2\/tribe_events\/11355\/revisions"}],"predecessor-version":[{"id":11357,"href":"https:\/\/www.ull.es\/portal\/agenda\/wp-json\/wp\/v2\/tribe_events\/11355\/revisions\/11357"}],"wp:featuredmedia":[{"embeddable":true,"href":"https:\/\/www.ull.es\/portal\/agenda\/wp-json\/wp\/v2\/media\/11356"}],"wp:attachment":[{"href":"https:\/\/www.ull.es\/portal\/agenda\/wp-json\/wp\/v2\/media?parent=11355"}],"wp:term":[{"taxonomy":"post_tag","embeddable":true,"href":"https:\/\/www.ull.es\/portal\/agenda\/wp-json\/wp\/v2\/tags?post=11355"},{"taxonomy":"tribe_events_cat","embeddable":true,"href":"https:\/\/www.ull.es\/portal\/agenda\/wp-json\/wp\/v2\/tribe_events_cat?post=11355"}],"curies":[{"name":"wp","href":"https:\/\/api.w.org\/{rel}","templated":true}]}}

<p>La Muestra Internacional de Cortometrajes de la Universidad de La Laguna, MIDEC, ofrece los próximos días 21 y 22 de marzo la proyección de los cortometrajes ganadores y finalistas de su decimosexta edición. Por primera vez Multicines Tenerife, sede del Aula de Cine de la ULL, acogerá la programación prevista por la MIDEC. La entrada será gratuita hasta completar el aforo de la sala.</p>
<p>Se proyectarán un total de 16 cortometrajes, entre ganadores y finalistas, de los 368 que concurrieron a esta edición de la MIDEC, procedentes de numerosos países como España, Argentina, Perú, Cuba, Alemania, Italia, Grecia o Francia. Además, desde la incorporación del Premio de Mejor Cortometraje Canario destaca la presencia a competición de los mejores realizadores locales. Esta diversidad implica narrativas y problemáticas diferentes y sirve al objetivo de la MIDEC de acercar a la sociedad y la comunidad universitaria distintas visiones del mundo a través del enfoque personal de cineastas de varias nacionalidades.</p>
<p>&nbsp;</p>

<p>La Muestra Internacional de Cortometrajes de la Universidad de La Laguna, MIDEC, ofrece los próximos días 21 y 22 de marzo la proyección de los cortometrajes ganadores y finalistas de su decimosexta edición. Por primera vez Multicines Tenerife, sede del Aula de Cine de la ULL, acogerá la programación prevista por la MIDEC. La entrada&#8230;</p>

<!-- This site is optimized with the Yoast SEO plugin v21.3 - https://yoast.com/wordpress/plugins/seo/ -->
<title>MIDEC: Muestra Internacional de Cortometrajes de la Universidad de La Laguna, - ULL - Agenda</title>
<meta name="robots" content="index, follow, max-snippet:-1, max-image-preview:large, max-video-preview:-1" />
<link rel="canonical" href="https://www.ull.es/portal/agenda/evento/midec-muestra-internacional-de-cortometrajes-de-la-universidad-de-la-laguna/" />
<meta property="og:locale" content="es_ES" />
<meta property="og:type" content="article" />
<meta property="og:title" content="MIDEC: Muestra Internacional de Cortometrajes de la Universidad de La Laguna, - ULL - Agenda" />
<meta property="og:description" content="La Muestra Internacional de Cortometrajes de la Universidad de La Laguna, MIDEC, ofrece los próximos días 21 y 22 de marzo la proyección de los cortometrajes ganadores y finalistas de su decimosexta edición. Por primera vez Multicines Tenerife, sede del Aula de Cine de la ULL, acogerá la programación prevista por la MIDEC. La entrada..." />
<meta property="og:url" content="https://www.ull.es/portal/agenda/evento/midec-muestra-internacional-de-cortometrajes-de-la-universidad-de-la-laguna/" />
<meta property="og:site_name" content="ULL - Agenda" />
<meta property="og:image" content="https://www.ull.es/portal/agenda/wp-content/uploads/sites/12/2019/03/Midec_agenda.jpg" />
	<meta property="og:image:width" content="700" />
	<meta property="og:image:height" content="350" />
	<meta property="og:image:type" content="image/jpeg" />
<meta name="twitter:card" content="summary_large_image" />
<meta name="twitter:label1" content="Tiempo de lectura" />
	<meta name="twitter:data1" content="1 minuto" />
<script type="application/ld+json" class="yoast-schema-graph">{"@context":"https://schema.org","@graph":[{"@type":"WebPage","@id":"https://www.ull.es/portal/agenda/evento/midec-muestra-internacional-de-cortometrajes-de-la-universidad-de-la-laguna/","url":"https://www.ull.es/portal/agenda/evento/midec-muestra-internacional-de-cortometrajes-de-la-universidad-de-la-laguna/","name":"MIDEC: Muestra Internacional de Cortometrajes de la Universidad de La Laguna, - ULL - Agenda","isPartOf":{"@id":"https://www.ull.es/portal/agenda/#website"},"datePublished":"2019-03-21T00:54:16+00:00","dateModified":"2019-03-21T00:54:16+00:00","breadcrumb":{"@id":"https://www.ull.es/portal/agenda/evento/midec-muestra-internacional-de-cortometrajes-de-la-universidad-de-la-laguna/#breadcrumb"},"inLanguage":"es","potentialAction":[{"@type":"ReadAction","target":["https://www.ull.es/portal/agenda/evento/midec-muestra-internacional-de-cortometrajes-de-la-universidad-de-la-laguna/"]}]},{"@type":"BreadcrumbList","@id":"https://www.ull.es/portal/agenda/evento/midec-muestra-internacional-de-cortometrajes-de-la-universidad-de-la-laguna/#breadcrumb","itemListElement":[{"@type":"ListItem","position":1,"name":"Portada","item":"https://www.ull.es/portal/agenda/"},{"@type":"ListItem","position":2,"name":"MIDEC: Muestra Internacional de Cortometrajes de la Universidad de La Laguna,"}]},{"@type":"WebSite","@id":"https://www.ull.es/portal/agenda/#website","url":"https://www.ull.es/portal/agenda/","name":"ULL - Agenda","description":"","potentialAction":[{"@type":"SearchAction","target":{"@type":"EntryPoint","urlTemplate":"https://www.ull.es/portal/agenda/?s={search_term_string}"},"query-input":"required name=search_term_string"}],"inLanguage":"es"}]}</script>
<!-- / Yoast SEO plugin. -->

La Muestra Internacional de Cortometrajes de la Universidad de La Laguna, MIDEC, ofrece los próximos días 21 y 22 de marzo la proyección de los cortometrajes ganadores y finalistas de su decimosexta edición. Por primera vez Multicines Tenerife, sede del Aula de Cine de la ULL, acogerá la programación prevista por la MIDEC. La entrada...
