{"id":11566,"date":"2019-04-03T09:41:18","date_gmt":"2019-04-03T09:41:18","guid":{"rendered":"https:\/\/www.ull.es\/portal\/agenda\/?post_type=tribe_events&#038;p=11566"},"modified":"2019-04-25T09:29:16","modified_gmt":"2019-04-25T09:29:16","slug":"exposicion-xxii-premio-nacional-de-pintura-enrique-lite-2018","status":"publish","type":"tribe_events","link":"https:\/\/www.ull.es\/portal\/agenda\/evento\/exposicion-xxii-premio-nacional-de-pintura-enrique-lite-2018\/","title":{"rendered":"Exposici\u00f3n XXII Premio Nacional de Pintura Enrique Lite 2018"},"content":{"rendered":"<p>El Espacio Cultural La Capilla acoger\u00e1 desde el 9 de abril hasta el 3 de mayo la exposici\u00f3n del <strong>XXII Premio Nacional de Pintura Enrique Lite 2018<\/strong>. La inauguraci\u00f3n ser\u00e1 el mismo 9 de abril a las 19.00 horas a la que asistir\u00e1 el Vicerrector de Relaciones con la Sociedad de la Universidad de La Laguna, Francisco Garc\u00eda Rodr\u00edguez. La muestra contar\u00e1 con las obras de los tres participantes premiados, as\u00ed como una serie de obras seleccionadas. Los galardones en su edici\u00f3n de 2018 han sido para:<\/p>\n<p><strong>Primer Premio<\/strong><br \/>\nFany Kano<\/p>\n<p><strong>Segundo Premio<\/strong><br \/>\nFederica Furbelli<\/p>\n<p><strong>Tercer Premio<\/strong><br \/>\nDavide Battaglia<\/p>\n<p><strong>Artistas seleccionados<\/strong><br \/>\nInmaculada Armas Ruiz<br \/>\nLaura B\u00e1ez Hern\u00e1ndez<br \/>\nBianca Demo<br \/>\nRebeca L\u00f3pez Villar<br \/>\nRaquel Luis Rodr\u00edguez<br \/>\nAbigail Ojeda Alonso<br \/>\nElisa Pinto Abreu<br \/>\nErika Concepci\u00f3n Romero P\u00e9rez<br \/>\nLuis Miguel S\u00e1nchez Mart\u00edn<\/p>\n<p>El objetivo fundamental de los premios culturales que desde hace tantos a\u00f1os viene convocando la Universidad de La Laguna, de los cuales forman parte destacada el de pintura, no es otro que el de servir de veh\u00edculo para poner en valor el papel de los\/as j\u00f3venes creadores art\u00edsticos y culturales, dando a conocer sus obras y promoviendo su reconocimiento social.<\/p>\n","protected":false},"excerpt":{"rendered":"<p>El Espacio Cultural La Capilla acoger\u00e1 desde el 9 de abril hasta el 3 de mayo la exposici\u00f3n del XXII Premio Nacional de Pintura Enrique Lite 2018. La inauguraci\u00f3n ser\u00e1 el mismo 9 de abril a las 19.00 horas a la que asistir\u00e1 el Vicerrector de Relaciones con la Sociedad de la Universidad de La&#8230;<\/p>\n","protected":false},"author":30,"featured_media":11571,"comment_status":"closed","ping_status":"closed","template":"","tags":[201,2740],"tribe_events_cat":[4,343],"acf":[],"yoast_head":"<!-- This site is optimized with the Yoast SEO plugin v21.3 - https:\/\/yoast.com\/wordpress\/plugins\/seo\/ -->\n<title>Exposici\u00f3n XXII Premio Nacional de Pintura Enrique Lite 2018 - ULL - Agenda<\/title>\n<meta name=\"robots\" content=\"index, follow, max-snippet:-1, max-image-preview:large, max-video-preview:-1\" \/>\n<link rel=\"canonical\" href=\"https:\/\/www.ull.es\/portal\/agenda\/evento\/exposicion-xxii-premio-nacional-de-pintura-enrique-lite-2018\/\" \/>\n<meta property=\"og:locale\" content=\"es_ES\" \/>\n<meta property=\"og:type\" content=\"article\" \/>\n<meta property=\"og:title\" content=\"Exposici\u00f3n XXII Premio Nacional de Pintura Enrique Lite 2018 - ULL - Agenda\" \/>\n<meta property=\"og:description\" content=\"El Espacio Cultural La Capilla acoger\u00e1 desde el 9 de abril hasta el 3 de mayo la exposici\u00f3n del XXII Premio Nacional de Pintura Enrique Lite 2018. La inauguraci\u00f3n ser\u00e1 el mismo 9 de abril a las 19.00 horas a la que asistir\u00e1 el Vicerrector de Relaciones con la Sociedad de la Universidad de La...\" \/>\n<meta property=\"og:url\" content=\"https:\/\/www.ull.es\/portal\/agenda\/evento\/exposicion-xxii-premio-nacional-de-pintura-enrique-lite-2018\/\" \/>\n<meta property=\"og:site_name\" content=\"ULL - Agenda\" \/>\n<meta property=\"article:modified_time\" content=\"2019-04-25T09:29:16+00:00\" \/>\n<meta property=\"og:image\" content=\"https:\/\/www.ull.es\/portal\/agenda\/wp-content\/uploads\/sites\/12\/2019\/04\/PremioPintura_agenda.jpg\" \/>\n\t<meta property=\"og:image:width\" content=\"700\" \/>\n\t<meta property=\"og:image:height\" content=\"350\" \/>\n\t<meta property=\"og:image:type\" content=\"image\/jpeg\" \/>\n<meta name=\"twitter:card\" content=\"summary_large_image\" \/>\n<meta name=\"twitter:label1\" content=\"Tiempo de lectura\" \/>\n\t<meta name=\"twitter:data1\" content=\"1 minuto\" \/>\n<script type=\"application\/ld+json\" class=\"yoast-schema-graph\">{\"@context\":\"https:\/\/schema.org\",\"@graph\":[{\"@type\":\"WebPage\",\"@id\":\"https:\/\/www.ull.es\/portal\/agenda\/evento\/exposicion-xxii-premio-nacional-de-pintura-enrique-lite-2018\/\",\"url\":\"https:\/\/www.ull.es\/portal\/agenda\/evento\/exposicion-xxii-premio-nacional-de-pintura-enrique-lite-2018\/\",\"name\":\"Exposici\u00f3n XXII Premio Nacional de Pintura Enrique Lite 2018 - ULL - Agenda\",\"isPartOf\":{\"@id\":\"https:\/\/www.ull.es\/portal\/agenda\/#website\"},\"datePublished\":\"2019-04-03T09:41:18+00:00\",\"dateModified\":\"2019-04-25T09:29:16+00:00\",\"breadcrumb\":{\"@id\":\"https:\/\/www.ull.es\/portal\/agenda\/evento\/exposicion-xxii-premio-nacional-de-pintura-enrique-lite-2018\/#breadcrumb\"},\"inLanguage\":\"es\",\"potentialAction\":[{\"@type\":\"ReadAction\",\"target\":[\"https:\/\/www.ull.es\/portal\/agenda\/evento\/exposicion-xxii-premio-nacional-de-pintura-enrique-lite-2018\/\"]}]},{\"@type\":\"BreadcrumbList\",\"@id\":\"https:\/\/www.ull.es\/portal\/agenda\/evento\/exposicion-xxii-premio-nacional-de-pintura-enrique-lite-2018\/#breadcrumb\",\"itemListElement\":[{\"@type\":\"ListItem\",\"position\":1,\"name\":\"Portada\",\"item\":\"https:\/\/www.ull.es\/portal\/agenda\/\"},{\"@type\":\"ListItem\",\"position\":2,\"name\":\"Exposici\u00f3n XXII Premio Nacional de Pintura Enrique Lite 2018\"}]},{\"@type\":\"WebSite\",\"@id\":\"https:\/\/www.ull.es\/portal\/agenda\/#website\",\"url\":\"https:\/\/www.ull.es\/portal\/agenda\/\",\"name\":\"ULL - Agenda\",\"description\":\"\",\"potentialAction\":[{\"@type\":\"SearchAction\",\"target\":{\"@type\":\"EntryPoint\",\"urlTemplate\":\"https:\/\/www.ull.es\/portal\/agenda\/?s={search_term_string}\"},\"query-input\":\"required name=search_term_string\"}],\"inLanguage\":\"es\"}]}<\/script>\n<!-- \/ Yoast SEO plugin. -->","yoast_head_json":{"title":"Exposici\u00f3n XXII Premio Nacional de Pintura Enrique Lite 2018 - ULL - Agenda","robots":{"index":"index","follow":"follow","max-snippet":"max-snippet:-1","max-image-preview":"max-image-preview:large","max-video-preview":"max-video-preview:-1"},"canonical":"https:\/\/www.ull.es\/portal\/agenda\/evento\/exposicion-xxii-premio-nacional-de-pintura-enrique-lite-2018\/","og_locale":"es_ES","og_type":"article","og_title":"Exposici\u00f3n XXII Premio Nacional de Pintura Enrique Lite 2018 - ULL - Agenda","og_description":"El Espacio Cultural La Capilla acoger\u00e1 desde el 9 de abril hasta el 3 de mayo la exposici\u00f3n del XXII Premio Nacional de Pintura Enrique Lite 2018. La inauguraci\u00f3n ser\u00e1 el mismo 9 de abril a las 19.00 horas a la que asistir\u00e1 el Vicerrector de Relaciones con la Sociedad de la Universidad de La...","og_url":"https:\/\/www.ull.es\/portal\/agenda\/evento\/exposicion-xxii-premio-nacional-de-pintura-enrique-lite-2018\/","og_site_name":"ULL - Agenda","article_modified_time":"2019-04-25T09:29:16+00:00","og_image":[{"width":700,"height":350,"url":"https:\/\/www.ull.es\/portal\/agenda\/wp-content\/uploads\/sites\/12\/2019\/04\/PremioPintura_agenda.jpg","type":"image\/jpeg"}],"twitter_card":"summary_large_image","twitter_misc":{"Tiempo de lectura":"1 minuto"},"schema":{"@context":"https:\/\/schema.org","@graph":[{"@type":"WebPage","@id":"https:\/\/www.ull.es\/portal\/agenda\/evento\/exposicion-xxii-premio-nacional-de-pintura-enrique-lite-2018\/","url":"https:\/\/www.ull.es\/portal\/agenda\/evento\/exposicion-xxii-premio-nacional-de-pintura-enrique-lite-2018\/","name":"Exposici\u00f3n XXII Premio Nacional de Pintura Enrique Lite 2018 - ULL - Agenda","isPartOf":{"@id":"https:\/\/www.ull.es\/portal\/agenda\/#website"},"datePublished":"2019-04-03T09:41:18+00:00","dateModified":"2019-04-25T09:29:16+00:00","breadcrumb":{"@id":"https:\/\/www.ull.es\/portal\/agenda\/evento\/exposicion-xxii-premio-nacional-de-pintura-enrique-lite-2018\/#breadcrumb"},"inLanguage":"es","potentialAction":[{"@type":"ReadAction","target":["https:\/\/www.ull.es\/portal\/agenda\/evento\/exposicion-xxii-premio-nacional-de-pintura-enrique-lite-2018\/"]}]},{"@type":"BreadcrumbList","@id":"https:\/\/www.ull.es\/portal\/agenda\/evento\/exposicion-xxii-premio-nacional-de-pintura-enrique-lite-2018\/#breadcrumb","itemListElement":[{"@type":"ListItem","position":1,"name":"Portada","item":"https:\/\/www.ull.es\/portal\/agenda\/"},{"@type":"ListItem","position":2,"name":"Exposici\u00f3n XXII Premio Nacional de Pintura Enrique Lite 2018"}]},{"@type":"WebSite","@id":"https:\/\/www.ull.es\/portal\/agenda\/#website","url":"https:\/\/www.ull.es\/portal\/agenda\/","name":"ULL - Agenda","description":"","potentialAction":[{"@type":"SearchAction","target":{"@type":"EntryPoint","urlTemplate":"https:\/\/www.ull.es\/portal\/agenda\/?s={search_term_string}"},"query-input":"required name=search_term_string"}],"inLanguage":"es"}]}},"_links":{"self":[{"href":"https:\/\/www.ull.es\/portal\/agenda\/wp-json\/wp\/v2\/tribe_events\/11566"}],"collection":[{"href":"https:\/\/www.ull.es\/portal\/agenda\/wp-json\/wp\/v2\/tribe_events"}],"about":[{"href":"https:\/\/www.ull.es\/portal\/agenda\/wp-json\/wp\/v2\/types\/tribe_events"}],"author":[{"embeddable":true,"href":"https:\/\/www.ull.es\/portal\/agenda\/wp-json\/wp\/v2\/users\/30"}],"replies":[{"embeddable":true,"href":"https:\/\/www.ull.es\/portal\/agenda\/wp-json\/wp\/v2\/comments?post=11566"}],"version-history":[{"count":3,"href":"https:\/\/www.ull.es\/portal\/agenda\/wp-json\/wp\/v2\/tribe_events\/11566\/revisions"}],"predecessor-version":[{"id":11577,"href":"https:\/\/www.ull.es\/portal\/agenda\/wp-json\/wp\/v2\/tribe_events\/11566\/revisions\/11577"}],"wp:featuredmedia":[{"embeddable":true,"href":"https:\/\/www.ull.es\/portal\/agenda\/wp-json\/wp\/v2\/media\/11571"}],"wp:attachment":[{"href":"https:\/\/www.ull.es\/portal\/agenda\/wp-json\/wp\/v2\/media?parent=11566"}],"wp:term":[{"taxonomy":"post_tag","embeddable":true,"href":"https:\/\/www.ull.es\/portal\/agenda\/wp-json\/wp\/v2\/tags?post=11566"},{"taxonomy":"tribe_events_cat","embeddable":true,"href":"https:\/\/www.ull.es\/portal\/agenda\/wp-json\/wp\/v2\/tribe_events_cat?post=11566"}],"curies":[{"name":"wp","href":"https:\/\/api.w.org\/{rel}","templated":true}]}}

Exposición XXII Premio Nacional de Pintura Enrique Lite 2018

<p>El Espacio Cultural La Capilla acogerá desde el 9 de abril hasta el 3 de mayo la exposición del <strong>XXII Premio Nacional de Pintura Enrique Lite 2018</strong>. La inauguración será el mismo 9 de abril a las 19.00 horas a la que asistirá el Vicerrector de Relaciones con la Sociedad de la Universidad de La Laguna, Francisco García Rodríguez. La muestra contará con las obras de los tres participantes premiados, así como una serie de obras seleccionadas. Los galardones en su edición de 2018 han sido para:</p>
<p><strong>Primer Premio</strong><br />
Fany Kano</p>
<p><strong>Segundo Premio</strong><br />
Federica Furbelli</p>
<p><strong>Tercer Premio</strong><br />
Davide Battaglia</p>
<p><strong>Artistas seleccionados</strong><br />
Inmaculada Armas Ruiz<br />
Laura Báez Hernández<br />
Bianca Demo<br />
Rebeca López Villar<br />
Raquel Luis Rodríguez<br />
Abigail Ojeda Alonso<br />
Elisa Pinto Abreu<br />
Erika Concepción Romero Pérez<br />
Luis Miguel Sánchez Martín</p>
<p>El objetivo fundamental de los premios culturales que desde hace tantos años viene convocando la Universidad de La Laguna, de los cuales forman parte destacada el de pintura, no es otro que el de servir de vehículo para poner en valor el papel de los/as jóvenes creadores artísticos y culturales, dando a conocer sus obras y promoviendo su reconocimiento social.</p>

<p>El Espacio Cultural La Capilla acogerá desde el 9 de abril hasta el 3 de mayo la exposición del XXII Premio Nacional de Pintura Enrique Lite 2018. La inauguración será el mismo 9 de abril a las 19.00 horas a la que asistirá el Vicerrector de Relaciones con la Sociedad de la Universidad de La&#8230;</p>

<!-- This site is optimized with the Yoast SEO plugin v21.3 - https://yoast.com/wordpress/plugins/seo/ -->
<title>Exposición XXII Premio Nacional de Pintura Enrique Lite 2018 - ULL - Agenda</title>
<meta name="robots" content="index, follow, max-snippet:-1, max-image-preview:large, max-video-preview:-1" />
<link rel="canonical" href="https://www.ull.es/portal/agenda/evento/exposicion-xxii-premio-nacional-de-pintura-enrique-lite-2018/" />
<meta property="og:locale" content="es_ES" />
<meta property="og:type" content="article" />
<meta property="og:title" content="Exposición XXII Premio Nacional de Pintura Enrique Lite 2018 - ULL - Agenda" />
<meta property="og:description" content="El Espacio Cultural La Capilla acogerá desde el 9 de abril hasta el 3 de mayo la exposición del XXII Premio Nacional de Pintura Enrique Lite 2018. La inauguración será el mismo 9 de abril a las 19.00 horas a la que asistirá el Vicerrector de Relaciones con la Sociedad de la Universidad de La..." />
<meta property="og:url" content="https://www.ull.es/portal/agenda/evento/exposicion-xxii-premio-nacional-de-pintura-enrique-lite-2018/" />
<meta property="og:site_name" content="ULL - Agenda" />
<meta property="article:modified_time" content="2019-04-25T09:29:16+00:00" />
<meta property="og:image" content="https://www.ull.es/portal/agenda/wp-content/uploads/sites/12/2019/04/PremioPintura_agenda.jpg" />
	<meta property="og:image:width" content="700" />
	<meta property="og:image:height" content="350" />
	<meta property="og:image:type" content="image/jpeg" />
<meta name="twitter:card" content="summary_large_image" />
<meta name="twitter:label1" content="Tiempo de lectura" />
	<meta name="twitter:data1" content="1 minuto" />
<script type="application/ld+json" class="yoast-schema-graph">{"@context":"https://schema.org","@graph":[{"@type":"WebPage","@id":"https://www.ull.es/portal/agenda/evento/exposicion-xxii-premio-nacional-de-pintura-enrique-lite-2018/","url":"https://www.ull.es/portal/agenda/evento/exposicion-xxii-premio-nacional-de-pintura-enrique-lite-2018/","name":"Exposición XXII Premio Nacional de Pintura Enrique Lite 2018 - ULL - Agenda","isPartOf":{"@id":"https://www.ull.es/portal/agenda/#website"},"datePublished":"2019-04-03T09:41:18+00:00","dateModified":"2019-04-25T09:29:16+00:00","breadcrumb":{"@id":"https://www.ull.es/portal/agenda/evento/exposicion-xxii-premio-nacional-de-pintura-enrique-lite-2018/#breadcrumb"},"inLanguage":"es","potentialAction":[{"@type":"ReadAction","target":["https://www.ull.es/portal/agenda/evento/exposicion-xxii-premio-nacional-de-pintura-enrique-lite-2018/"]}]},{"@type":"BreadcrumbList","@id":"https://www.ull.es/portal/agenda/evento/exposicion-xxii-premio-nacional-de-pintura-enrique-lite-2018/#breadcrumb","itemListElement":[{"@type":"ListItem","position":1,"name":"Portada","item":"https://www.ull.es/portal/agenda/"},{"@type":"ListItem","position":2,"name":"Exposición XXII Premio Nacional de Pintura Enrique Lite 2018"}]},{"@type":"WebSite","@id":"https://www.ull.es/portal/agenda/#website","url":"https://www.ull.es/portal/agenda/","name":"ULL - Agenda","description":"","potentialAction":[{"@type":"SearchAction","target":{"@type":"EntryPoint","urlTemplate":"https://www.ull.es/portal/agenda/?s={search_term_string}"},"query-input":"required name=search_term_string"}],"inLanguage":"es"}]}</script>
<!-- / Yoast SEO plugin. -->

Exposición XXII Premio Nacional de Pintura Enrique Lite 2018 - ULL - Agenda

El Espacio Cultural La Capilla acogerá desde el 9 de abril hasta el 3 de mayo la exposición del XXII Premio Nacional de Pintura Enrique Lite 2018. La inauguración será el mismo 9 de abril a las 19.00 horas a la que asistirá el Vicerrector de Relaciones con la Sociedad de la Universidad de La...
