{"id":12025,"date":"2019-04-26T12:25:27","date_gmt":"2019-04-26T12:25:27","guid":{"rendered":"https:\/\/www.ull.es\/portal\/agenda\/?post_type=tribe_events&#038;p=12025"},"modified":"2019-04-26T13:08:18","modified_gmt":"2019-04-26T13:08:18","slug":"i-jornada-del-herbario-tfc-segai","status":"publish","type":"tribe_events","link":"https:\/\/www.ull.es\/portal\/agenda\/evento\/i-jornada-del-herbario-tfc-segai\/","title":{"rendered":"I Jornada del Herbario TFC &#8211; SEGAI"},"content":{"rendered":"<p>I Jornada del Herbario TFC &#8211; SEGAI que se celebrar\u00e1 en las dependencias del \u00c1rea de Bot\u00e1nica en la Facultad de Farmacia, donde se encuentra enclavado el Herbario de la Universidad de La Laguna, registrado internacionalmente con las siglas TFC.<\/p>\n<p><a href=\"https:\/\/drive.google.com\/file\/d\/1cPSui-jJY4IxKpwb8F3gyp4BEpKDP7c6\/view\" target=\"_blank\" rel=\"noopener\" target=\"_blank\" rel=\"noopener\">Programa<\/a><\/p>\n","protected":false},"excerpt":{"rendered":"<p>I Jornada del Herbario TFC &#8211; SEGAI que se celebrar\u00e1 en las dependencias del \u00c1rea de Bot\u00e1nica en la Facultad de Farmacia, donde se encuentra enclavado el Herbario de la Universidad de La Laguna, registrado internacionalmente con las siglas TFC. Programa<\/p>\n","protected":false},"author":51,"featured_media":12026,"comment_status":"closed","ping_status":"closed","template":"","tags":[795,2819,711,2820],"tribe_events_cat":[353,915,2580,3,191,1663],"acf":[],"yoast_head":"<!-- This site is optimized with the Yoast SEO plugin v21.3 - https:\/\/yoast.com\/wordpress\/plugins\/seo\/ -->\n<title>I Jornada del Herbario TFC - SEGAI - ULL - Agenda<\/title>\n<meta name=\"robots\" content=\"index, follow, max-snippet:-1, max-image-preview:large, max-video-preview:-1\" \/>\n<link rel=\"canonical\" href=\"https:\/\/www.ull.es\/portal\/agenda\/evento\/i-jornada-del-herbario-tfc-segai\/\" \/>\n<meta property=\"og:locale\" content=\"es_ES\" \/>\n<meta property=\"og:type\" content=\"article\" \/>\n<meta property=\"og:title\" content=\"I Jornada del Herbario TFC - SEGAI - ULL - Agenda\" \/>\n<meta property=\"og:description\" content=\"I Jornada del Herbario TFC &#8211; SEGAI que se celebrar\u00e1 en las dependencias del \u00c1rea de Bot\u00e1nica en la Facultad de Farmacia, donde se encuentra enclavado el Herbario de la Universidad de La Laguna, registrado internacionalmente con las siglas TFC. Programa\" \/>\n<meta property=\"og:url\" content=\"https:\/\/www.ull.es\/portal\/agenda\/evento\/i-jornada-del-herbario-tfc-segai\/\" \/>\n<meta property=\"og:site_name\" content=\"ULL - Agenda\" \/>\n<meta property=\"article:modified_time\" content=\"2019-04-26T13:08:18+00:00\" \/>\n<meta property=\"og:image\" content=\"https:\/\/www.ull.es\/portal\/agenda\/wp-content\/uploads\/sites\/12\/2019\/04\/JornadaHerbario_agenda.jpg\" \/>\n\t<meta property=\"og:image:width\" content=\"700\" \/>\n\t<meta property=\"og:image:height\" content=\"350\" \/>\n\t<meta property=\"og:image:type\" content=\"image\/jpeg\" \/>\n<meta name=\"twitter:card\" content=\"summary_large_image\" \/>\n<script type=\"application\/ld+json\" class=\"yoast-schema-graph\">{\"@context\":\"https:\/\/schema.org\",\"@graph\":[{\"@type\":\"WebPage\",\"@id\":\"https:\/\/www.ull.es\/portal\/agenda\/evento\/i-jornada-del-herbario-tfc-segai\/\",\"url\":\"https:\/\/www.ull.es\/portal\/agenda\/evento\/i-jornada-del-herbario-tfc-segai\/\",\"name\":\"I Jornada del Herbario TFC - SEGAI - ULL - Agenda\",\"isPartOf\":{\"@id\":\"https:\/\/www.ull.es\/portal\/agenda\/#website\"},\"datePublished\":\"2019-04-26T12:25:27+00:00\",\"dateModified\":\"2019-04-26T13:08:18+00:00\",\"breadcrumb\":{\"@id\":\"https:\/\/www.ull.es\/portal\/agenda\/evento\/i-jornada-del-herbario-tfc-segai\/#breadcrumb\"},\"inLanguage\":\"es\",\"potentialAction\":[{\"@type\":\"ReadAction\",\"target\":[\"https:\/\/www.ull.es\/portal\/agenda\/evento\/i-jornada-del-herbario-tfc-segai\/\"]}]},{\"@type\":\"BreadcrumbList\",\"@id\":\"https:\/\/www.ull.es\/portal\/agenda\/evento\/i-jornada-del-herbario-tfc-segai\/#breadcrumb\",\"itemListElement\":[{\"@type\":\"ListItem\",\"position\":1,\"name\":\"Portada\",\"item\":\"https:\/\/www.ull.es\/portal\/agenda\/\"},{\"@type\":\"ListItem\",\"position\":2,\"name\":\"I Jornada del Herbario TFC &#8211; SEGAI\"}]},{\"@type\":\"WebSite\",\"@id\":\"https:\/\/www.ull.es\/portal\/agenda\/#website\",\"url\":\"https:\/\/www.ull.es\/portal\/agenda\/\",\"name\":\"ULL - Agenda\",\"description\":\"\",\"potentialAction\":[{\"@type\":\"SearchAction\",\"target\":{\"@type\":\"EntryPoint\",\"urlTemplate\":\"https:\/\/www.ull.es\/portal\/agenda\/?s={search_term_string}\"},\"query-input\":\"required name=search_term_string\"}],\"inLanguage\":\"es\"}]}<\/script>\n<!-- \/ Yoast SEO plugin. -->","yoast_head_json":{"title":"I Jornada del Herbario TFC - SEGAI - ULL - Agenda","robots":{"index":"index","follow":"follow","max-snippet":"max-snippet:-1","max-image-preview":"max-image-preview:large","max-video-preview":"max-video-preview:-1"},"canonical":"https:\/\/www.ull.es\/portal\/agenda\/evento\/i-jornada-del-herbario-tfc-segai\/","og_locale":"es_ES","og_type":"article","og_title":"I Jornada del Herbario TFC - SEGAI - ULL - Agenda","og_description":"I Jornada del Herbario TFC &#8211; SEGAI que se celebrar\u00e1 en las dependencias del \u00c1rea de Bot\u00e1nica en la Facultad de Farmacia, donde se encuentra enclavado el Herbario de la Universidad de La Laguna, registrado internacionalmente con las siglas TFC. Programa","og_url":"https:\/\/www.ull.es\/portal\/agenda\/evento\/i-jornada-del-herbario-tfc-segai\/","og_site_name":"ULL - Agenda","article_modified_time":"2019-04-26T13:08:18+00:00","og_image":[{"width":700,"height":350,"url":"https:\/\/www.ull.es\/portal\/agenda\/wp-content\/uploads\/sites\/12\/2019\/04\/JornadaHerbario_agenda.jpg","type":"image\/jpeg"}],"twitter_card":"summary_large_image","schema":{"@context":"https:\/\/schema.org","@graph":[{"@type":"WebPage","@id":"https:\/\/www.ull.es\/portal\/agenda\/evento\/i-jornada-del-herbario-tfc-segai\/","url":"https:\/\/www.ull.es\/portal\/agenda\/evento\/i-jornada-del-herbario-tfc-segai\/","name":"I Jornada del Herbario TFC - SEGAI - ULL - Agenda","isPartOf":{"@id":"https:\/\/www.ull.es\/portal\/agenda\/#website"},"datePublished":"2019-04-26T12:25:27+00:00","dateModified":"2019-04-26T13:08:18+00:00","breadcrumb":{"@id":"https:\/\/www.ull.es\/portal\/agenda\/evento\/i-jornada-del-herbario-tfc-segai\/#breadcrumb"},"inLanguage":"es","potentialAction":[{"@type":"ReadAction","target":["https:\/\/www.ull.es\/portal\/agenda\/evento\/i-jornada-del-herbario-tfc-segai\/"]}]},{"@type":"BreadcrumbList","@id":"https:\/\/www.ull.es\/portal\/agenda\/evento\/i-jornada-del-herbario-tfc-segai\/#breadcrumb","itemListElement":[{"@type":"ListItem","position":1,"name":"Portada","item":"https:\/\/www.ull.es\/portal\/agenda\/"},{"@type":"ListItem","position":2,"name":"I Jornada del Herbario TFC &#8211; SEGAI"}]},{"@type":"WebSite","@id":"https:\/\/www.ull.es\/portal\/agenda\/#website","url":"https:\/\/www.ull.es\/portal\/agenda\/","name":"ULL - Agenda","description":"","potentialAction":[{"@type":"SearchAction","target":{"@type":"EntryPoint","urlTemplate":"https:\/\/www.ull.es\/portal\/agenda\/?s={search_term_string}"},"query-input":"required name=search_term_string"}],"inLanguage":"es"}]}},"_links":{"self":[{"href":"https:\/\/www.ull.es\/portal\/agenda\/wp-json\/wp\/v2\/tribe_events\/12025"}],"collection":[{"href":"https:\/\/www.ull.es\/portal\/agenda\/wp-json\/wp\/v2\/tribe_events"}],"about":[{"href":"https:\/\/www.ull.es\/portal\/agenda\/wp-json\/wp\/v2\/types\/tribe_events"}],"author":[{"embeddable":true,"href":"https:\/\/www.ull.es\/portal\/agenda\/wp-json\/wp\/v2\/users\/51"}],"replies":[{"embeddable":true,"href":"https:\/\/www.ull.es\/portal\/agenda\/wp-json\/wp\/v2\/comments?post=12025"}],"version-history":[{"count":3,"href":"https:\/\/www.ull.es\/portal\/agenda\/wp-json\/wp\/v2\/tribe_events\/12025\/revisions"}],"predecessor-version":[{"id":12029,"href":"https:\/\/www.ull.es\/portal\/agenda\/wp-json\/wp\/v2\/tribe_events\/12025\/revisions\/12029"}],"wp:featuredmedia":[{"embeddable":true,"href":"https:\/\/www.ull.es\/portal\/agenda\/wp-json\/wp\/v2\/media\/12026"}],"wp:attachment":[{"href":"https:\/\/www.ull.es\/portal\/agenda\/wp-json\/wp\/v2\/media?parent=12025"}],"wp:term":[{"taxonomy":"post_tag","embeddable":true,"href":"https:\/\/www.ull.es\/portal\/agenda\/wp-json\/wp\/v2\/tags?post=12025"},{"taxonomy":"tribe_events_cat","embeddable":true,"href":"https:\/\/www.ull.es\/portal\/agenda\/wp-json\/wp\/v2\/tribe_events_cat?post=12025"}],"curies":[{"name":"wp","href":"https:\/\/api.w.org\/{rel}","templated":true}]}}

<p>I Jornada del Herbario TFC &#8211; SEGAI que se celebrará en las dependencias del Área de Botánica en la Facultad de Farmacia, donde se encuentra enclavado el Herbario de la Universidad de La Laguna, registrado internacionalmente con las siglas TFC.</p>
<p><a href="https://drive.google.com/file/d/1cPSui-jJY4IxKpwb8F3gyp4BEpKDP7c6/view" target="_blank" rel="noopener" target="_blank" rel="noopener">Programa</a></p>

<p>I Jornada del Herbario TFC &#8211; SEGAI que se celebrará en las dependencias del Área de Botánica en la Facultad de Farmacia, donde se encuentra enclavado el Herbario de la Universidad de La Laguna, registrado internacionalmente con las siglas TFC. Programa</p>

<!-- This site is optimized with the Yoast SEO plugin v21.3 - https://yoast.com/wordpress/plugins/seo/ -->
<title>I Jornada del Herbario TFC - SEGAI - ULL - Agenda</title>
<meta name="robots" content="index, follow, max-snippet:-1, max-image-preview:large, max-video-preview:-1" />
<link rel="canonical" href="https://www.ull.es/portal/agenda/evento/i-jornada-del-herbario-tfc-segai/" />
<meta property="og:locale" content="es_ES" />
<meta property="og:type" content="article" />
<meta property="og:title" content="I Jornada del Herbario TFC - SEGAI - ULL - Agenda" />
<meta property="og:description" content="I Jornada del Herbario TFC &#8211; SEGAI que se celebrará en las dependencias del Área de Botánica en la Facultad de Farmacia, donde se encuentra enclavado el Herbario de la Universidad de La Laguna, registrado internacionalmente con las siglas TFC. Programa" />
<meta property="og:url" content="https://www.ull.es/portal/agenda/evento/i-jornada-del-herbario-tfc-segai/" />
<meta property="og:site_name" content="ULL - Agenda" />
<meta property="article:modified_time" content="2019-04-26T13:08:18+00:00" />
<meta property="og:image" content="https://www.ull.es/portal/agenda/wp-content/uploads/sites/12/2019/04/JornadaHerbario_agenda.jpg" />
	<meta property="og:image:width" content="700" />
	<meta property="og:image:height" content="350" />
	<meta property="og:image:type" content="image/jpeg" />
<meta name="twitter:card" content="summary_large_image" />
<script type="application/ld+json" class="yoast-schema-graph">{"@context":"https://schema.org","@graph":[{"@type":"WebPage","@id":"https://www.ull.es/portal/agenda/evento/i-jornada-del-herbario-tfc-segai/","url":"https://www.ull.es/portal/agenda/evento/i-jornada-del-herbario-tfc-segai/","name":"I Jornada del Herbario TFC - SEGAI - ULL - Agenda","isPartOf":{"@id":"https://www.ull.es/portal/agenda/#website"},"datePublished":"2019-04-26T12:25:27+00:00","dateModified":"2019-04-26T13:08:18+00:00","breadcrumb":{"@id":"https://www.ull.es/portal/agenda/evento/i-jornada-del-herbario-tfc-segai/#breadcrumb"},"inLanguage":"es","potentialAction":[{"@type":"ReadAction","target":["https://www.ull.es/portal/agenda/evento/i-jornada-del-herbario-tfc-segai/"]}]},{"@type":"BreadcrumbList","@id":"https://www.ull.es/portal/agenda/evento/i-jornada-del-herbario-tfc-segai/#breadcrumb","itemListElement":[{"@type":"ListItem","position":1,"name":"Portada","item":"https://www.ull.es/portal/agenda/"},{"@type":"ListItem","position":2,"name":"I Jornada del Herbario TFC &#8211; SEGAI"}]},{"@type":"WebSite","@id":"https://www.ull.es/portal/agenda/#website","url":"https://www.ull.es/portal/agenda/","name":"ULL - Agenda","description":"","potentialAction":[{"@type":"SearchAction","target":{"@type":"EntryPoint","urlTemplate":"https://www.ull.es/portal/agenda/?s={search_term_string}"},"query-input":"required name=search_term_string"}],"inLanguage":"es"}]}</script>
<!-- / Yoast SEO plugin. -->

I Jornada del Herbario TFC &#8211; SEGAI que se celebrará en las dependencias del Área de Botánica en la Facultad de Farmacia, donde se encuentra enclavado el Herbario de la Universidad de La Laguna, registrado internacionalmente con las siglas TFC. Programa
