{"id":12431,"date":"2019-06-03T19:41:26","date_gmt":"2019-06-03T19:41:26","guid":{"rendered":"https:\/\/www.ull.es\/portal\/agenda\/?post_type=tribe_events&#038;p=12431"},"modified":"2019-06-11T12:23:15","modified_gmt":"2019-06-11T12:23:15","slug":"acto-de-toma-de-posesion-de-dona-rosa-maria-aguilar-chinea-como-rectora-magnifica","status":"publish","type":"tribe_events","link":"https:\/\/www.ull.es\/portal\/agenda\/evento\/acto-de-toma-de-posesion-de-dona-rosa-maria-aguilar-chinea-como-rectora-magnifica\/","title":{"rendered":"Acto de toma de posesi\u00f3n de Do\u00f1a Rosa Mar\u00eda Aguilar Chinea como Rectora Magn\u00edfica"},"content":{"rendered":"<p><a href=\"https:\/\/drive.google.com\/file\/d\/1Hwu7NnLOn76gkdf7cfFTN6hcoMqN5r11\/view?usp=sharing\" target=\"_blank\" rel=\"noopener\" target=\"_blank\" rel=\"noopener\"><strong>Invitaci\u00f3n<\/strong><\/a><\/p>\n<p><a href=\"https:\/\/drive.google.com\/file\/d\/1j6qVomHkOw4KpgfcgT_Y5sPYa0pSy4F-\/view?usp=sharing\" target=\"_blank\" rel=\"noopener\"><strong>Programa<\/strong><\/a><\/p>\n<p><a href=\"https:\/\/drive.google.com\/file\/d\/1HbZTuL_3DWHFKoUh8-7rTchWPXhmle8y\/view?usp=sharing\" target=\"_blank\" rel=\"noopener\" target=\"_blank\" rel=\"noopener\"><strong>Discurso de la nueva Rectora<\/strong><\/a><\/p>\n<p><a href=\"https:\/\/drive.google.com\/open?id=1HqDPRffX-PVS_8UDHU2Fjh5SZ2PjvDEY\" target=\"_blank\" rel=\"noopener\" target=\"_blank\" rel=\"noopener\"><strong>Discurso del Presidente del Gobierno de Canarias<\/strong><\/a><\/p>\n<p><a href=\"https:\/\/drive.google.com\/drive\/folders\/1nkUhB7nv9BKoY4kZmRVOelMZbUZUnOhi?usp=sharing\" target=\"_blank\" rel=\"noopener\" target=\"_blank\" rel=\"noopener\"><strong>Galer\u00eda fotogr\u00e1fica<\/strong>\u00a0<\/a><\/p>\n<p><a href=\"https:\/\/www.ull.es\/portal\/noticias\/2019\/aguilar-toma-posesion-como-rectora\/\" target=\"_blank\" rel=\"noopener\" target=\"_blank\" rel=\"noopener\"><strong>Noticia del evento<\/strong><\/a><\/p>\n<p><a href=\"https:\/\/youtu.be\/6ymKf9aYXUM\" target=\"_blank\" rel=\"noopener\"><strong>Videonoticia<\/strong><\/a><\/p>\n","protected":false},"excerpt":{"rendered":"<p>Invitaci\u00f3n Programa Discurso de la nueva Rectora Discurso del Presidente del Gobierno de Canarias Galer\u00eda fotogr\u00e1fica\u00a0 Noticia del evento Videonoticia<\/p>\n","protected":false},"author":51,"featured_media":12432,"comment_status":"closed","ping_status":"closed","template":"","tags":[983,2958,2959],"tribe_events_cat":[],"acf":[],"yoast_head":"<!-- This site is optimized with the Yoast SEO plugin v21.3 - https:\/\/yoast.com\/wordpress\/plugins\/seo\/ -->\n<title>Acto de toma de posesi\u00f3n de Do\u00f1a Rosa Mar\u00eda Aguilar Chinea como Rectora Magn\u00edfica - ULL - Agenda<\/title>\n<meta name=\"robots\" content=\"index, follow, max-snippet:-1, max-image-preview:large, max-video-preview:-1\" \/>\n<link rel=\"canonical\" href=\"https:\/\/www.ull.es\/portal\/agenda\/evento\/acto-de-toma-de-posesion-de-dona-rosa-maria-aguilar-chinea-como-rectora-magnifica\/\" \/>\n<meta property=\"og:locale\" content=\"es_ES\" \/>\n<meta property=\"og:type\" content=\"article\" \/>\n<meta property=\"og:title\" content=\"Acto de toma de posesi\u00f3n de Do\u00f1a Rosa Mar\u00eda Aguilar Chinea como Rectora Magn\u00edfica - ULL - Agenda\" \/>\n<meta property=\"og:description\" content=\"Invitaci\u00f3n Programa Discurso de la nueva Rectora Discurso del Presidente del Gobierno de Canarias Galer\u00eda fotogr\u00e1fica\u00a0 Noticia del evento Videonoticia\" \/>\n<meta property=\"og:url\" content=\"https:\/\/www.ull.es\/portal\/agenda\/evento\/acto-de-toma-de-posesion-de-dona-rosa-maria-aguilar-chinea-como-rectora-magnifica\/\" \/>\n<meta property=\"og:site_name\" content=\"ULL - Agenda\" \/>\n<meta property=\"article:modified_time\" content=\"2019-06-11T12:23:15+00:00\" \/>\n<meta property=\"og:image\" content=\"https:\/\/www.ull.es\/portal\/agenda\/wp-content\/uploads\/sites\/12\/2019\/06\/AlctoInvestidura_agenda.jpg\" \/>\n\t<meta property=\"og:image:width\" content=\"700\" \/>\n\t<meta property=\"og:image:height\" content=\"350\" \/>\n\t<meta property=\"og:image:type\" content=\"image\/jpeg\" \/>\n<meta name=\"twitter:card\" content=\"summary_large_image\" \/>\n<script type=\"application\/ld+json\" class=\"yoast-schema-graph\">{\"@context\":\"https:\/\/schema.org\",\"@graph\":[{\"@type\":\"WebPage\",\"@id\":\"https:\/\/www.ull.es\/portal\/agenda\/evento\/acto-de-toma-de-posesion-de-dona-rosa-maria-aguilar-chinea-como-rectora-magnifica\/\",\"url\":\"https:\/\/www.ull.es\/portal\/agenda\/evento\/acto-de-toma-de-posesion-de-dona-rosa-maria-aguilar-chinea-como-rectora-magnifica\/\",\"name\":\"Acto de toma de posesi\u00f3n de Do\u00f1a Rosa Mar\u00eda Aguilar Chinea como Rectora Magn\u00edfica - ULL - Agenda\",\"isPartOf\":{\"@id\":\"https:\/\/www.ull.es\/portal\/agenda\/#website\"},\"datePublished\":\"2019-06-03T19:41:26+00:00\",\"dateModified\":\"2019-06-11T12:23:15+00:00\",\"breadcrumb\":{\"@id\":\"https:\/\/www.ull.es\/portal\/agenda\/evento\/acto-de-toma-de-posesion-de-dona-rosa-maria-aguilar-chinea-como-rectora-magnifica\/#breadcrumb\"},\"inLanguage\":\"es\",\"potentialAction\":[{\"@type\":\"ReadAction\",\"target\":[\"https:\/\/www.ull.es\/portal\/agenda\/evento\/acto-de-toma-de-posesion-de-dona-rosa-maria-aguilar-chinea-como-rectora-magnifica\/\"]}]},{\"@type\":\"BreadcrumbList\",\"@id\":\"https:\/\/www.ull.es\/portal\/agenda\/evento\/acto-de-toma-de-posesion-de-dona-rosa-maria-aguilar-chinea-como-rectora-magnifica\/#breadcrumb\",\"itemListElement\":[{\"@type\":\"ListItem\",\"position\":1,\"name\":\"Portada\",\"item\":\"https:\/\/www.ull.es\/portal\/agenda\/\"},{\"@type\":\"ListItem\",\"position\":2,\"name\":\"Acto de toma de posesi\u00f3n de Do\u00f1a Rosa Mar\u00eda Aguilar Chinea como Rectora Magn\u00edfica\"}]},{\"@type\":\"WebSite\",\"@id\":\"https:\/\/www.ull.es\/portal\/agenda\/#website\",\"url\":\"https:\/\/www.ull.es\/portal\/agenda\/\",\"name\":\"ULL - Agenda\",\"description\":\"\",\"potentialAction\":[{\"@type\":\"SearchAction\",\"target\":{\"@type\":\"EntryPoint\",\"urlTemplate\":\"https:\/\/www.ull.es\/portal\/agenda\/?s={search_term_string}\"},\"query-input\":\"required name=search_term_string\"}],\"inLanguage\":\"es\"}]}<\/script>\n<!-- \/ Yoast SEO plugin. -->","yoast_head_json":{"title":"Acto de toma de posesi\u00f3n de Do\u00f1a Rosa Mar\u00eda Aguilar Chinea como Rectora Magn\u00edfica - ULL - Agenda","robots":{"index":"index","follow":"follow","max-snippet":"max-snippet:-1","max-image-preview":"max-image-preview:large","max-video-preview":"max-video-preview:-1"},"canonical":"https:\/\/www.ull.es\/portal\/agenda\/evento\/acto-de-toma-de-posesion-de-dona-rosa-maria-aguilar-chinea-como-rectora-magnifica\/","og_locale":"es_ES","og_type":"article","og_title":"Acto de toma de posesi\u00f3n de Do\u00f1a Rosa Mar\u00eda Aguilar Chinea como Rectora Magn\u00edfica - ULL - Agenda","og_description":"Invitaci\u00f3n Programa Discurso de la nueva Rectora Discurso del Presidente del Gobierno de Canarias Galer\u00eda fotogr\u00e1fica\u00a0 Noticia del evento Videonoticia","og_url":"https:\/\/www.ull.es\/portal\/agenda\/evento\/acto-de-toma-de-posesion-de-dona-rosa-maria-aguilar-chinea-como-rectora-magnifica\/","og_site_name":"ULL - Agenda","article_modified_time":"2019-06-11T12:23:15+00:00","og_image":[{"width":700,"height":350,"url":"https:\/\/www.ull.es\/portal\/agenda\/wp-content\/uploads\/sites\/12\/2019\/06\/AlctoInvestidura_agenda.jpg","type":"image\/jpeg"}],"twitter_card":"summary_large_image","schema":{"@context":"https:\/\/schema.org","@graph":[{"@type":"WebPage","@id":"https:\/\/www.ull.es\/portal\/agenda\/evento\/acto-de-toma-de-posesion-de-dona-rosa-maria-aguilar-chinea-como-rectora-magnifica\/","url":"https:\/\/www.ull.es\/portal\/agenda\/evento\/acto-de-toma-de-posesion-de-dona-rosa-maria-aguilar-chinea-como-rectora-magnifica\/","name":"Acto de toma de posesi\u00f3n de Do\u00f1a Rosa Mar\u00eda Aguilar Chinea como Rectora Magn\u00edfica - ULL - Agenda","isPartOf":{"@id":"https:\/\/www.ull.es\/portal\/agenda\/#website"},"datePublished":"2019-06-03T19:41:26+00:00","dateModified":"2019-06-11T12:23:15+00:00","breadcrumb":{"@id":"https:\/\/www.ull.es\/portal\/agenda\/evento\/acto-de-toma-de-posesion-de-dona-rosa-maria-aguilar-chinea-como-rectora-magnifica\/#breadcrumb"},"inLanguage":"es","potentialAction":[{"@type":"ReadAction","target":["https:\/\/www.ull.es\/portal\/agenda\/evento\/acto-de-toma-de-posesion-de-dona-rosa-maria-aguilar-chinea-como-rectora-magnifica\/"]}]},{"@type":"BreadcrumbList","@id":"https:\/\/www.ull.es\/portal\/agenda\/evento\/acto-de-toma-de-posesion-de-dona-rosa-maria-aguilar-chinea-como-rectora-magnifica\/#breadcrumb","itemListElement":[{"@type":"ListItem","position":1,"name":"Portada","item":"https:\/\/www.ull.es\/portal\/agenda\/"},{"@type":"ListItem","position":2,"name":"Acto de toma de posesi\u00f3n de Do\u00f1a Rosa Mar\u00eda Aguilar Chinea como Rectora Magn\u00edfica"}]},{"@type":"WebSite","@id":"https:\/\/www.ull.es\/portal\/agenda\/#website","url":"https:\/\/www.ull.es\/portal\/agenda\/","name":"ULL - Agenda","description":"","potentialAction":[{"@type":"SearchAction","target":{"@type":"EntryPoint","urlTemplate":"https:\/\/www.ull.es\/portal\/agenda\/?s={search_term_string}"},"query-input":"required name=search_term_string"}],"inLanguage":"es"}]}},"_links":{"self":[{"href":"https:\/\/www.ull.es\/portal\/agenda\/wp-json\/wp\/v2\/tribe_events\/12431"}],"collection":[{"href":"https:\/\/www.ull.es\/portal\/agenda\/wp-json\/wp\/v2\/tribe_events"}],"about":[{"href":"https:\/\/www.ull.es\/portal\/agenda\/wp-json\/wp\/v2\/types\/tribe_events"}],"author":[{"embeddable":true,"href":"https:\/\/www.ull.es\/portal\/agenda\/wp-json\/wp\/v2\/users\/51"}],"replies":[{"embeddable":true,"href":"https:\/\/www.ull.es\/portal\/agenda\/wp-json\/wp\/v2\/comments?post=12431"}],"version-history":[{"count":14,"href":"https:\/\/www.ull.es\/portal\/agenda\/wp-json\/wp\/v2\/tribe_events\/12431\/revisions"}],"predecessor-version":[{"id":12727,"href":"https:\/\/www.ull.es\/portal\/agenda\/wp-json\/wp\/v2\/tribe_events\/12431\/revisions\/12727"}],"wp:featuredmedia":[{"embeddable":true,"href":"https:\/\/www.ull.es\/portal\/agenda\/wp-json\/wp\/v2\/media\/12432"}],"wp:attachment":[{"href":"https:\/\/www.ull.es\/portal\/agenda\/wp-json\/wp\/v2\/media?parent=12431"}],"wp:term":[{"taxonomy":"post_tag","embeddable":true,"href":"https:\/\/www.ull.es\/portal\/agenda\/wp-json\/wp\/v2\/tags?post=12431"},{"taxonomy":"tribe_events_cat","embeddable":true,"href":"https:\/\/www.ull.es\/portal\/agenda\/wp-json\/wp\/v2\/tribe_events_cat?post=12431"}],"curies":[{"name":"wp","href":"https:\/\/api.w.org\/{rel}","templated":true}]}}

Acto de toma de posesión de Doña Rosa María Aguilar Chinea como Rectora Magnífica

<p><a href="https://drive.google.com/file/d/1Hwu7NnLOn76gkdf7cfFTN6hcoMqN5r11/view?usp=sharing" target="_blank" rel="noopener" target="_blank" rel="noopener"><strong>Invitación</strong></a></p>
<p><a href="https://drive.google.com/file/d/1j6qVomHkOw4KpgfcgT_Y5sPYa0pSy4F-/view?usp=sharing" target="_blank" rel="noopener"><strong>Programa</strong></a></p>
<p><a href="https://drive.google.com/file/d/1HbZTuL_3DWHFKoUh8-7rTchWPXhmle8y/view?usp=sharing" target="_blank" rel="noopener" target="_blank" rel="noopener"><strong>Discurso de la nueva Rectora</strong></a></p>
<p><a href="https://drive.google.com/open?id=1HqDPRffX-PVS_8UDHU2Fjh5SZ2PjvDEY" target="_blank" rel="noopener" target="_blank" rel="noopener"><strong>Discurso del Presidente del Gobierno de Canarias</strong></a></p>
<p><a href="https://drive.google.com/drive/folders/1nkUhB7nv9BKoY4kZmRVOelMZbUZUnOhi?usp=sharing" target="_blank" rel="noopener" target="_blank" rel="noopener"><strong>Galería fotográfica</strong> </a></p>
<p><a href="https://www.ull.es/portal/noticias/2019/aguilar-toma-posesion-como-rectora/" target="_blank" rel="noopener" target="_blank" rel="noopener"><strong>Noticia del evento</strong></a></p>
<p><a href="https://youtu.be/6ymKf9aYXUM" target="_blank" rel="noopener"><strong>Videonoticia</strong></a></p>

<p>Invitación Programa Discurso de la nueva Rectora Discurso del Presidente del Gobierno de Canarias Galería fotográfica  Noticia del evento Videonoticia</p>

<!-- This site is optimized with the Yoast SEO plugin v21.3 - https://yoast.com/wordpress/plugins/seo/ -->
<title>Acto de toma de posesión de Doña Rosa María Aguilar Chinea como Rectora Magnífica - ULL - Agenda</title>
<meta name="robots" content="index, follow, max-snippet:-1, max-image-preview:large, max-video-preview:-1" />
<link rel="canonical" href="https://www.ull.es/portal/agenda/evento/acto-de-toma-de-posesion-de-dona-rosa-maria-aguilar-chinea-como-rectora-magnifica/" />
<meta property="og:locale" content="es_ES" />
<meta property="og:type" content="article" />
<meta property="og:title" content="Acto de toma de posesión de Doña Rosa María Aguilar Chinea como Rectora Magnífica - ULL - Agenda" />
<meta property="og:description" content="Invitación Programa Discurso de la nueva Rectora Discurso del Presidente del Gobierno de Canarias Galería fotográfica  Noticia del evento Videonoticia" />
<meta property="og:url" content="https://www.ull.es/portal/agenda/evento/acto-de-toma-de-posesion-de-dona-rosa-maria-aguilar-chinea-como-rectora-magnifica/" />
<meta property="og:site_name" content="ULL - Agenda" />
<meta property="article:modified_time" content="2019-06-11T12:23:15+00:00" />
<meta property="og:image" content="https://www.ull.es/portal/agenda/wp-content/uploads/sites/12/2019/06/AlctoInvestidura_agenda.jpg" />
	<meta property="og:image:width" content="700" />
	<meta property="og:image:height" content="350" />
	<meta property="og:image:type" content="image/jpeg" />
<meta name="twitter:card" content="summary_large_image" />
<script type="application/ld+json" class="yoast-schema-graph">{"@context":"https://schema.org","@graph":[{"@type":"WebPage","@id":"https://www.ull.es/portal/agenda/evento/acto-de-toma-de-posesion-de-dona-rosa-maria-aguilar-chinea-como-rectora-magnifica/","url":"https://www.ull.es/portal/agenda/evento/acto-de-toma-de-posesion-de-dona-rosa-maria-aguilar-chinea-como-rectora-magnifica/","name":"Acto de toma de posesión de Doña Rosa María Aguilar Chinea como Rectora Magnífica - ULL - Agenda","isPartOf":{"@id":"https://www.ull.es/portal/agenda/#website"},"datePublished":"2019-06-03T19:41:26+00:00","dateModified":"2019-06-11T12:23:15+00:00","breadcrumb":{"@id":"https://www.ull.es/portal/agenda/evento/acto-de-toma-de-posesion-de-dona-rosa-maria-aguilar-chinea-como-rectora-magnifica/#breadcrumb"},"inLanguage":"es","potentialAction":[{"@type":"ReadAction","target":["https://www.ull.es/portal/agenda/evento/acto-de-toma-de-posesion-de-dona-rosa-maria-aguilar-chinea-como-rectora-magnifica/"]}]},{"@type":"BreadcrumbList","@id":"https://www.ull.es/portal/agenda/evento/acto-de-toma-de-posesion-de-dona-rosa-maria-aguilar-chinea-como-rectora-magnifica/#breadcrumb","itemListElement":[{"@type":"ListItem","position":1,"name":"Portada","item":"https://www.ull.es/portal/agenda/"},{"@type":"ListItem","position":2,"name":"Acto de toma de posesión de Doña Rosa María Aguilar Chinea como Rectora Magnífica"}]},{"@type":"WebSite","@id":"https://www.ull.es/portal/agenda/#website","url":"https://www.ull.es/portal/agenda/","name":"ULL - Agenda","description":"","potentialAction":[{"@type":"SearchAction","target":{"@type":"EntryPoint","urlTemplate":"https://www.ull.es/portal/agenda/?s={search_term_string}"},"query-input":"required name=search_term_string"}],"inLanguage":"es"}]}</script>
<!-- / Yoast SEO plugin. -->

Acto de toma de posesión de Doña Rosa María Aguilar Chinea como Rectora Magnífica - ULL - Agenda

Invitación Programa Discurso de la nueva Rectora Discurso del Presidente del Gobierno de Canarias Galería fotográfica  Noticia del evento Videonoticia
