{"id":12506,"date":"2019-06-07T09:03:40","date_gmt":"2019-06-07T09:03:40","guid":{"rendered":"https:\/\/www.ull.es\/portal\/agenda\/?post_type=tribe_events&#038;eventDate=2019-06-28#038;p=12495"},"modified":"2019-06-25T11:21:26","modified_gmt":"2019-06-25T11:21:26","slug":"seminario-internacional-dos-ciudades-de-san-cristobal-en-el-siglo-xxi-2019-06-28","status":"publish","type":"tribe_events","link":"https:\/\/www.ull.es\/portal\/agenda\/evento\/seminario-internacional-dos-ciudades-de-san-cristobal-en-el-siglo-xxi-2019-06-28\/","title":{"rendered":"Seminario Internacional Dos ciudades de San Crist\u00f3bal en el siglo XXI"},"content":{"rendered":"<p>Homenaje a las dos ciudades Patrimonio Mundial en el 500 aniversario de la fundaci\u00f3n de la capital cubana dentro del marco de Campus Am\u00e9rica 2019, pero organizada por el Centro Internacional para la conservaci\u00f3n\u00a0 el Patrimonio ( CICOP).<\/p>\n<p><strong>26 junio<\/strong><br \/>\nSal\u00f3n de Plenos del Excmo.Ayuntamiento de La Laguna.<br \/>\n19.00 h. <strong><em>Homenaje a las dos ciudades Patrimonio Mundial en el<\/em><\/strong><br \/>\n<strong><em>500 Aniversario de la fundaci\u00f3n de la capital cubana dentro del<\/em><\/strong><br \/>\n<em><strong>marco del Campus Am\u00e9rica 2019<\/strong>.<\/em><br \/>\nProyecto Cuba en un espejo ilustrada con dibujos realizados por ni\u00f1os de<br \/>\nLa Habana Vieja.<br \/>\nConferencia a cargo de Tatiana Fern\u00e1ndez de los Santos, Directora de<br \/>\nRESTAURA de la Oficina del Historiador de la ciudad de La Habana<br \/>\nConcierto a cargo del Cuarteto de C\u00e1mara Corelli<\/p>\n<p><strong>27 junio<\/strong><br \/>\nSal\u00f3n de Actos del Exconvento de Santo Domingo (Sala Capitular)<br \/>\n9.30 &#8211; 17.00 h.<em><strong> Inauguraci\u00f3n del seminario Internacional Dos<\/strong><\/em><br \/>\n<em><strong>ciudades de San Crist\u00f3bal en el siglo XXI y actos<\/strong><\/em><br \/>\n<strong>28 junio<\/strong><br \/>\n10.00 a 13..30 h. <em><strong>Actos y clausura del Seminario<\/strong><\/em><br \/>\nAntiguo Convento de Sto. Domingo en San Cristobal de La Laguna.<\/p>\n<p>&nbsp;<\/p>\n<p>El resto de actividades adem\u00e1s de la inscripci\u00f3n se puede acceder a trav\u00e9s de:\u00a0http:\/\/www.cicop.com\/talleres.asp<\/p>\n","protected":false},"excerpt":{"rendered":"<p>Homenaje a las dos ciudades Patrimonio Mundial en el 500 aniversario de la fundaci\u00f3n de la capital cubana dentro del marco de Campus Am\u00e9rica 2019, pero organizada por el Centro Internacional para la conservaci\u00f3n\u00a0 el Patrimonio ( CICOP). 26 junio Sal\u00f3n de Plenos del Excmo.Ayuntamiento de La Laguna. 19.00 h. Homenaje a las dos ciudades&#8230;<\/p>\n","protected":false},"author":35,"featured_media":12496,"comment_status":"closed","ping_status":"closed","template":"","tags":[2953],"tribe_events_cat":[2974,2975,392],"acf":[],"yoast_head":"<!-- This site is optimized with the Yoast SEO plugin v21.3 - https:\/\/yoast.com\/wordpress\/plugins\/seo\/ -->\n<title>Seminario Internacional Dos ciudades de San Crist\u00f3bal en el siglo XXI - ULL - Agenda<\/title>\n<meta name=\"robots\" content=\"index, follow, max-snippet:-1, max-image-preview:large, max-video-preview:-1\" \/>\n<link rel=\"canonical\" href=\"https:\/\/www.ull.es\/portal\/agenda\/evento\/seminario-internacional-dos-ciudades-de-san-cristobal-en-el-siglo-xxi-2019-06-28\/\" \/>\n<meta property=\"og:locale\" content=\"es_ES\" \/>\n<meta property=\"og:type\" content=\"article\" \/>\n<meta property=\"og:title\" content=\"Seminario Internacional Dos ciudades de San Crist\u00f3bal en el siglo XXI - ULL - Agenda\" \/>\n<meta property=\"og:description\" content=\"Homenaje a las dos ciudades Patrimonio Mundial en el 500 aniversario de la fundaci\u00f3n de la capital cubana dentro del marco de Campus Am\u00e9rica 2019, pero organizada por el Centro Internacional para la conservaci\u00f3n\u00a0 el Patrimonio ( CICOP). 26 junio Sal\u00f3n de Plenos del Excmo.Ayuntamiento de La Laguna. 19.00 h. Homenaje a las dos ciudades...\" \/>\n<meta property=\"og:url\" content=\"https:\/\/www.ull.es\/portal\/agenda\/evento\/seminario-internacional-dos-ciudades-de-san-cristobal-en-el-siglo-xxi-2019-06-28\/\" \/>\n<meta property=\"og:site_name\" content=\"ULL - Agenda\" \/>\n<meta property=\"article:modified_time\" content=\"2019-06-25T11:21:26+00:00\" \/>\n<meta property=\"og:image\" content=\"https:\/\/www.ull.es\/portal\/agenda\/wp-content\/uploads\/sites\/12\/2019\/06\/BannerGen\u00e9ricoWeb-logos.jpg\" \/>\n\t<meta property=\"og:image:width\" content=\"1140\" \/>\n\t<meta property=\"og:image:height\" content=\"285\" \/>\n\t<meta property=\"og:image:type\" content=\"image\/jpeg\" \/>\n<meta name=\"twitter:card\" content=\"summary_large_image\" \/>\n<meta name=\"twitter:label1\" content=\"Tiempo de lectura\" \/>\n\t<meta name=\"twitter:data1\" content=\"1 minuto\" \/>\n<script type=\"application\/ld+json\" class=\"yoast-schema-graph\">{\"@context\":\"https:\/\/schema.org\",\"@graph\":[{\"@type\":\"WebPage\",\"@id\":\"https:\/\/www.ull.es\/portal\/agenda\/evento\/seminario-internacional-dos-ciudades-de-san-cristobal-en-el-siglo-xxi-2019-06-28\/\",\"url\":\"https:\/\/www.ull.es\/portal\/agenda\/evento\/seminario-internacional-dos-ciudades-de-san-cristobal-en-el-siglo-xxi-2019-06-28\/\",\"name\":\"Seminario Internacional Dos ciudades de San Crist\u00f3bal en el siglo XXI - ULL - Agenda\",\"isPartOf\":{\"@id\":\"https:\/\/www.ull.es\/portal\/agenda\/#website\"},\"datePublished\":\"2019-06-07T09:03:40+00:00\",\"dateModified\":\"2019-06-25T11:21:26+00:00\",\"breadcrumb\":{\"@id\":\"https:\/\/www.ull.es\/portal\/agenda\/evento\/seminario-internacional-dos-ciudades-de-san-cristobal-en-el-siglo-xxi-2019-06-28\/#breadcrumb\"},\"inLanguage\":\"es\",\"potentialAction\":[{\"@type\":\"ReadAction\",\"target\":[\"https:\/\/www.ull.es\/portal\/agenda\/evento\/seminario-internacional-dos-ciudades-de-san-cristobal-en-el-siglo-xxi-2019-06-28\/\"]}]},{\"@type\":\"BreadcrumbList\",\"@id\":\"https:\/\/www.ull.es\/portal\/agenda\/evento\/seminario-internacional-dos-ciudades-de-san-cristobal-en-el-siglo-xxi-2019-06-28\/#breadcrumb\",\"itemListElement\":[{\"@type\":\"ListItem\",\"position\":1,\"name\":\"Portada\",\"item\":\"https:\/\/www.ull.es\/portal\/agenda\/\"},{\"@type\":\"ListItem\",\"position\":2,\"name\":\"Seminario Internacional Dos ciudades de San Crist\u00f3bal en el siglo XXI\"}]},{\"@type\":\"WebSite\",\"@id\":\"https:\/\/www.ull.es\/portal\/agenda\/#website\",\"url\":\"https:\/\/www.ull.es\/portal\/agenda\/\",\"name\":\"ULL - Agenda\",\"description\":\"\",\"potentialAction\":[{\"@type\":\"SearchAction\",\"target\":{\"@type\":\"EntryPoint\",\"urlTemplate\":\"https:\/\/www.ull.es\/portal\/agenda\/?s={search_term_string}\"},\"query-input\":\"required name=search_term_string\"}],\"inLanguage\":\"es\"}]}<\/script>\n<!-- \/ Yoast SEO plugin. -->","yoast_head_json":{"title":"Seminario Internacional Dos ciudades de San Crist\u00f3bal en el siglo XXI - ULL - Agenda","robots":{"index":"index","follow":"follow","max-snippet":"max-snippet:-1","max-image-preview":"max-image-preview:large","max-video-preview":"max-video-preview:-1"},"canonical":"https:\/\/www.ull.es\/portal\/agenda\/evento\/seminario-internacional-dos-ciudades-de-san-cristobal-en-el-siglo-xxi-2019-06-28\/","og_locale":"es_ES","og_type":"article","og_title":"Seminario Internacional Dos ciudades de San Crist\u00f3bal en el siglo XXI - ULL - Agenda","og_description":"Homenaje a las dos ciudades Patrimonio Mundial en el 500 aniversario de la fundaci\u00f3n de la capital cubana dentro del marco de Campus Am\u00e9rica 2019, pero organizada por el Centro Internacional para la conservaci\u00f3n\u00a0 el Patrimonio ( CICOP). 26 junio Sal\u00f3n de Plenos del Excmo.Ayuntamiento de La Laguna. 19.00 h. Homenaje a las dos ciudades...","og_url":"https:\/\/www.ull.es\/portal\/agenda\/evento\/seminario-internacional-dos-ciudades-de-san-cristobal-en-el-siglo-xxi-2019-06-28\/","og_site_name":"ULL - Agenda","article_modified_time":"2019-06-25T11:21:26+00:00","og_image":[{"width":1140,"height":285,"url":"https:\/\/www.ull.es\/portal\/agenda\/wp-content\/uploads\/sites\/12\/2019\/06\/BannerGen\u00e9ricoWeb-logos.jpg","type":"image\/jpeg"}],"twitter_card":"summary_large_image","twitter_misc":{"Tiempo de lectura":"1 minuto"},"schema":{"@context":"https:\/\/schema.org","@graph":[{"@type":"WebPage","@id":"https:\/\/www.ull.es\/portal\/agenda\/evento\/seminario-internacional-dos-ciudades-de-san-cristobal-en-el-siglo-xxi-2019-06-28\/","url":"https:\/\/www.ull.es\/portal\/agenda\/evento\/seminario-internacional-dos-ciudades-de-san-cristobal-en-el-siglo-xxi-2019-06-28\/","name":"Seminario Internacional Dos ciudades de San Crist\u00f3bal en el siglo XXI - ULL - Agenda","isPartOf":{"@id":"https:\/\/www.ull.es\/portal\/agenda\/#website"},"datePublished":"2019-06-07T09:03:40+00:00","dateModified":"2019-06-25T11:21:26+00:00","breadcrumb":{"@id":"https:\/\/www.ull.es\/portal\/agenda\/evento\/seminario-internacional-dos-ciudades-de-san-cristobal-en-el-siglo-xxi-2019-06-28\/#breadcrumb"},"inLanguage":"es","potentialAction":[{"@type":"ReadAction","target":["https:\/\/www.ull.es\/portal\/agenda\/evento\/seminario-internacional-dos-ciudades-de-san-cristobal-en-el-siglo-xxi-2019-06-28\/"]}]},{"@type":"BreadcrumbList","@id":"https:\/\/www.ull.es\/portal\/agenda\/evento\/seminario-internacional-dos-ciudades-de-san-cristobal-en-el-siglo-xxi-2019-06-28\/#breadcrumb","itemListElement":[{"@type":"ListItem","position":1,"name":"Portada","item":"https:\/\/www.ull.es\/portal\/agenda\/"},{"@type":"ListItem","position":2,"name":"Seminario Internacional Dos ciudades de San Crist\u00f3bal en el siglo XXI"}]},{"@type":"WebSite","@id":"https:\/\/www.ull.es\/portal\/agenda\/#website","url":"https:\/\/www.ull.es\/portal\/agenda\/","name":"ULL - Agenda","description":"","potentialAction":[{"@type":"SearchAction","target":{"@type":"EntryPoint","urlTemplate":"https:\/\/www.ull.es\/portal\/agenda\/?s={search_term_string}"},"query-input":"required name=search_term_string"}],"inLanguage":"es"}]}},"_links":{"self":[{"href":"https:\/\/www.ull.es\/portal\/agenda\/wp-json\/wp\/v2\/tribe_events\/12506"}],"collection":[{"href":"https:\/\/www.ull.es\/portal\/agenda\/wp-json\/wp\/v2\/tribe_events"}],"about":[{"href":"https:\/\/www.ull.es\/portal\/agenda\/wp-json\/wp\/v2\/types\/tribe_events"}],"author":[{"embeddable":true,"href":"https:\/\/www.ull.es\/portal\/agenda\/wp-json\/wp\/v2\/users\/35"}],"replies":[{"embeddable":true,"href":"https:\/\/www.ull.es\/portal\/agenda\/wp-json\/wp\/v2\/comments?post=12506"}],"version-history":[{"count":3,"href":"https:\/\/www.ull.es\/portal\/agenda\/wp-json\/wp\/v2\/tribe_events\/12506\/revisions"}],"predecessor-version":[{"id":12874,"href":"https:\/\/www.ull.es\/portal\/agenda\/wp-json\/wp\/v2\/tribe_events\/12506\/revisions\/12874"}],"wp:featuredmedia":[{"embeddable":true,"href":"https:\/\/www.ull.es\/portal\/agenda\/wp-json\/wp\/v2\/media\/12496"}],"wp:attachment":[{"href":"https:\/\/www.ull.es\/portal\/agenda\/wp-json\/wp\/v2\/media?parent=12506"}],"wp:term":[{"taxonomy":"post_tag","embeddable":true,"href":"https:\/\/www.ull.es\/portal\/agenda\/wp-json\/wp\/v2\/tags?post=12506"},{"taxonomy":"tribe_events_cat","embeddable":true,"href":"https:\/\/www.ull.es\/portal\/agenda\/wp-json\/wp\/v2\/tribe_events_cat?post=12506"}],"curies":[{"name":"wp","href":"https:\/\/api.w.org\/{rel}","templated":true}]}}

Seminario Internacional Dos ciudades de San Cristóbal en el siglo XXI

<p>Homenaje a las dos ciudades Patrimonio Mundial en el 500 aniversario de la fundación de la capital cubana dentro del marco de Campus América 2019, pero organizada por el Centro Internacional para la conservación  el Patrimonio ( CICOP).</p>
<p><strong>26 junio</strong><br />
Salón de Plenos del Excmo.Ayuntamiento de La Laguna.<br />
19.00 h. <strong><em>Homenaje a las dos ciudades Patrimonio Mundial en el</em></strong><br />
<strong><em>500 Aniversario de la fundación de la capital cubana dentro del</em></strong><br />
<em><strong>marco del Campus América 2019</strong>.</em><br />
Proyecto Cuba en un espejo ilustrada con dibujos realizados por niños de<br />
La Habana Vieja.<br />
Conferencia a cargo de Tatiana Fernández de los Santos, Directora de<br />
RESTAURA de la Oficina del Historiador de la ciudad de La Habana<br />
Concierto a cargo del Cuarteto de Cámara Corelli</p>
<p><strong>27 junio</strong><br />
Salón de Actos del Exconvento de Santo Domingo (Sala Capitular)<br />
9.30 &#8211; 17.00 h.<em><strong> Inauguración del seminario Internacional Dos</strong></em><br />
<em><strong>ciudades de San Cristóbal en el siglo XXI y actos</strong></em><br />
<strong>28 junio</strong><br />
10.00 a 13..30 h. <em><strong>Actos y clausura del Seminario</strong></em><br />
Antiguo Convento de Sto. Domingo en San Cristobal de La Laguna.</p>
<p>&nbsp;</p>
<p>El resto de actividades además de la inscripción se puede acceder a través de: http://www.cicop.com/talleres.asp</p>

<p>Homenaje a las dos ciudades Patrimonio Mundial en el 500 aniversario de la fundación de la capital cubana dentro del marco de Campus América 2019, pero organizada por el Centro Internacional para la conservación  el Patrimonio ( CICOP). 26 junio Salón de Plenos del Excmo.Ayuntamiento de La Laguna. 19.00 h. Homenaje a las dos ciudades&#8230;</p>

<!-- This site is optimized with the Yoast SEO plugin v21.3 - https://yoast.com/wordpress/plugins/seo/ -->
<title>Seminario Internacional Dos ciudades de San Cristóbal en el siglo XXI - ULL - Agenda</title>
<meta name="robots" content="index, follow, max-snippet:-1, max-image-preview:large, max-video-preview:-1" />
<link rel="canonical" href="https://www.ull.es/portal/agenda/evento/seminario-internacional-dos-ciudades-de-san-cristobal-en-el-siglo-xxi-2019-06-28/" />
<meta property="og:locale" content="es_ES" />
<meta property="og:type" content="article" />
<meta property="og:title" content="Seminario Internacional Dos ciudades de San Cristóbal en el siglo XXI - ULL - Agenda" />
<meta property="og:description" content="Homenaje a las dos ciudades Patrimonio Mundial en el 500 aniversario de la fundación de la capital cubana dentro del marco de Campus América 2019, pero organizada por el Centro Internacional para la conservación  el Patrimonio ( CICOP). 26 junio Salón de Plenos del Excmo.Ayuntamiento de La Laguna. 19.00 h. Homenaje a las dos ciudades..." />
<meta property="og:url" content="https://www.ull.es/portal/agenda/evento/seminario-internacional-dos-ciudades-de-san-cristobal-en-el-siglo-xxi-2019-06-28/" />
<meta property="og:site_name" content="ULL - Agenda" />
<meta property="article:modified_time" content="2019-06-25T11:21:26+00:00" />
<meta property="og:image" content="https://www.ull.es/portal/agenda/wp-content/uploads/sites/12/2019/06/BannerGenéricoWeb-logos.jpg" />
	<meta property="og:image:width" content="1140" />
	<meta property="og:image:height" content="285" />
	<meta property="og:image:type" content="image/jpeg" />
<meta name="twitter:card" content="summary_large_image" />
<meta name="twitter:label1" content="Tiempo de lectura" />
	<meta name="twitter:data1" content="1 minuto" />
<script type="application/ld+json" class="yoast-schema-graph">{"@context":"https://schema.org","@graph":[{"@type":"WebPage","@id":"https://www.ull.es/portal/agenda/evento/seminario-internacional-dos-ciudades-de-san-cristobal-en-el-siglo-xxi-2019-06-28/","url":"https://www.ull.es/portal/agenda/evento/seminario-internacional-dos-ciudades-de-san-cristobal-en-el-siglo-xxi-2019-06-28/","name":"Seminario Internacional Dos ciudades de San Cristóbal en el siglo XXI - ULL - Agenda","isPartOf":{"@id":"https://www.ull.es/portal/agenda/#website"},"datePublished":"2019-06-07T09:03:40+00:00","dateModified":"2019-06-25T11:21:26+00:00","breadcrumb":{"@id":"https://www.ull.es/portal/agenda/evento/seminario-internacional-dos-ciudades-de-san-cristobal-en-el-siglo-xxi-2019-06-28/#breadcrumb"},"inLanguage":"es","potentialAction":[{"@type":"ReadAction","target":["https://www.ull.es/portal/agenda/evento/seminario-internacional-dos-ciudades-de-san-cristobal-en-el-siglo-xxi-2019-06-28/"]}]},{"@type":"BreadcrumbList","@id":"https://www.ull.es/portal/agenda/evento/seminario-internacional-dos-ciudades-de-san-cristobal-en-el-siglo-xxi-2019-06-28/#breadcrumb","itemListElement":[{"@type":"ListItem","position":1,"name":"Portada","item":"https://www.ull.es/portal/agenda/"},{"@type":"ListItem","position":2,"name":"Seminario Internacional Dos ciudades de San Cristóbal en el siglo XXI"}]},{"@type":"WebSite","@id":"https://www.ull.es/portal/agenda/#website","url":"https://www.ull.es/portal/agenda/","name":"ULL - Agenda","description":"","potentialAction":[{"@type":"SearchAction","target":{"@type":"EntryPoint","urlTemplate":"https://www.ull.es/portal/agenda/?s={search_term_string}"},"query-input":"required name=search_term_string"}],"inLanguage":"es"}]}</script>
<!-- / Yoast SEO plugin. -->

Seminario Internacional Dos ciudades de San Cristóbal en el siglo XXI - ULL - Agenda

Homenaje a las dos ciudades Patrimonio Mundial en el 500 aniversario de la fundación de la capital cubana dentro del marco de Campus América 2019, pero organizada por el Centro Internacional para la conservación  el Patrimonio ( CICOP). 26 junio Salón de Plenos del Excmo.Ayuntamiento de La Laguna. 19.00 h. Homenaje a las dos ciudades...

https://www.ull.es/portal/agenda/wp-content/uploads/sites/12/2019/06/BannerGenéricoWeb-logos.jpg
