{"id":12574,"date":"2019-06-07T12:30:26","date_gmt":"2019-06-07T12:30:26","guid":{"rendered":"https:\/\/www.ull.es\/portal\/agenda\/?post_type=tribe_events&#038;p=12574"},"modified":"2019-07-02T13:51:59","modified_gmt":"2019-07-02T13:51:59","slug":"enfermedades-emergentes-y-reemergentes-en-america-el-papel-de-la-investigacion-en-la-salud-global","status":"publish","type":"tribe_events","link":"https:\/\/www.ull.es\/portal\/agenda\/evento\/enfermedades-emergentes-y-reemergentes-en-america-el-papel-de-la-investigacion-en-la-salud-global\/2019-07-11\/","title":{"rendered":"Enfermedades emergentes y reemergentes en Am\u00e9rica: el papel de la investigaci\u00f3n en la Salud Global"},"content":{"rendered":"<p>Este seminario cient\u00edfico abordar\u00e1 la influencia que para la Salud Global tiene la emergencia y remergencia de enfermedades en una regi\u00f3n como Latinoam\u00e9rica, analizando sus causas y c\u00f3mo la investigaci\u00f3n cient\u00edfica puede contribuir a paliar estos problemas.<\/p>\r\n<p>En determinados pa\u00edses de Latinoam\u00e9rica, se est\u00e1 produciendo una crisis econ\u00f3mica y social sin precedentes, que est\u00e1 afectando a la poblaci\u00f3n en numerosos \u00e1mbitos. Uno de los aspectos que se est\u00e1n viendo m\u00e1s afectados es la salud de la poblaci\u00f3n, que est\u00e1 sufriendo el resurgimiento de enfermedades infecciosas que estaban controladas en el pa\u00eds. Los cient\u00edficos invitados que impartir\u00e1n las conferencias de este seminario son profesores e investigadores del Instituto de Medicina Tropical de la Universidad Central de Venezuela, con d\u00e9cadas de experiencia en su campo y ofrecer\u00e1n una visi\u00f3n \u00fanica de la situaci\u00f3n sanitaria de su pa\u00eds y las consecuencias que eso puede tener para la salud Global. Adem\u00e1s, participar\u00e1n cient\u00edficos de la ULL que aportar\u00e1n su experiencia en el an\u00e1lisis de las causas de esta reemergencia.<\/p>\r\n<p>Finalmente, se expondr\u00e1n algunos avances cient\u00edficos en el campo de las enfermedades emergentes y reemergentes que pueden ayudar a paliar este problema.<\/p>\r\n<p><a href=\"https:\/\/eventos.ull.es\/35129\/detail\/enfermedades-emergentes-y-reemergentes-en-america_-el-papel-de-la-investigacion-en-la-salud-global.html\" target=\"_blank\" rel=\"noopener\"><strong>Inscripci\u00f3n y Programa<\/strong><\/a>\u00a0<\/p>\r\n\r\n<p>&nbsp;<\/p>\r\n","protected":false},"excerpt":{"rendered":"<p>Este seminario cient\u00edfico abordar\u00e1 la influencia que para la Salud Global tiene la emergencia y remergencia de enfermedades en una regi\u00f3n como Latinoam\u00e9rica, analizando sus causas y c\u00f3mo la investigaci\u00f3n cient\u00edfica puede contribuir a paliar estos problemas. En determinados pa\u00edses de Latinoam\u00e9rica, se est\u00e1 produciendo una crisis econ\u00f3mica y social sin precedentes, que est\u00e1 afectando&#8230;<\/p>\n","protected":false},"author":35,"featured_media":13020,"comment_status":"closed","ping_status":"closed","template":"","tags":[2953,2981],"tribe_events_cat":[392,2980],"acf":[],"yoast_head":"<!-- This site is optimized with the Yoast SEO plugin v21.3 - https:\/\/yoast.com\/wordpress\/plugins\/seo\/ -->\n<title>Enfermedades emergentes y reemergentes en Am\u00e9rica: el papel de la investigaci\u00f3n en la Salud Global - ULL - Agenda<\/title>\n<meta name=\"robots\" content=\"index, follow, max-snippet:-1, max-image-preview:large, max-video-preview:-1\" \/>\n<link rel=\"canonical\" href=\"https:\/\/www.ull.es\/portal\/agenda\/evento\/enfermedades-emergentes-y-reemergentes-en-america-el-papel-de-la-investigacion-en-la-salud-global\/2019-07-11\/\" \/>\n<meta property=\"og:locale\" content=\"es_ES\" \/>\n<meta property=\"og:type\" content=\"article\" \/>\n<meta property=\"og:title\" content=\"Enfermedades emergentes y reemergentes en Am\u00e9rica: el papel de la investigaci\u00f3n en la Salud Global - ULL - Agenda\" \/>\n<meta property=\"og:description\" content=\"Este seminario cient\u00edfico abordar\u00e1 la influencia que para la Salud Global tiene la emergencia y remergencia de enfermedades en una regi\u00f3n como Latinoam\u00e9rica, analizando sus causas y c\u00f3mo la investigaci\u00f3n cient\u00edfica puede contribuir a paliar estos problemas. En determinados pa\u00edses de Latinoam\u00e9rica, se est\u00e1 produciendo una crisis econ\u00f3mica y social sin precedentes, que est\u00e1 afectando...\" \/>\n<meta property=\"og:url\" content=\"https:\/\/www.ull.es\/portal\/agenda\/evento\/enfermedades-emergentes-y-reemergentes-en-america-el-papel-de-la-investigacion-en-la-salud-global\/2019-07-11\/\" \/>\n<meta property=\"og:site_name\" content=\"ULL - Agenda\" \/>\n<meta property=\"article:modified_time\" content=\"2019-07-02T13:51:59+00:00\" \/>\n<meta property=\"og:image\" content=\"https:\/\/www.ull.es\/portal\/agenda\/wp-content\/uploads\/sites\/12\/2019\/06\/BannerULL_EnfEmergentes.jpg\" \/>\n\t<meta property=\"og:image:width\" content=\"701\" \/>\n\t<meta property=\"og:image:height\" content=\"350\" \/>\n\t<meta property=\"og:image:type\" content=\"image\/jpeg\" \/>\n<meta name=\"twitter:card\" content=\"summary_large_image\" \/>\n<meta name=\"twitter:label1\" content=\"Tiempo de lectura\" \/>\n\t<meta name=\"twitter:data1\" content=\"1 minuto\" \/>\n<script type=\"application\/ld+json\" class=\"yoast-schema-graph\">{\"@context\":\"https:\/\/schema.org\",\"@graph\":[{\"@type\":\"WebPage\",\"@id\":\"https:\/\/www.ull.es\/portal\/agenda\/evento\/enfermedades-emergentes-y-reemergentes-en-america-el-papel-de-la-investigacion-en-la-salud-global\/2019-07-11\/\",\"url\":\"https:\/\/www.ull.es\/portal\/agenda\/evento\/enfermedades-emergentes-y-reemergentes-en-america-el-papel-de-la-investigacion-en-la-salud-global\/2019-07-11\/\",\"name\":\"Enfermedades emergentes y reemergentes en Am\u00e9rica: el papel de la investigaci\u00f3n en la Salud Global - ULL - Agenda\",\"isPartOf\":{\"@id\":\"https:\/\/www.ull.es\/portal\/agenda\/#website\"},\"datePublished\":\"2019-06-07T12:30:26+00:00\",\"dateModified\":\"2019-07-02T13:51:59+00:00\",\"breadcrumb\":{\"@id\":\"https:\/\/www.ull.es\/portal\/agenda\/evento\/enfermedades-emergentes-y-reemergentes-en-america-el-papel-de-la-investigacion-en-la-salud-global\/2019-07-11\/#breadcrumb\"},\"inLanguage\":\"es\",\"potentialAction\":[{\"@type\":\"ReadAction\",\"target\":[\"https:\/\/www.ull.es\/portal\/agenda\/evento\/enfermedades-emergentes-y-reemergentes-en-america-el-papel-de-la-investigacion-en-la-salud-global\/2019-07-11\/\"]}]},{\"@type\":\"BreadcrumbList\",\"@id\":\"https:\/\/www.ull.es\/portal\/agenda\/evento\/enfermedades-emergentes-y-reemergentes-en-america-el-papel-de-la-investigacion-en-la-salud-global\/2019-07-11\/#breadcrumb\",\"itemListElement\":[{\"@type\":\"ListItem\",\"position\":1,\"name\":\"Portada\",\"item\":\"https:\/\/www.ull.es\/portal\/agenda\/\"},{\"@type\":\"ListItem\",\"position\":2,\"name\":\"Enfermedades emergentes y reemergentes en Am\u00e9rica: el papel de la investigaci\u00f3n en la Salud Global\"}]},{\"@type\":\"WebSite\",\"@id\":\"https:\/\/www.ull.es\/portal\/agenda\/#website\",\"url\":\"https:\/\/www.ull.es\/portal\/agenda\/\",\"name\":\"ULL - Agenda\",\"description\":\"\",\"potentialAction\":[{\"@type\":\"SearchAction\",\"target\":{\"@type\":\"EntryPoint\",\"urlTemplate\":\"https:\/\/www.ull.es\/portal\/agenda\/?s={search_term_string}\"},\"query-input\":\"required name=search_term_string\"}],\"inLanguage\":\"es\"}]}<\/script>\n<!-- \/ Yoast SEO plugin. -->","yoast_head_json":{"title":"Enfermedades emergentes y reemergentes en Am\u00e9rica: el papel de la investigaci\u00f3n en la Salud Global - ULL - Agenda","robots":{"index":"index","follow":"follow","max-snippet":"max-snippet:-1","max-image-preview":"max-image-preview:large","max-video-preview":"max-video-preview:-1"},"canonical":"https:\/\/www.ull.es\/portal\/agenda\/evento\/enfermedades-emergentes-y-reemergentes-en-america-el-papel-de-la-investigacion-en-la-salud-global\/2019-07-11\/","og_locale":"es_ES","og_type":"article","og_title":"Enfermedades emergentes y reemergentes en Am\u00e9rica: el papel de la investigaci\u00f3n en la Salud Global - ULL - Agenda","og_description":"Este seminario cient\u00edfico abordar\u00e1 la influencia que para la Salud Global tiene la emergencia y remergencia de enfermedades en una regi\u00f3n como Latinoam\u00e9rica, analizando sus causas y c\u00f3mo la investigaci\u00f3n cient\u00edfica puede contribuir a paliar estos problemas. En determinados pa\u00edses de Latinoam\u00e9rica, se est\u00e1 produciendo una crisis econ\u00f3mica y social sin precedentes, que est\u00e1 afectando...","og_url":"https:\/\/www.ull.es\/portal\/agenda\/evento\/enfermedades-emergentes-y-reemergentes-en-america-el-papel-de-la-investigacion-en-la-salud-global\/2019-07-11\/","og_site_name":"ULL - Agenda","article_modified_time":"2019-07-02T13:51:59+00:00","og_image":[{"width":701,"height":350,"url":"https:\/\/www.ull.es\/portal\/agenda\/wp-content\/uploads\/sites\/12\/2019\/06\/BannerULL_EnfEmergentes.jpg","type":"image\/jpeg"}],"twitter_card":"summary_large_image","twitter_misc":{"Tiempo de lectura":"1 minuto"},"schema":{"@context":"https:\/\/schema.org","@graph":[{"@type":"WebPage","@id":"https:\/\/www.ull.es\/portal\/agenda\/evento\/enfermedades-emergentes-y-reemergentes-en-america-el-papel-de-la-investigacion-en-la-salud-global\/2019-07-11\/","url":"https:\/\/www.ull.es\/portal\/agenda\/evento\/enfermedades-emergentes-y-reemergentes-en-america-el-papel-de-la-investigacion-en-la-salud-global\/2019-07-11\/","name":"Enfermedades emergentes y reemergentes en Am\u00e9rica: el papel de la investigaci\u00f3n en la Salud Global - ULL - Agenda","isPartOf":{"@id":"https:\/\/www.ull.es\/portal\/agenda\/#website"},"datePublished":"2019-06-07T12:30:26+00:00","dateModified":"2019-07-02T13:51:59+00:00","breadcrumb":{"@id":"https:\/\/www.ull.es\/portal\/agenda\/evento\/enfermedades-emergentes-y-reemergentes-en-america-el-papel-de-la-investigacion-en-la-salud-global\/2019-07-11\/#breadcrumb"},"inLanguage":"es","potentialAction":[{"@type":"ReadAction","target":["https:\/\/www.ull.es\/portal\/agenda\/evento\/enfermedades-emergentes-y-reemergentes-en-america-el-papel-de-la-investigacion-en-la-salud-global\/2019-07-11\/"]}]},{"@type":"BreadcrumbList","@id":"https:\/\/www.ull.es\/portal\/agenda\/evento\/enfermedades-emergentes-y-reemergentes-en-america-el-papel-de-la-investigacion-en-la-salud-global\/2019-07-11\/#breadcrumb","itemListElement":[{"@type":"ListItem","position":1,"name":"Portada","item":"https:\/\/www.ull.es\/portal\/agenda\/"},{"@type":"ListItem","position":2,"name":"Enfermedades emergentes y reemergentes en Am\u00e9rica: el papel de la investigaci\u00f3n en la Salud Global"}]},{"@type":"WebSite","@id":"https:\/\/www.ull.es\/portal\/agenda\/#website","url":"https:\/\/www.ull.es\/portal\/agenda\/","name":"ULL - Agenda","description":"","potentialAction":[{"@type":"SearchAction","target":{"@type":"EntryPoint","urlTemplate":"https:\/\/www.ull.es\/portal\/agenda\/?s={search_term_string}"},"query-input":"required name=search_term_string"}],"inLanguage":"es"}]}},"_links":{"self":[{"href":"https:\/\/www.ull.es\/portal\/agenda\/wp-json\/wp\/v2\/tribe_events\/12574"}],"collection":[{"href":"https:\/\/www.ull.es\/portal\/agenda\/wp-json\/wp\/v2\/tribe_events"}],"about":[{"href":"https:\/\/www.ull.es\/portal\/agenda\/wp-json\/wp\/v2\/types\/tribe_events"}],"author":[{"embeddable":true,"href":"https:\/\/www.ull.es\/portal\/agenda\/wp-json\/wp\/v2\/users\/35"}],"replies":[{"embeddable":true,"href":"https:\/\/www.ull.es\/portal\/agenda\/wp-json\/wp\/v2\/comments?post=12574"}],"version-history":[{"count":5,"href":"https:\/\/www.ull.es\/portal\/agenda\/wp-json\/wp\/v2\/tribe_events\/12574\/revisions"}],"predecessor-version":[{"id":13082,"href":"https:\/\/www.ull.es\/portal\/agenda\/wp-json\/wp\/v2\/tribe_events\/12574\/revisions\/13082"}],"wp:featuredmedia":[{"embeddable":true,"href":"https:\/\/www.ull.es\/portal\/agenda\/wp-json\/wp\/v2\/media\/13020"}],"wp:attachment":[{"href":"https:\/\/www.ull.es\/portal\/agenda\/wp-json\/wp\/v2\/media?parent=12574"}],"wp:term":[{"taxonomy":"post_tag","embeddable":true,"href":"https:\/\/www.ull.es\/portal\/agenda\/wp-json\/wp\/v2\/tags?post=12574"},{"taxonomy":"tribe_events_cat","embeddable":true,"href":"https:\/\/www.ull.es\/portal\/agenda\/wp-json\/wp\/v2\/tribe_events_cat?post=12574"}],"curies":[{"name":"wp","href":"https:\/\/api.w.org\/{rel}","templated":true}]}}

Enfermedades emergentes y reemergentes en América: el papel de la investigación en la Salud Global

<p>Este seminario científico abordará la influencia que para la Salud Global tiene la emergencia y remergencia de enfermedades en una región como Latinoamérica, analizando sus causas y cómo la investigación científica puede contribuir a paliar estos problemas.</p>
<p>En determinados países de Latinoamérica, se está produciendo una crisis económica y social sin precedentes, que está afectando a la población en numerosos ámbitos. Uno de los aspectos que se están viendo más afectados es la salud de la población, que está sufriendo el resurgimiento de enfermedades infecciosas que estaban controladas en el país. Los científicos invitados que impartirán las conferencias de este seminario son profesores e investigadores del Instituto de Medicina Tropical de la Universidad Central de Venezuela, con décadas de experiencia en su campo y ofrecerán una visión única de la situación sanitaria de su país y las consecuencias que eso puede tener para la salud Global. Además, participarán científicos de la ULL que aportarán su experiencia en el análisis de las causas de esta reemergencia.</p>
<p>Finalmente, se expondrán algunos avances científicos en el campo de las enfermedades emergentes y reemergentes que pueden ayudar a paliar este problema.</p>
<p><a href="https://eventos.ull.es/35129/detail/enfermedades-emergentes-y-reemergentes-en-america_-el-papel-de-la-investigacion-en-la-salud-global.html" target="_blank" rel="noopener"><strong>Inscripción y Programa</strong></a> </p>

<p>&nbsp;</p>

<p>Este seminario científico abordará la influencia que para la Salud Global tiene la emergencia y remergencia de enfermedades en una región como Latinoamérica, analizando sus causas y cómo la investigación científica puede contribuir a paliar estos problemas. En determinados países de Latinoamérica, se está produciendo una crisis económica y social sin precedentes, que está afectando&#8230;</p>

<!-- This site is optimized with the Yoast SEO plugin v21.3 - https://yoast.com/wordpress/plugins/seo/ -->
<title>Enfermedades emergentes y reemergentes en América: el papel de la investigación en la Salud Global - ULL - Agenda</title>
<meta name="robots" content="index, follow, max-snippet:-1, max-image-preview:large, max-video-preview:-1" />
<link rel="canonical" href="https://www.ull.es/portal/agenda/evento/enfermedades-emergentes-y-reemergentes-en-america-el-papel-de-la-investigacion-en-la-salud-global/2019-07-11/" />
<meta property="og:locale" content="es_ES" />
<meta property="og:type" content="article" />
<meta property="og:title" content="Enfermedades emergentes y reemergentes en América: el papel de la investigación en la Salud Global - ULL - Agenda" />
<meta property="og:description" content="Este seminario científico abordará la influencia que para la Salud Global tiene la emergencia y remergencia de enfermedades en una región como Latinoamérica, analizando sus causas y cómo la investigación científica puede contribuir a paliar estos problemas. En determinados países de Latinoamérica, se está produciendo una crisis económica y social sin precedentes, que está afectando..." />
<meta property="og:url" content="https://www.ull.es/portal/agenda/evento/enfermedades-emergentes-y-reemergentes-en-america-el-papel-de-la-investigacion-en-la-salud-global/2019-07-11/" />
<meta property="og:site_name" content="ULL - Agenda" />
<meta property="article:modified_time" content="2019-07-02T13:51:59+00:00" />
<meta property="og:image" content="https://www.ull.es/portal/agenda/wp-content/uploads/sites/12/2019/06/BannerULL_EnfEmergentes.jpg" />
	<meta property="og:image:width" content="701" />
	<meta property="og:image:height" content="350" />
	<meta property="og:image:type" content="image/jpeg" />
<meta name="twitter:card" content="summary_large_image" />
<meta name="twitter:label1" content="Tiempo de lectura" />
	<meta name="twitter:data1" content="1 minuto" />
<script type="application/ld+json" class="yoast-schema-graph">{"@context":"https://schema.org","@graph":[{"@type":"WebPage","@id":"https://www.ull.es/portal/agenda/evento/enfermedades-emergentes-y-reemergentes-en-america-el-papel-de-la-investigacion-en-la-salud-global/2019-07-11/","url":"https://www.ull.es/portal/agenda/evento/enfermedades-emergentes-y-reemergentes-en-america-el-papel-de-la-investigacion-en-la-salud-global/2019-07-11/","name":"Enfermedades emergentes y reemergentes en América: el papel de la investigación en la Salud Global - ULL - Agenda","isPartOf":{"@id":"https://www.ull.es/portal/agenda/#website"},"datePublished":"2019-06-07T12:30:26+00:00","dateModified":"2019-07-02T13:51:59+00:00","breadcrumb":{"@id":"https://www.ull.es/portal/agenda/evento/enfermedades-emergentes-y-reemergentes-en-america-el-papel-de-la-investigacion-en-la-salud-global/2019-07-11/#breadcrumb"},"inLanguage":"es","potentialAction":[{"@type":"ReadAction","target":["https://www.ull.es/portal/agenda/evento/enfermedades-emergentes-y-reemergentes-en-america-el-papel-de-la-investigacion-en-la-salud-global/2019-07-11/"]}]},{"@type":"BreadcrumbList","@id":"https://www.ull.es/portal/agenda/evento/enfermedades-emergentes-y-reemergentes-en-america-el-papel-de-la-investigacion-en-la-salud-global/2019-07-11/#breadcrumb","itemListElement":[{"@type":"ListItem","position":1,"name":"Portada","item":"https://www.ull.es/portal/agenda/"},{"@type":"ListItem","position":2,"name":"Enfermedades emergentes y reemergentes en América: el papel de la investigación en la Salud Global"}]},{"@type":"WebSite","@id":"https://www.ull.es/portal/agenda/#website","url":"https://www.ull.es/portal/agenda/","name":"ULL - Agenda","description":"","potentialAction":[{"@type":"SearchAction","target":{"@type":"EntryPoint","urlTemplate":"https://www.ull.es/portal/agenda/?s={search_term_string}"},"query-input":"required name=search_term_string"}],"inLanguage":"es"}]}</script>
<!-- / Yoast SEO plugin. -->

Enfermedades emergentes y reemergentes en América: el papel de la investigación en la Salud Global - ULL - Agenda

Este seminario científico abordará la influencia que para la Salud Global tiene la emergencia y remergencia de enfermedades en una región como Latinoamérica, analizando sus causas y cómo la investigación científica puede contribuir a paliar estos problemas. En determinados países de Latinoamérica, se está produciendo una crisis económica y social sin precedentes, que está afectando...
