{"id":13668,"date":"2019-09-20T10:02:51","date_gmt":"2019-09-20T10:02:51","guid":{"rendered":"https:\/\/www.ull.es\/portal\/agenda\/?post_type=tribe_events&#038;p=13668"},"modified":"2019-09-20T10:04:08","modified_gmt":"2019-09-20T10:04:08","slug":"xxxiv-semana-de-teologia-la-evangelizacion-hoy-por-que-y-como-1-ects","status":"publish","type":"tribe_events","link":"https:\/\/www.ull.es\/portal\/agenda\/evento\/xxxiv-semana-de-teologia-la-evangelizacion-hoy-por-que-y-como-1-ects\/","title":{"rendered":"XXXIV Semana de Teolog\u00eda. La evangelizaci\u00f3n hoy: \u00bfpor qu\u00e9 y c\u00f3mo? &#8211; 1 ECTS"},"content":{"rendered":"<p>Actividad de Extensi\u00f3n Universitaria organizada por el Vicerrectorado de Cultura, Participaci\u00f3n Social y Campus Ofra y La Palma y el Instituto Superior de Teolog\u00eda de las Islas Canarias (ISTIC).<\/p>\n<p>Objetivos:<\/p>\n<ul>\n<li>Analizar la evoluci\u00f3n de la evangelizaci\u00f3n desde el concilio Vaticano II hasta nuestros d\u00edas.<\/li>\n<li>Proponer una din\u00e1mica evangelizadora en el momento presente siguiendo las indicaciones del magisterio de la Iglesia.<\/li>\n<li>Ofrecer unas pistas de acci\u00f3n pastoral en el nuevo contexto de la evangelizaci\u00f3n actualmente.<\/li>\n<\/ul>\n<p>Dirige: Miguel \u00c1ngel Garc\u00eda Rodr\u00edguez. Profesor Contratado Doctor. Departamento de Did\u00e1cticas Espec\u00edficas de la ULL.<\/p>\n<p><a href=\"https:\/\/docs.google.com\/forms\/d\/e\/1FAIpQLScl2OxEQlu3YOkT8UoVg_FCWMAj0AyVozHm8wkCUMSHNeFvKw\/viewform\" target=\"_blank\" rel=\"noopener noreferrer\" target=\"_blank\" rel=\"noopener\"><strong>INSCR\u00cdBETE AQU\u00cd.<\/strong><\/a><\/p>\n<p><a href=\"https:\/\/drive.google.com\/open?id=1iUZ6m9tqQPPW9AZts_uB-LP6uq8ItzLf\" target=\"_blank\" rel=\"noopener noreferrer\" target=\"_blank\" rel=\"noopener\"><strong>Descargar programa.<\/strong><\/a><\/p>\n<p><strong>Contacto (ISTIC): 922 252 540 \u2013\u00a0<a href=\"mailto:secretaria@cettenerife.org\" target=\"_blank\" rel=\"noopener\">secretaria@cettenerife.org<\/a><\/strong><\/p>\n<p><strong>Contacto (VRS-ULL): 922 319 616 \/ 922 319 626 \u2013\u00a0<\/strong><a href=\"mailto:extuni@ull.edu.es\" target=\"_blank\" rel=\"noopener\"><strong>extuni@ull.es<\/strong><\/a><\/p>\n","protected":false},"excerpt":{"rendered":"<p>Actividad de Extensi\u00f3n Universitaria organizada por el Vicerrectorado de Cultura, Participaci\u00f3n Social y Campus Ofra y La Palma y el Instituto Superior de Teolog\u00eda de las Islas Canarias (ISTIC). Objetivos: Analizar la evoluci\u00f3n de la evangelizaci\u00f3n desde el concilio Vaticano II hasta nuestros d\u00edas. Proponer una din\u00e1mica evangelizadora en el momento presente siguiendo las indicaciones&#8230;<\/p>\n","protected":false},"author":43,"featured_media":13669,"comment_status":"closed","ping_status":"closed","template":"","tags":[3095,1685,727,728],"tribe_events_cat":[472,4,186],"acf":[],"yoast_head":"<!-- This site is optimized with the Yoast SEO plugin v21.3 - https:\/\/yoast.com\/wordpress\/plugins\/seo\/ -->\n<title>XXXIV Semana de Teolog\u00eda. La evangelizaci\u00f3n hoy: \u00bfpor qu\u00e9 y c\u00f3mo? - 1 ECTS - ULL - Agenda<\/title>\n<meta name=\"robots\" content=\"index, follow, max-snippet:-1, max-image-preview:large, max-video-preview:-1\" \/>\n<link rel=\"canonical\" href=\"https:\/\/www.ull.es\/portal\/agenda\/evento\/xxxiv-semana-de-teologia-la-evangelizacion-hoy-por-que-y-como-1-ects\/\" \/>\n<meta property=\"og:locale\" content=\"es_ES\" \/>\n<meta property=\"og:type\" content=\"article\" \/>\n<meta property=\"og:title\" content=\"XXXIV Semana de Teolog\u00eda. La evangelizaci\u00f3n hoy: \u00bfpor qu\u00e9 y c\u00f3mo? - 1 ECTS - ULL - Agenda\" \/>\n<meta property=\"og:description\" content=\"Actividad de Extensi\u00f3n Universitaria organizada por el Vicerrectorado de Cultura, Participaci\u00f3n Social y Campus Ofra y La Palma y el Instituto Superior de Teolog\u00eda de las Islas Canarias (ISTIC). Objetivos: Analizar la evoluci\u00f3n de la evangelizaci\u00f3n desde el concilio Vaticano II hasta nuestros d\u00edas. Proponer una din\u00e1mica evangelizadora en el momento presente siguiendo las indicaciones...\" \/>\n<meta property=\"og:url\" content=\"https:\/\/www.ull.es\/portal\/agenda\/evento\/xxxiv-semana-de-teologia-la-evangelizacion-hoy-por-que-y-como-1-ects\/\" \/>\n<meta property=\"og:site_name\" content=\"ULL - Agenda\" \/>\n<meta property=\"article:modified_time\" content=\"2019-09-20T10:04:08+00:00\" \/>\n<meta property=\"og:image\" content=\"https:\/\/www.ull.es\/portal\/agenda\/wp-content\/uploads\/sites\/12\/2019\/09\/BannerSemanaTeologia2019.jpg\" \/>\n\t<meta property=\"og:image:width\" content=\"700\" \/>\n\t<meta property=\"og:image:height\" content=\"350\" \/>\n\t<meta property=\"og:image:type\" content=\"image\/jpeg\" \/>\n<meta name=\"twitter:card\" content=\"summary_large_image\" \/>\n<meta name=\"twitter:label1\" content=\"Tiempo de lectura\" \/>\n\t<meta name=\"twitter:data1\" content=\"1 minuto\" \/>\n<script type=\"application\/ld+json\" class=\"yoast-schema-graph\">{\"@context\":\"https:\/\/schema.org\",\"@graph\":[{\"@type\":\"WebPage\",\"@id\":\"https:\/\/www.ull.es\/portal\/agenda\/evento\/xxxiv-semana-de-teologia-la-evangelizacion-hoy-por-que-y-como-1-ects\/\",\"url\":\"https:\/\/www.ull.es\/portal\/agenda\/evento\/xxxiv-semana-de-teologia-la-evangelizacion-hoy-por-que-y-como-1-ects\/\",\"name\":\"XXXIV Semana de Teolog\u00eda. La evangelizaci\u00f3n hoy: \u00bfpor qu\u00e9 y c\u00f3mo? - 1 ECTS - ULL - Agenda\",\"isPartOf\":{\"@id\":\"https:\/\/www.ull.es\/portal\/agenda\/#website\"},\"datePublished\":\"2019-09-20T10:02:51+00:00\",\"dateModified\":\"2019-09-20T10:04:08+00:00\",\"breadcrumb\":{\"@id\":\"https:\/\/www.ull.es\/portal\/agenda\/evento\/xxxiv-semana-de-teologia-la-evangelizacion-hoy-por-que-y-como-1-ects\/#breadcrumb\"},\"inLanguage\":\"es\",\"potentialAction\":[{\"@type\":\"ReadAction\",\"target\":[\"https:\/\/www.ull.es\/portal\/agenda\/evento\/xxxiv-semana-de-teologia-la-evangelizacion-hoy-por-que-y-como-1-ects\/\"]}]},{\"@type\":\"BreadcrumbList\",\"@id\":\"https:\/\/www.ull.es\/portal\/agenda\/evento\/xxxiv-semana-de-teologia-la-evangelizacion-hoy-por-que-y-como-1-ects\/#breadcrumb\",\"itemListElement\":[{\"@type\":\"ListItem\",\"position\":1,\"name\":\"Portada\",\"item\":\"https:\/\/www.ull.es\/portal\/agenda\/\"},{\"@type\":\"ListItem\",\"position\":2,\"name\":\"XXXIV Semana de Teolog\u00eda. La evangelizaci\u00f3n hoy: \u00bfpor qu\u00e9 y c\u00f3mo? &#8211; 1 ECTS\"}]},{\"@type\":\"WebSite\",\"@id\":\"https:\/\/www.ull.es\/portal\/agenda\/#website\",\"url\":\"https:\/\/www.ull.es\/portal\/agenda\/\",\"name\":\"ULL - Agenda\",\"description\":\"\",\"potentialAction\":[{\"@type\":\"SearchAction\",\"target\":{\"@type\":\"EntryPoint\",\"urlTemplate\":\"https:\/\/www.ull.es\/portal\/agenda\/?s={search_term_string}\"},\"query-input\":\"required name=search_term_string\"}],\"inLanguage\":\"es\"}]}<\/script>\n<!-- \/ Yoast SEO plugin. -->","yoast_head_json":{"title":"XXXIV Semana de Teolog\u00eda. La evangelizaci\u00f3n hoy: \u00bfpor qu\u00e9 y c\u00f3mo? - 1 ECTS - ULL - Agenda","robots":{"index":"index","follow":"follow","max-snippet":"max-snippet:-1","max-image-preview":"max-image-preview:large","max-video-preview":"max-video-preview:-1"},"canonical":"https:\/\/www.ull.es\/portal\/agenda\/evento\/xxxiv-semana-de-teologia-la-evangelizacion-hoy-por-que-y-como-1-ects\/","og_locale":"es_ES","og_type":"article","og_title":"XXXIV Semana de Teolog\u00eda. La evangelizaci\u00f3n hoy: \u00bfpor qu\u00e9 y c\u00f3mo? - 1 ECTS - ULL - Agenda","og_description":"Actividad de Extensi\u00f3n Universitaria organizada por el Vicerrectorado de Cultura, Participaci\u00f3n Social y Campus Ofra y La Palma y el Instituto Superior de Teolog\u00eda de las Islas Canarias (ISTIC). Objetivos: Analizar la evoluci\u00f3n de la evangelizaci\u00f3n desde el concilio Vaticano II hasta nuestros d\u00edas. Proponer una din\u00e1mica evangelizadora en el momento presente siguiendo las indicaciones...","og_url":"https:\/\/www.ull.es\/portal\/agenda\/evento\/xxxiv-semana-de-teologia-la-evangelizacion-hoy-por-que-y-como-1-ects\/","og_site_name":"ULL - Agenda","article_modified_time":"2019-09-20T10:04:08+00:00","og_image":[{"width":700,"height":350,"url":"https:\/\/www.ull.es\/portal\/agenda\/wp-content\/uploads\/sites\/12\/2019\/09\/BannerSemanaTeologia2019.jpg","type":"image\/jpeg"}],"twitter_card":"summary_large_image","twitter_misc":{"Tiempo de lectura":"1 minuto"},"schema":{"@context":"https:\/\/schema.org","@graph":[{"@type":"WebPage","@id":"https:\/\/www.ull.es\/portal\/agenda\/evento\/xxxiv-semana-de-teologia-la-evangelizacion-hoy-por-que-y-como-1-ects\/","url":"https:\/\/www.ull.es\/portal\/agenda\/evento\/xxxiv-semana-de-teologia-la-evangelizacion-hoy-por-que-y-como-1-ects\/","name":"XXXIV Semana de Teolog\u00eda. La evangelizaci\u00f3n hoy: \u00bfpor qu\u00e9 y c\u00f3mo? - 1 ECTS - ULL - Agenda","isPartOf":{"@id":"https:\/\/www.ull.es\/portal\/agenda\/#website"},"datePublished":"2019-09-20T10:02:51+00:00","dateModified":"2019-09-20T10:04:08+00:00","breadcrumb":{"@id":"https:\/\/www.ull.es\/portal\/agenda\/evento\/xxxiv-semana-de-teologia-la-evangelizacion-hoy-por-que-y-como-1-ects\/#breadcrumb"},"inLanguage":"es","potentialAction":[{"@type":"ReadAction","target":["https:\/\/www.ull.es\/portal\/agenda\/evento\/xxxiv-semana-de-teologia-la-evangelizacion-hoy-por-que-y-como-1-ects\/"]}]},{"@type":"BreadcrumbList","@id":"https:\/\/www.ull.es\/portal\/agenda\/evento\/xxxiv-semana-de-teologia-la-evangelizacion-hoy-por-que-y-como-1-ects\/#breadcrumb","itemListElement":[{"@type":"ListItem","position":1,"name":"Portada","item":"https:\/\/www.ull.es\/portal\/agenda\/"},{"@type":"ListItem","position":2,"name":"XXXIV Semana de Teolog\u00eda. La evangelizaci\u00f3n hoy: \u00bfpor qu\u00e9 y c\u00f3mo? &#8211; 1 ECTS"}]},{"@type":"WebSite","@id":"https:\/\/www.ull.es\/portal\/agenda\/#website","url":"https:\/\/www.ull.es\/portal\/agenda\/","name":"ULL - Agenda","description":"","potentialAction":[{"@type":"SearchAction","target":{"@type":"EntryPoint","urlTemplate":"https:\/\/www.ull.es\/portal\/agenda\/?s={search_term_string}"},"query-input":"required name=search_term_string"}],"inLanguage":"es"}]}},"_links":{"self":[{"href":"https:\/\/www.ull.es\/portal\/agenda\/wp-json\/wp\/v2\/tribe_events\/13668"}],"collection":[{"href":"https:\/\/www.ull.es\/portal\/agenda\/wp-json\/wp\/v2\/tribe_events"}],"about":[{"href":"https:\/\/www.ull.es\/portal\/agenda\/wp-json\/wp\/v2\/types\/tribe_events"}],"author":[{"embeddable":true,"href":"https:\/\/www.ull.es\/portal\/agenda\/wp-json\/wp\/v2\/users\/43"}],"replies":[{"embeddable":true,"href":"https:\/\/www.ull.es\/portal\/agenda\/wp-json\/wp\/v2\/comments?post=13668"}],"version-history":[{"count":8,"href":"https:\/\/www.ull.es\/portal\/agenda\/wp-json\/wp\/v2\/tribe_events\/13668\/revisions"}],"predecessor-version":[{"id":15274,"href":"https:\/\/www.ull.es\/portal\/agenda\/wp-json\/wp\/v2\/tribe_events\/13668\/revisions\/15274"}],"wp:featuredmedia":[{"embeddable":true,"href":"https:\/\/www.ull.es\/portal\/agenda\/wp-json\/wp\/v2\/media\/13669"}],"wp:attachment":[{"href":"https:\/\/www.ull.es\/portal\/agenda\/wp-json\/wp\/v2\/media?parent=13668"}],"wp:term":[{"taxonomy":"post_tag","embeddable":true,"href":"https:\/\/www.ull.es\/portal\/agenda\/wp-json\/wp\/v2\/tags?post=13668"},{"taxonomy":"tribe_events_cat","embeddable":true,"href":"https:\/\/www.ull.es\/portal\/agenda\/wp-json\/wp\/v2\/tribe_events_cat?post=13668"}],"curies":[{"name":"wp","href":"https:\/\/api.w.org\/{rel}","templated":true}]}}

XXXIV Semana de Teología. La evangelización hoy: ¿por qué y cómo? &#8211; 1 ECTS

<p>Actividad de Extensión Universitaria organizada por el Vicerrectorado de Cultura, Participación Social y Campus Ofra y La Palma y el Instituto Superior de Teología de las Islas Canarias (ISTIC).</p>
<p>Objetivos:</p>
<ul>
<li>Analizar la evolución de la evangelización desde el concilio Vaticano II hasta nuestros días.</li>
<li>Proponer una dinámica evangelizadora en el momento presente siguiendo las indicaciones del magisterio de la Iglesia.</li>
<li>Ofrecer unas pistas de acción pastoral en el nuevo contexto de la evangelización actualmente.</li>
</ul>
<p>Dirige: Miguel Ángel García Rodríguez. Profesor Contratado Doctor. Departamento de Didácticas Específicas de la ULL.</p>
<p><a href="https://docs.google.com/forms/d/e/1FAIpQLScl2OxEQlu3YOkT8UoVg_FCWMAj0AyVozHm8wkCUMSHNeFvKw/viewform" target="_blank" rel="noopener noreferrer" target="_blank" rel="noopener"><strong>INSCRÍBETE AQUÍ.</strong></a></p>
<p><a href="https://drive.google.com/open?id=1iUZ6m9tqQPPW9AZts_uB-LP6uq8ItzLf" target="_blank" rel="noopener noreferrer" target="_blank" rel="noopener"><strong>Descargar programa.</strong></a></p>
<p><strong>Contacto (ISTIC): 922 252 540 – <a href="mailto:secretaria@cettenerife.org" target="_blank" rel="noopener">secretaria@cettenerife.org</a></strong></p>
<p><strong>Contacto (VRS-ULL): 922 319 616 / 922 319 626 – </strong><a href="mailto:extuni@ull.edu.es" target="_blank" rel="noopener"><strong>extuni@ull.es</strong></a></p>

<p>Actividad de Extensión Universitaria organizada por el Vicerrectorado de Cultura, Participación Social y Campus Ofra y La Palma y el Instituto Superior de Teología de las Islas Canarias (ISTIC). Objetivos: Analizar la evolución de la evangelización desde el concilio Vaticano II hasta nuestros días. Proponer una dinámica evangelizadora en el momento presente siguiendo las indicaciones&#8230;</p>

<!-- This site is optimized with the Yoast SEO plugin v21.3 - https://yoast.com/wordpress/plugins/seo/ -->
<title>XXXIV Semana de Teología. La evangelización hoy: ¿por qué y cómo? - 1 ECTS - ULL - Agenda</title>
<meta name="robots" content="index, follow, max-snippet:-1, max-image-preview:large, max-video-preview:-1" />
<link rel="canonical" href="https://www.ull.es/portal/agenda/evento/xxxiv-semana-de-teologia-la-evangelizacion-hoy-por-que-y-como-1-ects/" />
<meta property="og:locale" content="es_ES" />
<meta property="og:type" content="article" />
<meta property="og:title" content="XXXIV Semana de Teología. La evangelización hoy: ¿por qué y cómo? - 1 ECTS - ULL - Agenda" />
<meta property="og:description" content="Actividad de Extensión Universitaria organizada por el Vicerrectorado de Cultura, Participación Social y Campus Ofra y La Palma y el Instituto Superior de Teología de las Islas Canarias (ISTIC). Objetivos: Analizar la evolución de la evangelización desde el concilio Vaticano II hasta nuestros días. Proponer una dinámica evangelizadora en el momento presente siguiendo las indicaciones..." />
<meta property="og:url" content="https://www.ull.es/portal/agenda/evento/xxxiv-semana-de-teologia-la-evangelizacion-hoy-por-que-y-como-1-ects/" />
<meta property="og:site_name" content="ULL - Agenda" />
<meta property="article:modified_time" content="2019-09-20T10:04:08+00:00" />
<meta property="og:image" content="https://www.ull.es/portal/agenda/wp-content/uploads/sites/12/2019/09/BannerSemanaTeologia2019.jpg" />
	<meta property="og:image:width" content="700" />
	<meta property="og:image:height" content="350" />
	<meta property="og:image:type" content="image/jpeg" />
<meta name="twitter:card" content="summary_large_image" />
<meta name="twitter:label1" content="Tiempo de lectura" />
	<meta name="twitter:data1" content="1 minuto" />
<script type="application/ld+json" class="yoast-schema-graph">{"@context":"https://schema.org","@graph":[{"@type":"WebPage","@id":"https://www.ull.es/portal/agenda/evento/xxxiv-semana-de-teologia-la-evangelizacion-hoy-por-que-y-como-1-ects/","url":"https://www.ull.es/portal/agenda/evento/xxxiv-semana-de-teologia-la-evangelizacion-hoy-por-que-y-como-1-ects/","name":"XXXIV Semana de Teología. La evangelización hoy: ¿por qué y cómo? - 1 ECTS - ULL - Agenda","isPartOf":{"@id":"https://www.ull.es/portal/agenda/#website"},"datePublished":"2019-09-20T10:02:51+00:00","dateModified":"2019-09-20T10:04:08+00:00","breadcrumb":{"@id":"https://www.ull.es/portal/agenda/evento/xxxiv-semana-de-teologia-la-evangelizacion-hoy-por-que-y-como-1-ects/#breadcrumb"},"inLanguage":"es","potentialAction":[{"@type":"ReadAction","target":["https://www.ull.es/portal/agenda/evento/xxxiv-semana-de-teologia-la-evangelizacion-hoy-por-que-y-como-1-ects/"]}]},{"@type":"BreadcrumbList","@id":"https://www.ull.es/portal/agenda/evento/xxxiv-semana-de-teologia-la-evangelizacion-hoy-por-que-y-como-1-ects/#breadcrumb","itemListElement":[{"@type":"ListItem","position":1,"name":"Portada","item":"https://www.ull.es/portal/agenda/"},{"@type":"ListItem","position":2,"name":"XXXIV Semana de Teología. La evangelización hoy: ¿por qué y cómo? &#8211; 1 ECTS"}]},{"@type":"WebSite","@id":"https://www.ull.es/portal/agenda/#website","url":"https://www.ull.es/portal/agenda/","name":"ULL - Agenda","description":"","potentialAction":[{"@type":"SearchAction","target":{"@type":"EntryPoint","urlTemplate":"https://www.ull.es/portal/agenda/?s={search_term_string}"},"query-input":"required name=search_term_string"}],"inLanguage":"es"}]}</script>
<!-- / Yoast SEO plugin. -->

XXXIV Semana de Teología. La evangelización hoy: ¿por qué y cómo? - 1 ECTS - ULL - Agenda

Actividad de Extensión Universitaria organizada por el Vicerrectorado de Cultura, Participación Social y Campus Ofra y La Palma y el Instituto Superior de Teología de las Islas Canarias (ISTIC). Objetivos: Analizar la evolución de la evangelización desde el concilio Vaticano II hasta nuestros días. Proponer una dinámica evangelizadora en el momento presente siguiendo las indicaciones...
