{"id":14222,"date":"2019-11-04T14:25:13","date_gmt":"2019-11-04T14:25:13","guid":{"rendered":"https:\/\/www.ull.es\/portal\/agenda\/?post_type=tribe_events&#038;p=14222"},"modified":"2019-11-08T12:16:10","modified_gmt":"2019-11-08T12:16:10","slug":"la-palma-4","status":"publish","type":"tribe_events","link":"https:\/\/www.ull.es\/portal\/agenda\/evento\/la-palma-4\/","title":{"rendered":"Introducci\u00f3n al Big Data: extrayendo conocimiento de los datos"},"content":{"rendered":"<div>\n<div>\n<p>Este curso de Extensi\u00f3n Universitaria forma parte de la programaci\u00f3n \u201cUniversidad de Verano en Oto\u00f1o La Palma 2019\u201d.<\/p>\n<\/div>\n<p>Objetivos:<\/p>\n<p>&#8211; Identificar los peligros y las implicaciones \u00e9ticas y morales que tiene la recopilaci\u00f3n y an\u00e1lisis de datos.<br \/>\n&#8211; Valorar la importancia que tienen las t\u00e9cnicas de an\u00e1lisis de datos para la extracci\u00f3n de conocimiento \u00fatil.<br \/>\n&#8211; Reconocer las principales tareas de extracci\u00f3n de conocimiento.<br \/>\n&#8211; Capacitar a los alumnos para poner en pr\u00e1ctica t\u00e9cnicas de extracci\u00f3n de conocimiento desde datos.<br \/>\n&#8211; Fomentar la actitud cr\u00edtica de los alumnos ante las conclusiones que se extraen de los datos.<\/p>\n<p>Dirigido por: Jos\u00e9 Marcos Moreno Vega. Profesor Titular, Departamento de Ingenier\u00eda Inform\u00e1tica y Sistemas de la ULL.<\/p>\n<p>Coordina: Cristofer Juan Exp\u00f3sito Izquierdo. Profesor CLI, Departamento de Ingenier\u00eda Inform\u00e1tica y de Sistemas, ULL.<\/p>\n<p><a href=\"https:\/\/sede.fg.ull.es\/es\/curso\/detalle\/a19020236\/introduccion-al-big-data-extrayendo-conocimiento-de-los-datos\" target=\"_blank\" rel=\"noopener noreferrer\" target=\"_blank\" rel=\"noopener\"><strong><u>Consulta el programa e inscr\u00edbete aqu\u00ed.<\/u><\/strong><\/a><\/p>\n<div id=\"post-5951\" class=\"post-5951 tribe_events type-tribe_events status-publish hentry tag-analisis-de-casos tag-ayuntamiento-de-candelaria tag-innovacion-empresarial tag-pensamiento-creativo tag-ull tag-vicerrectorado-de-relaciones-con-la-sociedad tribe_events_cat-cursos-de-ayuntamientos tribe_events_cat-destacado-ull tribe_events_cat-perfil-estudiante cat_cursos-de-ayuntamientos cat_destacado-ull cat_perfil-estudiante\">\n<div class=\"tribe-events-single-event-description tribe-events-content\">\n<p><strong>Contacto: 922 319 616 \/ 922 319 626 \u2013\u00a0<\/strong><a href=\"mailto:extuni@ull.edu.es\" target=\"_blank\" rel=\"noopener\"><strong>extuni@ull.es<\/strong><\/a><\/p>\n<\/div>\n<\/div>\n<\/div>\n<div id=\"post-5951\" class=\"post-5951 tribe_events type-tribe_events status-publish hentry tag-analisis-de-casos tag-ayuntamiento-de-candelaria tag-innovacion-empresarial tag-pensamiento-creativo tag-ull tag-vicerrectorado-de-relaciones-con-la-sociedad tribe_events_cat-cursos-de-ayuntamientos tribe_events_cat-destacado-ull tribe_events_cat-perfil-estudiante cat_cursos-de-ayuntamientos cat_destacado-ull cat_perfil-estudiante\">\n<div class=\"tribe-events-single-event-description tribe-events-content\"><\/div>\n<\/div>\n","protected":false},"excerpt":{"rendered":"<p>Este curso de Extensi\u00f3n Universitaria forma parte de la programaci\u00f3n \u201cUniversidad de Verano en Oto\u00f1o La Palma 2019\u201d. Objetivos: &#8211; Identificar los peligros y las implicaciones \u00e9ticas y morales que tiene la recopilaci\u00f3n y an\u00e1lisis de datos. &#8211; Valorar la importancia que tienen las t\u00e9cnicas de an\u00e1lisis de datos para la extracci\u00f3n de conocimiento \u00fatil&#8230;.<\/p>\n","protected":false},"author":43,"featured_media":14422,"comment_status":"closed","ping_status":"closed","template":"","tags":[601,1685,3173],"tribe_events_cat":[4,186,1554],"acf":[],"yoast_head":"<!-- This site is optimized with the Yoast SEO plugin v21.3 - https:\/\/yoast.com\/wordpress\/plugins\/seo\/ -->\n<title>Introducci\u00f3n al Big Data: extrayendo conocimiento de los datos - ULL - Agenda<\/title>\n<meta name=\"robots\" content=\"index, follow, max-snippet:-1, max-image-preview:large, max-video-preview:-1\" \/>\n<link rel=\"canonical\" href=\"https:\/\/www.ull.es\/portal\/agenda\/evento\/la-palma-4\/\" \/>\n<meta property=\"og:locale\" content=\"es_ES\" \/>\n<meta property=\"og:type\" content=\"article\" \/>\n<meta property=\"og:title\" content=\"Introducci\u00f3n al Big Data: extrayendo conocimiento de los datos - ULL - Agenda\" \/>\n<meta property=\"og:description\" content=\"Este curso de Extensi\u00f3n Universitaria forma parte de la programaci\u00f3n \u201cUniversidad de Verano en Oto\u00f1o La Palma 2019\u201d. Objetivos: &#8211; Identificar los peligros y las implicaciones \u00e9ticas y morales que tiene la recopilaci\u00f3n y an\u00e1lisis de datos. &#8211; Valorar la importancia que tienen las t\u00e9cnicas de an\u00e1lisis de datos para la extracci\u00f3n de conocimiento \u00fatil....\" \/>\n<meta property=\"og:url\" content=\"https:\/\/www.ull.es\/portal\/agenda\/evento\/la-palma-4\/\" \/>\n<meta property=\"og:site_name\" content=\"ULL - Agenda\" \/>\n<meta property=\"article:modified_time\" content=\"2019-11-08T12:16:10+00:00\" \/>\n<meta property=\"og:image\" content=\"https:\/\/www.ull.es\/portal\/agenda\/wp-content\/uploads\/sites\/12\/2019\/11\/3-1.jpg\" \/>\n\t<meta property=\"og:image:width\" content=\"700\" \/>\n\t<meta property=\"og:image:height\" content=\"350\" \/>\n\t<meta property=\"og:image:type\" content=\"image\/jpeg\" \/>\n<meta name=\"twitter:card\" content=\"summary_large_image\" \/>\n<meta name=\"twitter:label1\" content=\"Tiempo de lectura\" \/>\n\t<meta name=\"twitter:data1\" content=\"1 minuto\" \/>\n<script type=\"application\/ld+json\" class=\"yoast-schema-graph\">{\"@context\":\"https:\/\/schema.org\",\"@graph\":[{\"@type\":\"WebPage\",\"@id\":\"https:\/\/www.ull.es\/portal\/agenda\/evento\/la-palma-4\/\",\"url\":\"https:\/\/www.ull.es\/portal\/agenda\/evento\/la-palma-4\/\",\"name\":\"Introducci\u00f3n al Big Data: extrayendo conocimiento de los datos - ULL - Agenda\",\"isPartOf\":{\"@id\":\"https:\/\/www.ull.es\/portal\/agenda\/#website\"},\"datePublished\":\"2019-11-04T14:25:13+00:00\",\"dateModified\":\"2019-11-08T12:16:10+00:00\",\"breadcrumb\":{\"@id\":\"https:\/\/www.ull.es\/portal\/agenda\/evento\/la-palma-4\/#breadcrumb\"},\"inLanguage\":\"es\",\"potentialAction\":[{\"@type\":\"ReadAction\",\"target\":[\"https:\/\/www.ull.es\/portal\/agenda\/evento\/la-palma-4\/\"]}]},{\"@type\":\"BreadcrumbList\",\"@id\":\"https:\/\/www.ull.es\/portal\/agenda\/evento\/la-palma-4\/#breadcrumb\",\"itemListElement\":[{\"@type\":\"ListItem\",\"position\":1,\"name\":\"Portada\",\"item\":\"https:\/\/www.ull.es\/portal\/agenda\/\"},{\"@type\":\"ListItem\",\"position\":2,\"name\":\"Introducci\u00f3n al Big Data: extrayendo conocimiento de los datos\"}]},{\"@type\":\"WebSite\",\"@id\":\"https:\/\/www.ull.es\/portal\/agenda\/#website\",\"url\":\"https:\/\/www.ull.es\/portal\/agenda\/\",\"name\":\"ULL - Agenda\",\"description\":\"\",\"potentialAction\":[{\"@type\":\"SearchAction\",\"target\":{\"@type\":\"EntryPoint\",\"urlTemplate\":\"https:\/\/www.ull.es\/portal\/agenda\/?s={search_term_string}\"},\"query-input\":\"required name=search_term_string\"}],\"inLanguage\":\"es\"}]}<\/script>\n<!-- \/ Yoast SEO plugin. -->","yoast_head_json":{"title":"Introducci\u00f3n al Big Data: extrayendo conocimiento de los datos - ULL - Agenda","robots":{"index":"index","follow":"follow","max-snippet":"max-snippet:-1","max-image-preview":"max-image-preview:large","max-video-preview":"max-video-preview:-1"},"canonical":"https:\/\/www.ull.es\/portal\/agenda\/evento\/la-palma-4\/","og_locale":"es_ES","og_type":"article","og_title":"Introducci\u00f3n al Big Data: extrayendo conocimiento de los datos - ULL - Agenda","og_description":"Este curso de Extensi\u00f3n Universitaria forma parte de la programaci\u00f3n \u201cUniversidad de Verano en Oto\u00f1o La Palma 2019\u201d. Objetivos: &#8211; Identificar los peligros y las implicaciones \u00e9ticas y morales que tiene la recopilaci\u00f3n y an\u00e1lisis de datos. &#8211; Valorar la importancia que tienen las t\u00e9cnicas de an\u00e1lisis de datos para la extracci\u00f3n de conocimiento \u00fatil....","og_url":"https:\/\/www.ull.es\/portal\/agenda\/evento\/la-palma-4\/","og_site_name":"ULL - Agenda","article_modified_time":"2019-11-08T12:16:10+00:00","og_image":[{"width":700,"height":350,"url":"https:\/\/www.ull.es\/portal\/agenda\/wp-content\/uploads\/sites\/12\/2019\/11\/3-1.jpg","type":"image\/jpeg"}],"twitter_card":"summary_large_image","twitter_misc":{"Tiempo de lectura":"1 minuto"},"schema":{"@context":"https:\/\/schema.org","@graph":[{"@type":"WebPage","@id":"https:\/\/www.ull.es\/portal\/agenda\/evento\/la-palma-4\/","url":"https:\/\/www.ull.es\/portal\/agenda\/evento\/la-palma-4\/","name":"Introducci\u00f3n al Big Data: extrayendo conocimiento de los datos - ULL - Agenda","isPartOf":{"@id":"https:\/\/www.ull.es\/portal\/agenda\/#website"},"datePublished":"2019-11-04T14:25:13+00:00","dateModified":"2019-11-08T12:16:10+00:00","breadcrumb":{"@id":"https:\/\/www.ull.es\/portal\/agenda\/evento\/la-palma-4\/#breadcrumb"},"inLanguage":"es","potentialAction":[{"@type":"ReadAction","target":["https:\/\/www.ull.es\/portal\/agenda\/evento\/la-palma-4\/"]}]},{"@type":"BreadcrumbList","@id":"https:\/\/www.ull.es\/portal\/agenda\/evento\/la-palma-4\/#breadcrumb","itemListElement":[{"@type":"ListItem","position":1,"name":"Portada","item":"https:\/\/www.ull.es\/portal\/agenda\/"},{"@type":"ListItem","position":2,"name":"Introducci\u00f3n al Big Data: extrayendo conocimiento de los datos"}]},{"@type":"WebSite","@id":"https:\/\/www.ull.es\/portal\/agenda\/#website","url":"https:\/\/www.ull.es\/portal\/agenda\/","name":"ULL - Agenda","description":"","potentialAction":[{"@type":"SearchAction","target":{"@type":"EntryPoint","urlTemplate":"https:\/\/www.ull.es\/portal\/agenda\/?s={search_term_string}"},"query-input":"required name=search_term_string"}],"inLanguage":"es"}]}},"_links":{"self":[{"href":"https:\/\/www.ull.es\/portal\/agenda\/wp-json\/wp\/v2\/tribe_events\/14222"}],"collection":[{"href":"https:\/\/www.ull.es\/portal\/agenda\/wp-json\/wp\/v2\/tribe_events"}],"about":[{"href":"https:\/\/www.ull.es\/portal\/agenda\/wp-json\/wp\/v2\/types\/tribe_events"}],"author":[{"embeddable":true,"href":"https:\/\/www.ull.es\/portal\/agenda\/wp-json\/wp\/v2\/users\/43"}],"replies":[{"embeddable":true,"href":"https:\/\/www.ull.es\/portal\/agenda\/wp-json\/wp\/v2\/comments?post=14222"}],"version-history":[{"count":3,"href":"https:\/\/www.ull.es\/portal\/agenda\/wp-json\/wp\/v2\/tribe_events\/14222\/revisions"}],"predecessor-version":[{"id":14343,"href":"https:\/\/www.ull.es\/portal\/agenda\/wp-json\/wp\/v2\/tribe_events\/14222\/revisions\/14343"}],"wp:featuredmedia":[{"embeddable":true,"href":"https:\/\/www.ull.es\/portal\/agenda\/wp-json\/wp\/v2\/media\/14422"}],"wp:attachment":[{"href":"https:\/\/www.ull.es\/portal\/agenda\/wp-json\/wp\/v2\/media?parent=14222"}],"wp:term":[{"taxonomy":"post_tag","embeddable":true,"href":"https:\/\/www.ull.es\/portal\/agenda\/wp-json\/wp\/v2\/tags?post=14222"},{"taxonomy":"tribe_events_cat","embeddable":true,"href":"https:\/\/www.ull.es\/portal\/agenda\/wp-json\/wp\/v2\/tribe_events_cat?post=14222"}],"curies":[{"name":"wp","href":"https:\/\/api.w.org\/{rel}","templated":true}]}}

Introducción al Big Data: extrayendo conocimiento de los datos

<div>
<div>
<p>Este curso de Extensión Universitaria forma parte de la programación “Universidad de Verano en Otoño La Palma 2019”.</p>
</div>
<p>Objetivos:</p>
<p>&#8211; Identificar los peligros y las implicaciones éticas y morales que tiene la recopilación y análisis de datos.<br />
&#8211; Valorar la importancia que tienen las técnicas de análisis de datos para la extracción de conocimiento útil.<br />
&#8211; Reconocer las principales tareas de extracción de conocimiento.<br />
&#8211; Capacitar a los alumnos para poner en práctica técnicas de extracción de conocimiento desde datos.<br />
&#8211; Fomentar la actitud crítica de los alumnos ante las conclusiones que se extraen de los datos.</p>
<p>Dirigido por: José Marcos Moreno Vega. Profesor Titular, Departamento de Ingeniería Informática y Sistemas de la ULL.</p>
<p>Coordina: Cristofer Juan Expósito Izquierdo. Profesor CLI, Departamento de Ingeniería Informática y de Sistemas, ULL.</p>
<p><a href="https://sede.fg.ull.es/es/curso/detalle/a19020236/introduccion-al-big-data-extrayendo-conocimiento-de-los-datos" target="_blank" rel="noopener noreferrer" target="_blank" rel="noopener"><strong><u>Consulta el programa e inscríbete aquí.</u></strong></a></p>
<div id="post-5951" class="post-5951 tribe_events type-tribe_events status-publish hentry tag-analisis-de-casos tag-ayuntamiento-de-candelaria tag-innovacion-empresarial tag-pensamiento-creativo tag-ull tag-vicerrectorado-de-relaciones-con-la-sociedad tribe_events_cat-cursos-de-ayuntamientos tribe_events_cat-destacado-ull tribe_events_cat-perfil-estudiante cat_cursos-de-ayuntamientos cat_destacado-ull cat_perfil-estudiante">
<div class="tribe-events-single-event-description tribe-events-content">
<p><strong>Contacto: 922 319 616 / 922 319 626 – </strong><a href="mailto:extuni@ull.edu.es" target="_blank" rel="noopener"><strong>extuni@ull.es</strong></a></p>
</div>
</div>
</div>
<div id="post-5951" class="post-5951 tribe_events type-tribe_events status-publish hentry tag-analisis-de-casos tag-ayuntamiento-de-candelaria tag-innovacion-empresarial tag-pensamiento-creativo tag-ull tag-vicerrectorado-de-relaciones-con-la-sociedad tribe_events_cat-cursos-de-ayuntamientos tribe_events_cat-destacado-ull tribe_events_cat-perfil-estudiante cat_cursos-de-ayuntamientos cat_destacado-ull cat_perfil-estudiante">
<div class="tribe-events-single-event-description tribe-events-content"></div>
</div>

<p>Este curso de Extensión Universitaria forma parte de la programación “Universidad de Verano en Otoño La Palma 2019”. Objetivos: &#8211; Identificar los peligros y las implicaciones éticas y morales que tiene la recopilación y análisis de datos. &#8211; Valorar la importancia que tienen las técnicas de análisis de datos para la extracción de conocimiento útil&#8230;.</p>

<!-- This site is optimized with the Yoast SEO plugin v21.3 - https://yoast.com/wordpress/plugins/seo/ -->
<title>Introducción al Big Data: extrayendo conocimiento de los datos - ULL - Agenda</title>
<meta name="robots" content="index, follow, max-snippet:-1, max-image-preview:large, max-video-preview:-1" />
<link rel="canonical" href="https://www.ull.es/portal/agenda/evento/la-palma-4/" />
<meta property="og:locale" content="es_ES" />
<meta property="og:type" content="article" />
<meta property="og:title" content="Introducción al Big Data: extrayendo conocimiento de los datos - ULL - Agenda" />
<meta property="og:description" content="Este curso de Extensión Universitaria forma parte de la programación “Universidad de Verano en Otoño La Palma 2019”. Objetivos: &#8211; Identificar los peligros y las implicaciones éticas y morales que tiene la recopilación y análisis de datos. &#8211; Valorar la importancia que tienen las técnicas de análisis de datos para la extracción de conocimiento útil...." />
<meta property="og:url" content="https://www.ull.es/portal/agenda/evento/la-palma-4/" />
<meta property="og:site_name" content="ULL - Agenda" />
<meta property="article:modified_time" content="2019-11-08T12:16:10+00:00" />
<meta property="og:image" content="https://www.ull.es/portal/agenda/wp-content/uploads/sites/12/2019/11/3-1.jpg" />
	<meta property="og:image:width" content="700" />
	<meta property="og:image:height" content="350" />
	<meta property="og:image:type" content="image/jpeg" />
<meta name="twitter:card" content="summary_large_image" />
<meta name="twitter:label1" content="Tiempo de lectura" />
	<meta name="twitter:data1" content="1 minuto" />
<script type="application/ld+json" class="yoast-schema-graph">{"@context":"https://schema.org","@graph":[{"@type":"WebPage","@id":"https://www.ull.es/portal/agenda/evento/la-palma-4/","url":"https://www.ull.es/portal/agenda/evento/la-palma-4/","name":"Introducción al Big Data: extrayendo conocimiento de los datos - ULL - Agenda","isPartOf":{"@id":"https://www.ull.es/portal/agenda/#website"},"datePublished":"2019-11-04T14:25:13+00:00","dateModified":"2019-11-08T12:16:10+00:00","breadcrumb":{"@id":"https://www.ull.es/portal/agenda/evento/la-palma-4/#breadcrumb"},"inLanguage":"es","potentialAction":[{"@type":"ReadAction","target":["https://www.ull.es/portal/agenda/evento/la-palma-4/"]}]},{"@type":"BreadcrumbList","@id":"https://www.ull.es/portal/agenda/evento/la-palma-4/#breadcrumb","itemListElement":[{"@type":"ListItem","position":1,"name":"Portada","item":"https://www.ull.es/portal/agenda/"},{"@type":"ListItem","position":2,"name":"Introducción al Big Data: extrayendo conocimiento de los datos"}]},{"@type":"WebSite","@id":"https://www.ull.es/portal/agenda/#website","url":"https://www.ull.es/portal/agenda/","name":"ULL - Agenda","description":"","potentialAction":[{"@type":"SearchAction","target":{"@type":"EntryPoint","urlTemplate":"https://www.ull.es/portal/agenda/?s={search_term_string}"},"query-input":"required name=search_term_string"}],"inLanguage":"es"}]}</script>
<!-- / Yoast SEO plugin. -->

Introducción al Big Data: extrayendo conocimiento de los datos - ULL - Agenda

Este curso de Extensión Universitaria forma parte de la programación “Universidad de Verano en Otoño La Palma 2019”. Objetivos: &#8211; Identificar los peligros y las implicaciones éticas y morales que tiene la recopilación y análisis de datos. &#8211; Valorar la importancia que tienen las técnicas de análisis de datos para la extracción de conocimiento útil....
