{"id":15109,"date":"2020-01-09T15:01:38","date_gmt":"2020-01-09T15:01:38","guid":{"rendered":"https:\/\/www.ull.es\/portal\/agenda\/?post_type=tribe_events&#038;p=15109"},"modified":"2020-11-24T11:50:55","modified_gmt":"2020-11-24T11:50:55","slug":"coloquios-del-instituto-de-neurociencia-iune-bilinguismo-extremo","status":"publish","type":"tribe_events","link":"https:\/\/www.ull.es\/portal\/agenda\/evento\/coloquios-del-instituto-de-neurociencia-iune-bilinguismo-extremo\/","title":{"rendered":"Coloquios del Instituto de Neurociencia (IUNE): Biling\u00fcismo extremo"},"content":{"rendered":"<p>El Instituto de Neurociencia de la Universidad de la Laguna ofrecer\u00e1 dentro de sus coloquios la charla \u00abBiling\u00fcismo extremo. \u00bfQu\u00e9 tiene de especial el cerebro de los int\u00e9rpretes simult\u00e1neos?\u00bb<\/p>\n<p>La conferencia estar\u00e1 impartida por Adolfo Garc\u00eda del Instituto de Neurociencia Cognitiva y traslacional de Argentina.<\/p>\n","protected":false},"excerpt":{"rendered":"<p>El Instituto de Neurociencia de la Universidad de la Laguna ofrecer\u00e1 dentro de sus coloquios la charla \u00abBiling\u00fcismo extremo. \u00bfQu\u00e9 tiene de especial el cerebro de los int\u00e9rpretes simult\u00e1neos?\u00bb La conferencia estar\u00e1 impartida por Adolfo Garc\u00eda del Instituto de Neurociencia Cognitiva y traslacional de Argentina.<\/p>\n","protected":false},"author":65,"featured_media":15517,"comment_status":"closed","ping_status":"closed","template":"","tags":[],"tribe_events_cat":[4,1835,191],"acf":[],"yoast_head":"<!-- This site is optimized with the Yoast SEO plugin v21.3 - https:\/\/yoast.com\/wordpress\/plugins\/seo\/ -->\n<title>Coloquios del Instituto de Neurociencia (IUNE): Biling\u00fcismo extremo - ULL - Agenda<\/title>\n<meta name=\"robots\" content=\"index, follow, max-snippet:-1, max-image-preview:large, max-video-preview:-1\" \/>\n<link rel=\"canonical\" href=\"https:\/\/www.ull.es\/portal\/agenda\/evento\/coloquios-del-instituto-de-neurociencia-iune-bilinguismo-extremo\/\" \/>\n<meta property=\"og:locale\" content=\"es_ES\" \/>\n<meta property=\"og:type\" content=\"article\" \/>\n<meta property=\"og:title\" content=\"Coloquios del Instituto de Neurociencia (IUNE): Biling\u00fcismo extremo - ULL - Agenda\" \/>\n<meta property=\"og:description\" content=\"El Instituto de Neurociencia de la Universidad de la Laguna ofrecer\u00e1 dentro de sus coloquios la charla \u00abBiling\u00fcismo extremo. \u00bfQu\u00e9 tiene de especial el cerebro de los int\u00e9rpretes simult\u00e1neos?\u00bb La conferencia estar\u00e1 impartida por Adolfo Garc\u00eda del Instituto de Neurociencia Cognitiva y traslacional de Argentina.\" \/>\n<meta property=\"og:url\" content=\"https:\/\/www.ull.es\/portal\/agenda\/evento\/coloquios-del-instituto-de-neurociencia-iune-bilinguismo-extremo\/\" \/>\n<meta property=\"og:site_name\" content=\"ULL - Agenda\" \/>\n<meta property=\"article:modified_time\" content=\"2020-11-24T11:50:55+00:00\" \/>\n<meta property=\"og:image\" content=\"https:\/\/www.ull.es\/portal\/agenda\/wp-content\/uploads\/sites\/12\/2020\/01\/iuneeee.jpg\" \/>\n\t<meta property=\"og:image:width\" content=\"700\" \/>\n\t<meta property=\"og:image:height\" content=\"350\" \/>\n\t<meta property=\"og:image:type\" content=\"image\/jpeg\" \/>\n<meta name=\"twitter:card\" content=\"summary_large_image\" \/>\n<script type=\"application\/ld+json\" class=\"yoast-schema-graph\">{\"@context\":\"https:\/\/schema.org\",\"@graph\":[{\"@type\":\"WebPage\",\"@id\":\"https:\/\/www.ull.es\/portal\/agenda\/evento\/coloquios-del-instituto-de-neurociencia-iune-bilinguismo-extremo\/\",\"url\":\"https:\/\/www.ull.es\/portal\/agenda\/evento\/coloquios-del-instituto-de-neurociencia-iune-bilinguismo-extremo\/\",\"name\":\"Coloquios del Instituto de Neurociencia (IUNE): Biling\u00fcismo extremo - ULL - Agenda\",\"isPartOf\":{\"@id\":\"https:\/\/www.ull.es\/portal\/agenda\/#website\"},\"datePublished\":\"2020-01-09T15:01:38+00:00\",\"dateModified\":\"2020-11-24T11:50:55+00:00\",\"breadcrumb\":{\"@id\":\"https:\/\/www.ull.es\/portal\/agenda\/evento\/coloquios-del-instituto-de-neurociencia-iune-bilinguismo-extremo\/#breadcrumb\"},\"inLanguage\":\"es\",\"potentialAction\":[{\"@type\":\"ReadAction\",\"target\":[\"https:\/\/www.ull.es\/portal\/agenda\/evento\/coloquios-del-instituto-de-neurociencia-iune-bilinguismo-extremo\/\"]}]},{\"@type\":\"BreadcrumbList\",\"@id\":\"https:\/\/www.ull.es\/portal\/agenda\/evento\/coloquios-del-instituto-de-neurociencia-iune-bilinguismo-extremo\/#breadcrumb\",\"itemListElement\":[{\"@type\":\"ListItem\",\"position\":1,\"name\":\"Portada\",\"item\":\"https:\/\/www.ull.es\/portal\/agenda\/\"},{\"@type\":\"ListItem\",\"position\":2,\"name\":\"Coloquios del Instituto de Neurociencia (IUNE): Biling\u00fcismo extremo\"}]},{\"@type\":\"WebSite\",\"@id\":\"https:\/\/www.ull.es\/portal\/agenda\/#website\",\"url\":\"https:\/\/www.ull.es\/portal\/agenda\/\",\"name\":\"ULL - Agenda\",\"description\":\"\",\"potentialAction\":[{\"@type\":\"SearchAction\",\"target\":{\"@type\":\"EntryPoint\",\"urlTemplate\":\"https:\/\/www.ull.es\/portal\/agenda\/?s={search_term_string}\"},\"query-input\":\"required name=search_term_string\"}],\"inLanguage\":\"es\"}]}<\/script>\n<!-- \/ Yoast SEO plugin. -->","yoast_head_json":{"title":"Coloquios del Instituto de Neurociencia (IUNE): Biling\u00fcismo extremo - ULL - Agenda","robots":{"index":"index","follow":"follow","max-snippet":"max-snippet:-1","max-image-preview":"max-image-preview:large","max-video-preview":"max-video-preview:-1"},"canonical":"https:\/\/www.ull.es\/portal\/agenda\/evento\/coloquios-del-instituto-de-neurociencia-iune-bilinguismo-extremo\/","og_locale":"es_ES","og_type":"article","og_title":"Coloquios del Instituto de Neurociencia (IUNE): Biling\u00fcismo extremo - ULL - Agenda","og_description":"El Instituto de Neurociencia de la Universidad de la Laguna ofrecer\u00e1 dentro de sus coloquios la charla \u00abBiling\u00fcismo extremo. \u00bfQu\u00e9 tiene de especial el cerebro de los int\u00e9rpretes simult\u00e1neos?\u00bb La conferencia estar\u00e1 impartida por Adolfo Garc\u00eda del Instituto de Neurociencia Cognitiva y traslacional de Argentina.","og_url":"https:\/\/www.ull.es\/portal\/agenda\/evento\/coloquios-del-instituto-de-neurociencia-iune-bilinguismo-extremo\/","og_site_name":"ULL - Agenda","article_modified_time":"2020-11-24T11:50:55+00:00","og_image":[{"width":700,"height":350,"url":"https:\/\/www.ull.es\/portal\/agenda\/wp-content\/uploads\/sites\/12\/2020\/01\/iuneeee.jpg","type":"image\/jpeg"}],"twitter_card":"summary_large_image","schema":{"@context":"https:\/\/schema.org","@graph":[{"@type":"WebPage","@id":"https:\/\/www.ull.es\/portal\/agenda\/evento\/coloquios-del-instituto-de-neurociencia-iune-bilinguismo-extremo\/","url":"https:\/\/www.ull.es\/portal\/agenda\/evento\/coloquios-del-instituto-de-neurociencia-iune-bilinguismo-extremo\/","name":"Coloquios del Instituto de Neurociencia (IUNE): Biling\u00fcismo extremo - ULL - Agenda","isPartOf":{"@id":"https:\/\/www.ull.es\/portal\/agenda\/#website"},"datePublished":"2020-01-09T15:01:38+00:00","dateModified":"2020-11-24T11:50:55+00:00","breadcrumb":{"@id":"https:\/\/www.ull.es\/portal\/agenda\/evento\/coloquios-del-instituto-de-neurociencia-iune-bilinguismo-extremo\/#breadcrumb"},"inLanguage":"es","potentialAction":[{"@type":"ReadAction","target":["https:\/\/www.ull.es\/portal\/agenda\/evento\/coloquios-del-instituto-de-neurociencia-iune-bilinguismo-extremo\/"]}]},{"@type":"BreadcrumbList","@id":"https:\/\/www.ull.es\/portal\/agenda\/evento\/coloquios-del-instituto-de-neurociencia-iune-bilinguismo-extremo\/#breadcrumb","itemListElement":[{"@type":"ListItem","position":1,"name":"Portada","item":"https:\/\/www.ull.es\/portal\/agenda\/"},{"@type":"ListItem","position":2,"name":"Coloquios del Instituto de Neurociencia (IUNE): Biling\u00fcismo extremo"}]},{"@type":"WebSite","@id":"https:\/\/www.ull.es\/portal\/agenda\/#website","url":"https:\/\/www.ull.es\/portal\/agenda\/","name":"ULL - Agenda","description":"","potentialAction":[{"@type":"SearchAction","target":{"@type":"EntryPoint","urlTemplate":"https:\/\/www.ull.es\/portal\/agenda\/?s={search_term_string}"},"query-input":"required name=search_term_string"}],"inLanguage":"es"}]}},"_links":{"self":[{"href":"https:\/\/www.ull.es\/portal\/agenda\/wp-json\/wp\/v2\/tribe_events\/15109"}],"collection":[{"href":"https:\/\/www.ull.es\/portal\/agenda\/wp-json\/wp\/v2\/tribe_events"}],"about":[{"href":"https:\/\/www.ull.es\/portal\/agenda\/wp-json\/wp\/v2\/types\/tribe_events"}],"author":[{"embeddable":true,"href":"https:\/\/www.ull.es\/portal\/agenda\/wp-json\/wp\/v2\/users\/65"}],"replies":[{"embeddable":true,"href":"https:\/\/www.ull.es\/portal\/agenda\/wp-json\/wp\/v2\/comments?post=15109"}],"version-history":[{"count":2,"href":"https:\/\/www.ull.es\/portal\/agenda\/wp-json\/wp\/v2\/tribe_events\/15109\/revisions"}],"predecessor-version":[{"id":15112,"href":"https:\/\/www.ull.es\/portal\/agenda\/wp-json\/wp\/v2\/tribe_events\/15109\/revisions\/15112"}],"wp:featuredmedia":[{"embeddable":true,"href":"https:\/\/www.ull.es\/portal\/agenda\/wp-json\/wp\/v2\/media\/15517"}],"wp:attachment":[{"href":"https:\/\/www.ull.es\/portal\/agenda\/wp-json\/wp\/v2\/media?parent=15109"}],"wp:term":[{"taxonomy":"post_tag","embeddable":true,"href":"https:\/\/www.ull.es\/portal\/agenda\/wp-json\/wp\/v2\/tags?post=15109"},{"taxonomy":"tribe_events_cat","embeddable":true,"href":"https:\/\/www.ull.es\/portal\/agenda\/wp-json\/wp\/v2\/tribe_events_cat?post=15109"}],"curies":[{"name":"wp","href":"https:\/\/api.w.org\/{rel}","templated":true}]}}

Coloquios del Instituto de Neurociencia (IUNE): Bilingüismo extremo

<p>El Instituto de Neurociencia de la Universidad de la Laguna ofrecerá dentro de sus coloquios la charla «Bilingüismo extremo. ¿Qué tiene de especial el cerebro de los intérpretes simultáneos?»</p>
<p>La conferencia estará impartida por Adolfo García del Instituto de Neurociencia Cognitiva y traslacional de Argentina.</p>

<p>El Instituto de Neurociencia de la Universidad de la Laguna ofrecerá dentro de sus coloquios la charla «Bilingüismo extremo. ¿Qué tiene de especial el cerebro de los intérpretes simultáneos?» La conferencia estará impartida por Adolfo García del Instituto de Neurociencia Cognitiva y traslacional de Argentina.</p>

<!-- This site is optimized with the Yoast SEO plugin v21.3 - https://yoast.com/wordpress/plugins/seo/ -->
<title>Coloquios del Instituto de Neurociencia (IUNE): Bilingüismo extremo - ULL - Agenda</title>
<meta name="robots" content="index, follow, max-snippet:-1, max-image-preview:large, max-video-preview:-1" />
<link rel="canonical" href="https://www.ull.es/portal/agenda/evento/coloquios-del-instituto-de-neurociencia-iune-bilinguismo-extremo/" />
<meta property="og:locale" content="es_ES" />
<meta property="og:type" content="article" />
<meta property="og:title" content="Coloquios del Instituto de Neurociencia (IUNE): Bilingüismo extremo - ULL - Agenda" />
<meta property="og:description" content="El Instituto de Neurociencia de la Universidad de la Laguna ofrecerá dentro de sus coloquios la charla «Bilingüismo extremo. ¿Qué tiene de especial el cerebro de los intérpretes simultáneos?» La conferencia estará impartida por Adolfo García del Instituto de Neurociencia Cognitiva y traslacional de Argentina." />
<meta property="og:url" content="https://www.ull.es/portal/agenda/evento/coloquios-del-instituto-de-neurociencia-iune-bilinguismo-extremo/" />
<meta property="og:site_name" content="ULL - Agenda" />
<meta property="article:modified_time" content="2020-11-24T11:50:55+00:00" />
<meta property="og:image" content="https://www.ull.es/portal/agenda/wp-content/uploads/sites/12/2020/01/iuneeee.jpg" />
	<meta property="og:image:width" content="700" />
	<meta property="og:image:height" content="350" />
	<meta property="og:image:type" content="image/jpeg" />
<meta name="twitter:card" content="summary_large_image" />
<script type="application/ld+json" class="yoast-schema-graph">{"@context":"https://schema.org","@graph":[{"@type":"WebPage","@id":"https://www.ull.es/portal/agenda/evento/coloquios-del-instituto-de-neurociencia-iune-bilinguismo-extremo/","url":"https://www.ull.es/portal/agenda/evento/coloquios-del-instituto-de-neurociencia-iune-bilinguismo-extremo/","name":"Coloquios del Instituto de Neurociencia (IUNE): Bilingüismo extremo - ULL - Agenda","isPartOf":{"@id":"https://www.ull.es/portal/agenda/#website"},"datePublished":"2020-01-09T15:01:38+00:00","dateModified":"2020-11-24T11:50:55+00:00","breadcrumb":{"@id":"https://www.ull.es/portal/agenda/evento/coloquios-del-instituto-de-neurociencia-iune-bilinguismo-extremo/#breadcrumb"},"inLanguage":"es","potentialAction":[{"@type":"ReadAction","target":["https://www.ull.es/portal/agenda/evento/coloquios-del-instituto-de-neurociencia-iune-bilinguismo-extremo/"]}]},{"@type":"BreadcrumbList","@id":"https://www.ull.es/portal/agenda/evento/coloquios-del-instituto-de-neurociencia-iune-bilinguismo-extremo/#breadcrumb","itemListElement":[{"@type":"ListItem","position":1,"name":"Portada","item":"https://www.ull.es/portal/agenda/"},{"@type":"ListItem","position":2,"name":"Coloquios del Instituto de Neurociencia (IUNE): Bilingüismo extremo"}]},{"@type":"WebSite","@id":"https://www.ull.es/portal/agenda/#website","url":"https://www.ull.es/portal/agenda/","name":"ULL - Agenda","description":"","potentialAction":[{"@type":"SearchAction","target":{"@type":"EntryPoint","urlTemplate":"https://www.ull.es/portal/agenda/?s={search_term_string}"},"query-input":"required name=search_term_string"}],"inLanguage":"es"}]}</script>
<!-- / Yoast SEO plugin. -->

Coloquios del Instituto de Neurociencia (IUNE): Bilingüismo extremo - ULL - Agenda

El Instituto de Neurociencia de la Universidad de la Laguna ofrecerá dentro de sus coloquios la charla «Bilingüismo extremo. ¿Qué tiene de especial el cerebro de los intérpretes simultáneos?» La conferencia estará impartida por Adolfo García del Instituto de Neurociencia Cognitiva y traslacional de Argentina.
