{"id":15243,"date":"2020-01-15T10:39:44","date_gmt":"2020-01-15T10:39:44","guid":{"rendered":"https:\/\/www.ull.es\/portal\/agenda\/?post_type=tribe_events&#038;p=15243"},"modified":"2020-01-15T10:39:44","modified_gmt":"2020-01-15T10:39:44","slug":"i-taller-de-mediacion","status":"publish","type":"tribe_events","link":"https:\/\/www.ull.es\/portal\/agenda\/evento\/i-taller-de-mediacion\/","title":{"rendered":"I Taller de Mediaci\u00f3n"},"content":{"rendered":"<p>En este taller nos introduciremos en el conocimiento de los antecedentes, la definici\u00f3n de la mediaci\u00f3n, sus principios y sus \u00e1mbitos, sociales y jur\u00eddicos, de aplicaci\u00f3n. Adem\u00e1s, veremos c\u00f3mo funciona una mediaci\u00f3n con sus procedimientos y t\u00e9cnicas.<\/p>\n<p>Dirigido a alumnado del Grado en Derecho y del Grado en Relaciones Laborales. Entrada libre hasta completar aforo.<\/p>\n<p>Imparte: Dr. Manuel Rosales \u00c1lamo. Director de la Unidad de Mediaci\u00f3n y Asesoramiento de Conflictos de la Universidad de La Laguna.<br \/>\nDirector del Centro de Estudios Universitarios de la Mediaci\u00f3n y la Convivencia de la Universidad de La Laguna. Secretario General de la Conferencia Universitaria para el Estudio de la Mediaci\u00f3n y el Conflicto.<\/p>\n","protected":false},"excerpt":{"rendered":"<p>En este taller nos introduciremos en el conocimiento de los antecedentes, la definici\u00f3n de la mediaci\u00f3n, sus principios y sus \u00e1mbitos, sociales y jur\u00eddicos, de aplicaci\u00f3n. Adem\u00e1s, veremos c\u00f3mo funciona una mediaci\u00f3n con sus procedimientos y t\u00e9cnicas. Dirigido a alumnado del Grado en Derecho y del Grado en Relaciones Laborales. Entrada libre hasta completar aforo&#8230;.<\/p>\n","protected":false},"author":65,"featured_media":15244,"comment_status":"closed","ping_status":"closed","template":"","tags":[3328,1634,130,80],"tribe_events_cat":[4,865,191],"acf":[],"yoast_head":"<!-- This site is optimized with the Yoast SEO plugin v21.3 - https:\/\/yoast.com\/wordpress\/plugins\/seo\/ -->\n<title>I Taller de Mediaci\u00f3n - ULL - Agenda<\/title>\n<meta name=\"robots\" content=\"index, follow, max-snippet:-1, max-image-preview:large, max-video-preview:-1\" \/>\n<link rel=\"canonical\" href=\"https:\/\/www.ull.es\/portal\/agenda\/evento\/i-taller-de-mediacion\/\" \/>\n<meta property=\"og:locale\" content=\"es_ES\" \/>\n<meta property=\"og:type\" content=\"article\" \/>\n<meta property=\"og:title\" content=\"I Taller de Mediaci\u00f3n - ULL - Agenda\" \/>\n<meta property=\"og:description\" content=\"En este taller nos introduciremos en el conocimiento de los antecedentes, la definici\u00f3n de la mediaci\u00f3n, sus principios y sus \u00e1mbitos, sociales y jur\u00eddicos, de aplicaci\u00f3n. Adem\u00e1s, veremos c\u00f3mo funciona una mediaci\u00f3n con sus procedimientos y t\u00e9cnicas. Dirigido a alumnado del Grado en Derecho y del Grado en Relaciones Laborales. Entrada libre hasta completar aforo....\" \/>\n<meta property=\"og:url\" content=\"https:\/\/www.ull.es\/portal\/agenda\/evento\/i-taller-de-mediacion\/\" \/>\n<meta property=\"og:site_name\" content=\"ULL - Agenda\" \/>\n<meta property=\"og:image\" content=\"https:\/\/www.ull.es\/portal\/agenda\/wp-content\/uploads\/sites\/12\/2020\/01\/Taller-de-mediaci\u00f3n-eventos.jpg\" \/>\n\t<meta property=\"og:image:width\" content=\"700\" \/>\n\t<meta property=\"og:image:height\" content=\"350\" \/>\n\t<meta property=\"og:image:type\" content=\"image\/jpeg\" \/>\n<meta name=\"twitter:card\" content=\"summary_large_image\" \/>\n<meta name=\"twitter:label1\" content=\"Tiempo de lectura\" \/>\n\t<meta name=\"twitter:data1\" content=\"1 minuto\" \/>\n<script type=\"application\/ld+json\" class=\"yoast-schema-graph\">{\"@context\":\"https:\/\/schema.org\",\"@graph\":[{\"@type\":\"WebPage\",\"@id\":\"https:\/\/www.ull.es\/portal\/agenda\/evento\/i-taller-de-mediacion\/\",\"url\":\"https:\/\/www.ull.es\/portal\/agenda\/evento\/i-taller-de-mediacion\/\",\"name\":\"I Taller de Mediaci\u00f3n - ULL - Agenda\",\"isPartOf\":{\"@id\":\"https:\/\/www.ull.es\/portal\/agenda\/#website\"},\"datePublished\":\"2020-01-15T10:39:44+00:00\",\"dateModified\":\"2020-01-15T10:39:44+00:00\",\"breadcrumb\":{\"@id\":\"https:\/\/www.ull.es\/portal\/agenda\/evento\/i-taller-de-mediacion\/#breadcrumb\"},\"inLanguage\":\"es\",\"potentialAction\":[{\"@type\":\"ReadAction\",\"target\":[\"https:\/\/www.ull.es\/portal\/agenda\/evento\/i-taller-de-mediacion\/\"]}]},{\"@type\":\"BreadcrumbList\",\"@id\":\"https:\/\/www.ull.es\/portal\/agenda\/evento\/i-taller-de-mediacion\/#breadcrumb\",\"itemListElement\":[{\"@type\":\"ListItem\",\"position\":1,\"name\":\"Portada\",\"item\":\"https:\/\/www.ull.es\/portal\/agenda\/\"},{\"@type\":\"ListItem\",\"position\":2,\"name\":\"I Taller de Mediaci\u00f3n\"}]},{\"@type\":\"WebSite\",\"@id\":\"https:\/\/www.ull.es\/portal\/agenda\/#website\",\"url\":\"https:\/\/www.ull.es\/portal\/agenda\/\",\"name\":\"ULL - Agenda\",\"description\":\"\",\"potentialAction\":[{\"@type\":\"SearchAction\",\"target\":{\"@type\":\"EntryPoint\",\"urlTemplate\":\"https:\/\/www.ull.es\/portal\/agenda\/?s={search_term_string}\"},\"query-input\":\"required name=search_term_string\"}],\"inLanguage\":\"es\"}]}<\/script>\n<!-- \/ Yoast SEO plugin. -->","yoast_head_json":{"title":"I Taller de Mediaci\u00f3n - ULL - Agenda","robots":{"index":"index","follow":"follow","max-snippet":"max-snippet:-1","max-image-preview":"max-image-preview:large","max-video-preview":"max-video-preview:-1"},"canonical":"https:\/\/www.ull.es\/portal\/agenda\/evento\/i-taller-de-mediacion\/","og_locale":"es_ES","og_type":"article","og_title":"I Taller de Mediaci\u00f3n - ULL - Agenda","og_description":"En este taller nos introduciremos en el conocimiento de los antecedentes, la definici\u00f3n de la mediaci\u00f3n, sus principios y sus \u00e1mbitos, sociales y jur\u00eddicos, de aplicaci\u00f3n. Adem\u00e1s, veremos c\u00f3mo funciona una mediaci\u00f3n con sus procedimientos y t\u00e9cnicas. Dirigido a alumnado del Grado en Derecho y del Grado en Relaciones Laborales. Entrada libre hasta completar aforo....","og_url":"https:\/\/www.ull.es\/portal\/agenda\/evento\/i-taller-de-mediacion\/","og_site_name":"ULL - Agenda","og_image":[{"width":700,"height":350,"url":"https:\/\/www.ull.es\/portal\/agenda\/wp-content\/uploads\/sites\/12\/2020\/01\/Taller-de-mediaci\u00f3n-eventos.jpg","type":"image\/jpeg"}],"twitter_card":"summary_large_image","twitter_misc":{"Tiempo de lectura":"1 minuto"},"schema":{"@context":"https:\/\/schema.org","@graph":[{"@type":"WebPage","@id":"https:\/\/www.ull.es\/portal\/agenda\/evento\/i-taller-de-mediacion\/","url":"https:\/\/www.ull.es\/portal\/agenda\/evento\/i-taller-de-mediacion\/","name":"I Taller de Mediaci\u00f3n - ULL - Agenda","isPartOf":{"@id":"https:\/\/www.ull.es\/portal\/agenda\/#website"},"datePublished":"2020-01-15T10:39:44+00:00","dateModified":"2020-01-15T10:39:44+00:00","breadcrumb":{"@id":"https:\/\/www.ull.es\/portal\/agenda\/evento\/i-taller-de-mediacion\/#breadcrumb"},"inLanguage":"es","potentialAction":[{"@type":"ReadAction","target":["https:\/\/www.ull.es\/portal\/agenda\/evento\/i-taller-de-mediacion\/"]}]},{"@type":"BreadcrumbList","@id":"https:\/\/www.ull.es\/portal\/agenda\/evento\/i-taller-de-mediacion\/#breadcrumb","itemListElement":[{"@type":"ListItem","position":1,"name":"Portada","item":"https:\/\/www.ull.es\/portal\/agenda\/"},{"@type":"ListItem","position":2,"name":"I Taller de Mediaci\u00f3n"}]},{"@type":"WebSite","@id":"https:\/\/www.ull.es\/portal\/agenda\/#website","url":"https:\/\/www.ull.es\/portal\/agenda\/","name":"ULL - Agenda","description":"","potentialAction":[{"@type":"SearchAction","target":{"@type":"EntryPoint","urlTemplate":"https:\/\/www.ull.es\/portal\/agenda\/?s={search_term_string}"},"query-input":"required name=search_term_string"}],"inLanguage":"es"}]}},"_links":{"self":[{"href":"https:\/\/www.ull.es\/portal\/agenda\/wp-json\/wp\/v2\/tribe_events\/15243"}],"collection":[{"href":"https:\/\/www.ull.es\/portal\/agenda\/wp-json\/wp\/v2\/tribe_events"}],"about":[{"href":"https:\/\/www.ull.es\/portal\/agenda\/wp-json\/wp\/v2\/types\/tribe_events"}],"author":[{"embeddable":true,"href":"https:\/\/www.ull.es\/portal\/agenda\/wp-json\/wp\/v2\/users\/65"}],"replies":[{"embeddable":true,"href":"https:\/\/www.ull.es\/portal\/agenda\/wp-json\/wp\/v2\/comments?post=15243"}],"version-history":[{"count":1,"href":"https:\/\/www.ull.es\/portal\/agenda\/wp-json\/wp\/v2\/tribe_events\/15243\/revisions"}],"predecessor-version":[{"id":15245,"href":"https:\/\/www.ull.es\/portal\/agenda\/wp-json\/wp\/v2\/tribe_events\/15243\/revisions\/15245"}],"wp:featuredmedia":[{"embeddable":true,"href":"https:\/\/www.ull.es\/portal\/agenda\/wp-json\/wp\/v2\/media\/15244"}],"wp:attachment":[{"href":"https:\/\/www.ull.es\/portal\/agenda\/wp-json\/wp\/v2\/media?parent=15243"}],"wp:term":[{"taxonomy":"post_tag","embeddable":true,"href":"https:\/\/www.ull.es\/portal\/agenda\/wp-json\/wp\/v2\/tags?post=15243"},{"taxonomy":"tribe_events_cat","embeddable":true,"href":"https:\/\/www.ull.es\/portal\/agenda\/wp-json\/wp\/v2\/tribe_events_cat?post=15243"}],"curies":[{"name":"wp","href":"https:\/\/api.w.org\/{rel}","templated":true}]}}

I Taller de Mediación

<p>En este taller nos introduciremos en el conocimiento de los antecedentes, la definición de la mediación, sus principios y sus ámbitos, sociales y jurídicos, de aplicación. Además, veremos cómo funciona una mediación con sus procedimientos y técnicas.</p>
<p>Dirigido a alumnado del Grado en Derecho y del Grado en Relaciones Laborales. Entrada libre hasta completar aforo.</p>
<p>Imparte: Dr. Manuel Rosales Álamo. Director de la Unidad de Mediación y Asesoramiento de Conflictos de la Universidad de La Laguna.<br />
Director del Centro de Estudios Universitarios de la Mediación y la Convivencia de la Universidad de La Laguna. Secretario General de la Conferencia Universitaria para el Estudio de la Mediación y el Conflicto.</p>

<p>En este taller nos introduciremos en el conocimiento de los antecedentes, la definición de la mediación, sus principios y sus ámbitos, sociales y jurídicos, de aplicación. Además, veremos cómo funciona una mediación con sus procedimientos y técnicas. Dirigido a alumnado del Grado en Derecho y del Grado en Relaciones Laborales. Entrada libre hasta completar aforo&#8230;.</p>

<!-- This site is optimized with the Yoast SEO plugin v21.3 - https://yoast.com/wordpress/plugins/seo/ -->
<title>I Taller de Mediación - ULL - Agenda</title>
<meta name="robots" content="index, follow, max-snippet:-1, max-image-preview:large, max-video-preview:-1" />
<link rel="canonical" href="https://www.ull.es/portal/agenda/evento/i-taller-de-mediacion/" />
<meta property="og:locale" content="es_ES" />
<meta property="og:type" content="article" />
<meta property="og:title" content="I Taller de Mediación - ULL - Agenda" />
<meta property="og:description" content="En este taller nos introduciremos en el conocimiento de los antecedentes, la definición de la mediación, sus principios y sus ámbitos, sociales y jurídicos, de aplicación. Además, veremos cómo funciona una mediación con sus procedimientos y técnicas. Dirigido a alumnado del Grado en Derecho y del Grado en Relaciones Laborales. Entrada libre hasta completar aforo...." />
<meta property="og:url" content="https://www.ull.es/portal/agenda/evento/i-taller-de-mediacion/" />
<meta property="og:site_name" content="ULL - Agenda" />
<meta property="og:image" content="https://www.ull.es/portal/agenda/wp-content/uploads/sites/12/2020/01/Taller-de-mediación-eventos.jpg" />
	<meta property="og:image:width" content="700" />
	<meta property="og:image:height" content="350" />
	<meta property="og:image:type" content="image/jpeg" />
<meta name="twitter:card" content="summary_large_image" />
<meta name="twitter:label1" content="Tiempo de lectura" />
	<meta name="twitter:data1" content="1 minuto" />
<script type="application/ld+json" class="yoast-schema-graph">{"@context":"https://schema.org","@graph":[{"@type":"WebPage","@id":"https://www.ull.es/portal/agenda/evento/i-taller-de-mediacion/","url":"https://www.ull.es/portal/agenda/evento/i-taller-de-mediacion/","name":"I Taller de Mediación - ULL - Agenda","isPartOf":{"@id":"https://www.ull.es/portal/agenda/#website"},"datePublished":"2020-01-15T10:39:44+00:00","dateModified":"2020-01-15T10:39:44+00:00","breadcrumb":{"@id":"https://www.ull.es/portal/agenda/evento/i-taller-de-mediacion/#breadcrumb"},"inLanguage":"es","potentialAction":[{"@type":"ReadAction","target":["https://www.ull.es/portal/agenda/evento/i-taller-de-mediacion/"]}]},{"@type":"BreadcrumbList","@id":"https://www.ull.es/portal/agenda/evento/i-taller-de-mediacion/#breadcrumb","itemListElement":[{"@type":"ListItem","position":1,"name":"Portada","item":"https://www.ull.es/portal/agenda/"},{"@type":"ListItem","position":2,"name":"I Taller de Mediación"}]},{"@type":"WebSite","@id":"https://www.ull.es/portal/agenda/#website","url":"https://www.ull.es/portal/agenda/","name":"ULL - Agenda","description":"","potentialAction":[{"@type":"SearchAction","target":{"@type":"EntryPoint","urlTemplate":"https://www.ull.es/portal/agenda/?s={search_term_string}"},"query-input":"required name=search_term_string"}],"inLanguage":"es"}]}</script>
<!-- / Yoast SEO plugin. -->

I Taller de Mediación - ULL - Agenda

En este taller nos introduciremos en el conocimiento de los antecedentes, la definición de la mediación, sus principios y sus ámbitos, sociales y jurídicos, de aplicación. Además, veremos cómo funciona una mediación con sus procedimientos y técnicas. Dirigido a alumnado del Grado en Derecho y del Grado en Relaciones Laborales. Entrada libre hasta completar aforo....

https://www.ull.es/portal/agenda/wp-content/uploads/sites/12/2020/01/Taller-de-mediación-eventos.jpg
