{"id":15579,"date":"2020-02-14T15:05:39","date_gmt":"2020-02-14T15:05:39","guid":{"rendered":"https:\/\/www.ull.es\/portal\/agenda\/?post_type=tribe_events&#038;p=15579"},"modified":"2020-02-14T15:05:39","modified_gmt":"2020-02-14T15:05:39","slug":"concierto-el-sonido-de-las-caracolas","status":"publish","type":"tribe_events","link":"https:\/\/www.ull.es\/portal\/agenda\/evento\/concierto-el-sonido-de-las-caracolas\/","title":{"rendered":"Concierto: &#8216;El sonido de las caracolas&#8217;"},"content":{"rendered":"<p>Un concierto ac\u00fastico. Un acto de sororidad, hermandad y entrega. Un reconocimiento de la energ\u00eda femenina como parte del todo integrado.<\/p>\n<p>El universo creativo de \u00abCaracoles\u00bb se presenta interpretado desde la perspectiva femenina de las integrantes de este proyecto tinerfe\u00f1o, cuyo mensaje habla de la diversidad, la alegr\u00eda, el arte del amor a la cotidiano, la armon\u00eda y cohesi\u00f3n social como<span class=\"gmail_default\">\u00a0<\/span>tejido vital.<\/p>\n<p>Un encuentro con el sonido de \u00abLas Caracolas\u00bb.<\/p>\n<p>Esta propuesta musical va dirigida a todas aquellas actividades que giren en torno a la tem\u00e1tica de \u201cla mujer\u201d. Es la aportaci\u00f3n art\u00edstica de Caracoles a una necesidad social actual. Esta propuesta se sostiene por todos los integrantes del proyecto musical origen,\u201cCaracoles\u201d, sensibles a la realidad que nos rodea.<\/p>\n<div><\/div>\n<div>Estudiantes: 8\u20ac<\/div>\n","protected":false},"excerpt":{"rendered":"<p>Un concierto ac\u00fastico. Un acto de sororidad, hermandad y entrega. Un reconocimiento de la energ\u00eda femenina como parte del todo integrado. El universo creativo de \u00abCaracoles\u00bb se presenta interpretado desde la perspectiva femenina de las integrantes de este proyecto tinerfe\u00f1o, cuyo mensaje habla de la diversidad, la alegr\u00eda, el arte del amor a la cotidiano,&#8230;<\/p>\n","protected":false},"author":65,"featured_media":15580,"comment_status":"closed","ping_status":"closed","template":"","tags":[],"tribe_events_cat":[4,343,191],"acf":[],"yoast_head":"<!-- This site is optimized with the Yoast SEO plugin v21.3 - https:\/\/yoast.com\/wordpress\/plugins\/seo\/ -->\n<title>Concierto: &#039;El sonido de las caracolas&#039; - ULL - Agenda<\/title>\n<meta name=\"robots\" content=\"index, follow, max-snippet:-1, max-image-preview:large, max-video-preview:-1\" \/>\n<link rel=\"canonical\" href=\"https:\/\/www.ull.es\/portal\/agenda\/evento\/concierto-el-sonido-de-las-caracolas\/\" \/>\n<meta property=\"og:locale\" content=\"es_ES\" \/>\n<meta property=\"og:type\" content=\"article\" \/>\n<meta property=\"og:title\" content=\"Concierto: &#039;El sonido de las caracolas&#039; - ULL - Agenda\" \/>\n<meta property=\"og:description\" content=\"Un concierto ac\u00fastico. Un acto de sororidad, hermandad y entrega. Un reconocimiento de la energ\u00eda femenina como parte del todo integrado. El universo creativo de \u00abCaracoles\u00bb se presenta interpretado desde la perspectiva femenina de las integrantes de este proyecto tinerfe\u00f1o, cuyo mensaje habla de la diversidad, la alegr\u00eda, el arte del amor a la cotidiano,...\" \/>\n<meta property=\"og:url\" content=\"https:\/\/www.ull.es\/portal\/agenda\/evento\/concierto-el-sonido-de-las-caracolas\/\" \/>\n<meta property=\"og:site_name\" content=\"ULL - Agenda\" \/>\n<meta property=\"og:image\" content=\"https:\/\/www.ull.es\/portal\/agenda\/wp-content\/uploads\/sites\/12\/2020\/02\/el-sonido-de-las-caracolas-eventos.jpg\" \/>\n\t<meta property=\"og:image:width\" content=\"700\" \/>\n\t<meta property=\"og:image:height\" content=\"350\" \/>\n\t<meta property=\"og:image:type\" content=\"image\/jpeg\" \/>\n<meta name=\"twitter:card\" content=\"summary_large_image\" \/>\n<meta name=\"twitter:label1\" content=\"Tiempo de lectura\" \/>\n\t<meta name=\"twitter:data1\" content=\"1 minuto\" \/>\n<script type=\"application\/ld+json\" class=\"yoast-schema-graph\">{\"@context\":\"https:\/\/schema.org\",\"@graph\":[{\"@type\":\"WebPage\",\"@id\":\"https:\/\/www.ull.es\/portal\/agenda\/evento\/concierto-el-sonido-de-las-caracolas\/\",\"url\":\"https:\/\/www.ull.es\/portal\/agenda\/evento\/concierto-el-sonido-de-las-caracolas\/\",\"name\":\"Concierto: 'El sonido de las caracolas' - ULL - Agenda\",\"isPartOf\":{\"@id\":\"https:\/\/www.ull.es\/portal\/agenda\/#website\"},\"datePublished\":\"2020-02-14T15:05:39+00:00\",\"dateModified\":\"2020-02-14T15:05:39+00:00\",\"breadcrumb\":{\"@id\":\"https:\/\/www.ull.es\/portal\/agenda\/evento\/concierto-el-sonido-de-las-caracolas\/#breadcrumb\"},\"inLanguage\":\"es\",\"potentialAction\":[{\"@type\":\"ReadAction\",\"target\":[\"https:\/\/www.ull.es\/portal\/agenda\/evento\/concierto-el-sonido-de-las-caracolas\/\"]}]},{\"@type\":\"BreadcrumbList\",\"@id\":\"https:\/\/www.ull.es\/portal\/agenda\/evento\/concierto-el-sonido-de-las-caracolas\/#breadcrumb\",\"itemListElement\":[{\"@type\":\"ListItem\",\"position\":1,\"name\":\"Portada\",\"item\":\"https:\/\/www.ull.es\/portal\/agenda\/\"},{\"@type\":\"ListItem\",\"position\":2,\"name\":\"Concierto: &#8216;El sonido de las caracolas&#8217;\"}]},{\"@type\":\"WebSite\",\"@id\":\"https:\/\/www.ull.es\/portal\/agenda\/#website\",\"url\":\"https:\/\/www.ull.es\/portal\/agenda\/\",\"name\":\"ULL - Agenda\",\"description\":\"\",\"potentialAction\":[{\"@type\":\"SearchAction\",\"target\":{\"@type\":\"EntryPoint\",\"urlTemplate\":\"https:\/\/www.ull.es\/portal\/agenda\/?s={search_term_string}\"},\"query-input\":\"required name=search_term_string\"}],\"inLanguage\":\"es\"}]}<\/script>\n<!-- \/ Yoast SEO plugin. -->","yoast_head_json":{"title":"Concierto: 'El sonido de las caracolas' - ULL - Agenda","robots":{"index":"index","follow":"follow","max-snippet":"max-snippet:-1","max-image-preview":"max-image-preview:large","max-video-preview":"max-video-preview:-1"},"canonical":"https:\/\/www.ull.es\/portal\/agenda\/evento\/concierto-el-sonido-de-las-caracolas\/","og_locale":"es_ES","og_type":"article","og_title":"Concierto: 'El sonido de las caracolas' - ULL - Agenda","og_description":"Un concierto ac\u00fastico. Un acto de sororidad, hermandad y entrega. Un reconocimiento de la energ\u00eda femenina como parte del todo integrado. El universo creativo de \u00abCaracoles\u00bb se presenta interpretado desde la perspectiva femenina de las integrantes de este proyecto tinerfe\u00f1o, cuyo mensaje habla de la diversidad, la alegr\u00eda, el arte del amor a la cotidiano,...","og_url":"https:\/\/www.ull.es\/portal\/agenda\/evento\/concierto-el-sonido-de-las-caracolas\/","og_site_name":"ULL - Agenda","og_image":[{"width":700,"height":350,"url":"https:\/\/www.ull.es\/portal\/agenda\/wp-content\/uploads\/sites\/12\/2020\/02\/el-sonido-de-las-caracolas-eventos.jpg","type":"image\/jpeg"}],"twitter_card":"summary_large_image","twitter_misc":{"Tiempo de lectura":"1 minuto"},"schema":{"@context":"https:\/\/schema.org","@graph":[{"@type":"WebPage","@id":"https:\/\/www.ull.es\/portal\/agenda\/evento\/concierto-el-sonido-de-las-caracolas\/","url":"https:\/\/www.ull.es\/portal\/agenda\/evento\/concierto-el-sonido-de-las-caracolas\/","name":"Concierto: 'El sonido de las caracolas' - ULL - Agenda","isPartOf":{"@id":"https:\/\/www.ull.es\/portal\/agenda\/#website"},"datePublished":"2020-02-14T15:05:39+00:00","dateModified":"2020-02-14T15:05:39+00:00","breadcrumb":{"@id":"https:\/\/www.ull.es\/portal\/agenda\/evento\/concierto-el-sonido-de-las-caracolas\/#breadcrumb"},"inLanguage":"es","potentialAction":[{"@type":"ReadAction","target":["https:\/\/www.ull.es\/portal\/agenda\/evento\/concierto-el-sonido-de-las-caracolas\/"]}]},{"@type":"BreadcrumbList","@id":"https:\/\/www.ull.es\/portal\/agenda\/evento\/concierto-el-sonido-de-las-caracolas\/#breadcrumb","itemListElement":[{"@type":"ListItem","position":1,"name":"Portada","item":"https:\/\/www.ull.es\/portal\/agenda\/"},{"@type":"ListItem","position":2,"name":"Concierto: &#8216;El sonido de las caracolas&#8217;"}]},{"@type":"WebSite","@id":"https:\/\/www.ull.es\/portal\/agenda\/#website","url":"https:\/\/www.ull.es\/portal\/agenda\/","name":"ULL - Agenda","description":"","potentialAction":[{"@type":"SearchAction","target":{"@type":"EntryPoint","urlTemplate":"https:\/\/www.ull.es\/portal\/agenda\/?s={search_term_string}"},"query-input":"required name=search_term_string"}],"inLanguage":"es"}]}},"_links":{"self":[{"href":"https:\/\/www.ull.es\/portal\/agenda\/wp-json\/wp\/v2\/tribe_events\/15579"}],"collection":[{"href":"https:\/\/www.ull.es\/portal\/agenda\/wp-json\/wp\/v2\/tribe_events"}],"about":[{"href":"https:\/\/www.ull.es\/portal\/agenda\/wp-json\/wp\/v2\/types\/tribe_events"}],"author":[{"embeddable":true,"href":"https:\/\/www.ull.es\/portal\/agenda\/wp-json\/wp\/v2\/users\/65"}],"replies":[{"embeddable":true,"href":"https:\/\/www.ull.es\/portal\/agenda\/wp-json\/wp\/v2\/comments?post=15579"}],"version-history":[{"count":1,"href":"https:\/\/www.ull.es\/portal\/agenda\/wp-json\/wp\/v2\/tribe_events\/15579\/revisions"}],"predecessor-version":[{"id":15581,"href":"https:\/\/www.ull.es\/portal\/agenda\/wp-json\/wp\/v2\/tribe_events\/15579\/revisions\/15581"}],"wp:featuredmedia":[{"embeddable":true,"href":"https:\/\/www.ull.es\/portal\/agenda\/wp-json\/wp\/v2\/media\/15580"}],"wp:attachment":[{"href":"https:\/\/www.ull.es\/portal\/agenda\/wp-json\/wp\/v2\/media?parent=15579"}],"wp:term":[{"taxonomy":"post_tag","embeddable":true,"href":"https:\/\/www.ull.es\/portal\/agenda\/wp-json\/wp\/v2\/tags?post=15579"},{"taxonomy":"tribe_events_cat","embeddable":true,"href":"https:\/\/www.ull.es\/portal\/agenda\/wp-json\/wp\/v2\/tribe_events_cat?post=15579"}],"curies":[{"name":"wp","href":"https:\/\/api.w.org\/{rel}","templated":true}]}}

<p>Un concierto acústico. Un acto de sororidad, hermandad y entrega. Un reconocimiento de la energía femenina como parte del todo integrado.</p>
<p>El universo creativo de «Caracoles» se presenta interpretado desde la perspectiva femenina de las integrantes de este proyecto tinerfeño, cuyo mensaje habla de la diversidad, la alegría, el arte del amor a la cotidiano, la armonía y cohesión social como<span class="gmail_default"> </span>tejido vital.</p>
<p>Un encuentro con el sonido de «Las Caracolas».</p>
<p>Esta propuesta musical va dirigida a todas aquellas actividades que giren en torno a la temática de “la mujer”. Es la aportación artística de Caracoles a una necesidad social actual. Esta propuesta se sostiene por todos los integrantes del proyecto musical origen,“Caracoles”, sensibles a la realidad que nos rodea.</p>
<div></div>
<div>Estudiantes: 8€</div>

<p>Un concierto acústico. Un acto de sororidad, hermandad y entrega. Un reconocimiento de la energía femenina como parte del todo integrado. El universo creativo de «Caracoles» se presenta interpretado desde la perspectiva femenina de las integrantes de este proyecto tinerfeño, cuyo mensaje habla de la diversidad, la alegría, el arte del amor a la cotidiano,&#8230;</p>

<!-- This site is optimized with the Yoast SEO plugin v21.3 - https://yoast.com/wordpress/plugins/seo/ -->
<title>Concierto: &#039;El sonido de las caracolas&#039; - ULL - Agenda</title>
<meta name="robots" content="index, follow, max-snippet:-1, max-image-preview:large, max-video-preview:-1" />
<link rel="canonical" href="https://www.ull.es/portal/agenda/evento/concierto-el-sonido-de-las-caracolas/" />
<meta property="og:locale" content="es_ES" />
<meta property="og:type" content="article" />
<meta property="og:title" content="Concierto: &#039;El sonido de las caracolas&#039; - ULL - Agenda" />
<meta property="og:description" content="Un concierto acústico. Un acto de sororidad, hermandad y entrega. Un reconocimiento de la energía femenina como parte del todo integrado. El universo creativo de «Caracoles» se presenta interpretado desde la perspectiva femenina de las integrantes de este proyecto tinerfeño, cuyo mensaje habla de la diversidad, la alegría, el arte del amor a la cotidiano,..." />
<meta property="og:url" content="https://www.ull.es/portal/agenda/evento/concierto-el-sonido-de-las-caracolas/" />
<meta property="og:site_name" content="ULL - Agenda" />
<meta property="og:image" content="https://www.ull.es/portal/agenda/wp-content/uploads/sites/12/2020/02/el-sonido-de-las-caracolas-eventos.jpg" />
	<meta property="og:image:width" content="700" />
	<meta property="og:image:height" content="350" />
	<meta property="og:image:type" content="image/jpeg" />
<meta name="twitter:card" content="summary_large_image" />
<meta name="twitter:label1" content="Tiempo de lectura" />
	<meta name="twitter:data1" content="1 minuto" />
<script type="application/ld+json" class="yoast-schema-graph">{"@context":"https://schema.org","@graph":[{"@type":"WebPage","@id":"https://www.ull.es/portal/agenda/evento/concierto-el-sonido-de-las-caracolas/","url":"https://www.ull.es/portal/agenda/evento/concierto-el-sonido-de-las-caracolas/","name":"Concierto: 'El sonido de las caracolas' - ULL - Agenda","isPartOf":{"@id":"https://www.ull.es/portal/agenda/#website"},"datePublished":"2020-02-14T15:05:39+00:00","dateModified":"2020-02-14T15:05:39+00:00","breadcrumb":{"@id":"https://www.ull.es/portal/agenda/evento/concierto-el-sonido-de-las-caracolas/#breadcrumb"},"inLanguage":"es","potentialAction":[{"@type":"ReadAction","target":["https://www.ull.es/portal/agenda/evento/concierto-el-sonido-de-las-caracolas/"]}]},{"@type":"BreadcrumbList","@id":"https://www.ull.es/portal/agenda/evento/concierto-el-sonido-de-las-caracolas/#breadcrumb","itemListElement":[{"@type":"ListItem","position":1,"name":"Portada","item":"https://www.ull.es/portal/agenda/"},{"@type":"ListItem","position":2,"name":"Concierto: &#8216;El sonido de las caracolas&#8217;"}]},{"@type":"WebSite","@id":"https://www.ull.es/portal/agenda/#website","url":"https://www.ull.es/portal/agenda/","name":"ULL - Agenda","description":"","potentialAction":[{"@type":"SearchAction","target":{"@type":"EntryPoint","urlTemplate":"https://www.ull.es/portal/agenda/?s={search_term_string}"},"query-input":"required name=search_term_string"}],"inLanguage":"es"}]}</script>
<!-- / Yoast SEO plugin. -->

Un concierto acústico. Un acto de sororidad, hermandad y entrega. Un reconocimiento de la energía femenina como parte del todo integrado. El universo creativo de «Caracoles» se presenta interpretado desde la perspectiva femenina de las integrantes de este proyecto tinerfeño, cuyo mensaje habla de la diversidad, la alegría, el arte del amor a la cotidiano,...
