{"id":17320,"date":"2020-10-13T14:11:18","date_gmt":"2020-10-13T14:11:18","guid":{"rendered":"https:\/\/www.ull.es\/portal\/agenda\/?post_type=tribe_events&#038;p=17320"},"modified":"2020-10-14T07:58:27","modified_gmt":"2020-10-14T07:58:27","slug":"seminario-covid-y-tecnologia-en-clave-de-genero","status":"publish","type":"tribe_events","link":"https:\/\/www.ull.es\/portal\/agenda\/evento\/seminario-covid-y-tecnologia-en-clave-de-genero\/","title":{"rendered":"Seminario Covid y tecnolog\u00eda en clave de g\u00e9nero"},"content":{"rendered":"<p><span style=\"font-weight: 400;\">El seminario est\u00e1 dirigido a mujeres de asociaciones, tecn\u00f3logas, empresarias, personal universitario y de la administraci\u00f3n, y p\u00fablico en general. Se analizar\u00e1n las consecuencias de la pandemia y c\u00f3mo impacta de forma diferente en la vida de mujeres y hombres, y, el potencial que tienen las tecnolog\u00edas y c\u00f3mo pueden ayudar a aminorar los efectos de esta crisis mundial, o, al contrario, contribuir a aumentar las brechas de g\u00e9nero existentes, a partir del an\u00e1lisis de cuatro dimensiones: teletrabajo y cuidados; educaci\u00f3n; inteligencia artificial y redes de solidaridad.<\/span><\/p>\n<p><span style=\"font-weight: 400;\">Se puede consultar el programa en esta <a href=\"https:\/\/www.inmujer.gob.es\/areasTematicas\/SocInfo\/SeminariosEncuentros\/SeminarioCovidTecnoClavGenero.htm\" target=\"_blank\" rel=\"noopener noreferrer\" target=\"_blank\" rel=\"noopener\">p\u00e1gina web.<\/a><\/span><\/p>\n<p>Se retransmitir\u00e1 <span style=\"font-weight: 400;\">en directo a trav\u00e9s del canal de YouTube Inmujer<\/span><\/p>\n","protected":false},"excerpt":{"rendered":"<p>El seminario est\u00e1 dirigido a mujeres de asociaciones, tecn\u00f3logas, empresarias, personal universitario y de la administraci\u00f3n, y p\u00fablico en general. Se analizar\u00e1n las consecuencias de la pandemia y c\u00f3mo impacta de forma diferente en la vida de mujeres y hombres, y, el potencial que tienen las tecnolog\u00edas y c\u00f3mo pueden ayudar a aminorar los efectos&#8230;<\/p>\n","protected":false},"author":65,"featured_media":17327,"comment_status":"closed","ping_status":"closed","template":"","tags":[],"tribe_events_cat":[2125],"acf":[],"yoast_head":"<!-- This site is optimized with the Yoast SEO plugin v21.3 - https:\/\/yoast.com\/wordpress\/plugins\/seo\/ -->\n<title>Seminario Covid y tecnolog\u00eda en clave de g\u00e9nero - ULL - Agenda<\/title>\n<meta name=\"robots\" content=\"index, follow, max-snippet:-1, max-image-preview:large, max-video-preview:-1\" \/>\n<link rel=\"canonical\" href=\"https:\/\/www.ull.es\/portal\/agenda\/evento\/seminario-covid-y-tecnologia-en-clave-de-genero\/\" \/>\n<meta property=\"og:locale\" content=\"es_ES\" \/>\n<meta property=\"og:type\" content=\"article\" \/>\n<meta property=\"og:title\" content=\"Seminario Covid y tecnolog\u00eda en clave de g\u00e9nero - ULL - Agenda\" \/>\n<meta property=\"og:description\" content=\"El seminario est\u00e1 dirigido a mujeres de asociaciones, tecn\u00f3logas, empresarias, personal universitario y de la administraci\u00f3n, y p\u00fablico en general. Se analizar\u00e1n las consecuencias de la pandemia y c\u00f3mo impacta de forma diferente en la vida de mujeres y hombres, y, el potencial que tienen las tecnolog\u00edas y c\u00f3mo pueden ayudar a aminorar los efectos...\" \/>\n<meta property=\"og:url\" content=\"https:\/\/www.ull.es\/portal\/agenda\/evento\/seminario-covid-y-tecnologia-en-clave-de-genero\/\" \/>\n<meta property=\"og:site_name\" content=\"ULL - Agenda\" \/>\n<meta property=\"article:modified_time\" content=\"2020-10-14T07:58:27+00:00\" \/>\n<meta property=\"og:image\" content=\"https:\/\/www.ull.es\/portal\/agenda\/wp-content\/uploads\/sites\/12\/2020\/10\/Seminario-Covid-y-Tecnologia-en-clave-de-Genero-2020-1.jpg\" \/>\n\t<meta property=\"og:image:width\" content=\"700\" \/>\n\t<meta property=\"og:image:height\" content=\"350\" \/>\n\t<meta property=\"og:image:type\" content=\"image\/jpeg\" \/>\n<meta name=\"twitter:card\" content=\"summary_large_image\" \/>\n<meta name=\"twitter:label1\" content=\"Tiempo de lectura\" \/>\n\t<meta name=\"twitter:data1\" content=\"1 minuto\" \/>\n<script type=\"application\/ld+json\" class=\"yoast-schema-graph\">{\"@context\":\"https:\/\/schema.org\",\"@graph\":[{\"@type\":\"WebPage\",\"@id\":\"https:\/\/www.ull.es\/portal\/agenda\/evento\/seminario-covid-y-tecnologia-en-clave-de-genero\/\",\"url\":\"https:\/\/www.ull.es\/portal\/agenda\/evento\/seminario-covid-y-tecnologia-en-clave-de-genero\/\",\"name\":\"Seminario Covid y tecnolog\u00eda en clave de g\u00e9nero - ULL - Agenda\",\"isPartOf\":{\"@id\":\"https:\/\/www.ull.es\/portal\/agenda\/#website\"},\"datePublished\":\"2020-10-13T14:11:18+00:00\",\"dateModified\":\"2020-10-14T07:58:27+00:00\",\"breadcrumb\":{\"@id\":\"https:\/\/www.ull.es\/portal\/agenda\/evento\/seminario-covid-y-tecnologia-en-clave-de-genero\/#breadcrumb\"},\"inLanguage\":\"es\",\"potentialAction\":[{\"@type\":\"ReadAction\",\"target\":[\"https:\/\/www.ull.es\/portal\/agenda\/evento\/seminario-covid-y-tecnologia-en-clave-de-genero\/\"]}]},{\"@type\":\"BreadcrumbList\",\"@id\":\"https:\/\/www.ull.es\/portal\/agenda\/evento\/seminario-covid-y-tecnologia-en-clave-de-genero\/#breadcrumb\",\"itemListElement\":[{\"@type\":\"ListItem\",\"position\":1,\"name\":\"Portada\",\"item\":\"https:\/\/www.ull.es\/portal\/agenda\/\"},{\"@type\":\"ListItem\",\"position\":2,\"name\":\"Seminario Covid y tecnolog\u00eda en clave de g\u00e9nero\"}]},{\"@type\":\"WebSite\",\"@id\":\"https:\/\/www.ull.es\/portal\/agenda\/#website\",\"url\":\"https:\/\/www.ull.es\/portal\/agenda\/\",\"name\":\"ULL - Agenda\",\"description\":\"\",\"potentialAction\":[{\"@type\":\"SearchAction\",\"target\":{\"@type\":\"EntryPoint\",\"urlTemplate\":\"https:\/\/www.ull.es\/portal\/agenda\/?s={search_term_string}\"},\"query-input\":\"required name=search_term_string\"}],\"inLanguage\":\"es\"}]}<\/script>\n<!-- \/ Yoast SEO plugin. -->","yoast_head_json":{"title":"Seminario Covid y tecnolog\u00eda en clave de g\u00e9nero - ULL - Agenda","robots":{"index":"index","follow":"follow","max-snippet":"max-snippet:-1","max-image-preview":"max-image-preview:large","max-video-preview":"max-video-preview:-1"},"canonical":"https:\/\/www.ull.es\/portal\/agenda\/evento\/seminario-covid-y-tecnologia-en-clave-de-genero\/","og_locale":"es_ES","og_type":"article","og_title":"Seminario Covid y tecnolog\u00eda en clave de g\u00e9nero - ULL - Agenda","og_description":"El seminario est\u00e1 dirigido a mujeres de asociaciones, tecn\u00f3logas, empresarias, personal universitario y de la administraci\u00f3n, y p\u00fablico en general. Se analizar\u00e1n las consecuencias de la pandemia y c\u00f3mo impacta de forma diferente en la vida de mujeres y hombres, y, el potencial que tienen las tecnolog\u00edas y c\u00f3mo pueden ayudar a aminorar los efectos...","og_url":"https:\/\/www.ull.es\/portal\/agenda\/evento\/seminario-covid-y-tecnologia-en-clave-de-genero\/","og_site_name":"ULL - Agenda","article_modified_time":"2020-10-14T07:58:27+00:00","og_image":[{"width":700,"height":350,"url":"https:\/\/www.ull.es\/portal\/agenda\/wp-content\/uploads\/sites\/12\/2020\/10\/Seminario-Covid-y-Tecnologia-en-clave-de-Genero-2020-1.jpg","type":"image\/jpeg"}],"twitter_card":"summary_large_image","twitter_misc":{"Tiempo de lectura":"1 minuto"},"schema":{"@context":"https:\/\/schema.org","@graph":[{"@type":"WebPage","@id":"https:\/\/www.ull.es\/portal\/agenda\/evento\/seminario-covid-y-tecnologia-en-clave-de-genero\/","url":"https:\/\/www.ull.es\/portal\/agenda\/evento\/seminario-covid-y-tecnologia-en-clave-de-genero\/","name":"Seminario Covid y tecnolog\u00eda en clave de g\u00e9nero - ULL - Agenda","isPartOf":{"@id":"https:\/\/www.ull.es\/portal\/agenda\/#website"},"datePublished":"2020-10-13T14:11:18+00:00","dateModified":"2020-10-14T07:58:27+00:00","breadcrumb":{"@id":"https:\/\/www.ull.es\/portal\/agenda\/evento\/seminario-covid-y-tecnologia-en-clave-de-genero\/#breadcrumb"},"inLanguage":"es","potentialAction":[{"@type":"ReadAction","target":["https:\/\/www.ull.es\/portal\/agenda\/evento\/seminario-covid-y-tecnologia-en-clave-de-genero\/"]}]},{"@type":"BreadcrumbList","@id":"https:\/\/www.ull.es\/portal\/agenda\/evento\/seminario-covid-y-tecnologia-en-clave-de-genero\/#breadcrumb","itemListElement":[{"@type":"ListItem","position":1,"name":"Portada","item":"https:\/\/www.ull.es\/portal\/agenda\/"},{"@type":"ListItem","position":2,"name":"Seminario Covid y tecnolog\u00eda en clave de g\u00e9nero"}]},{"@type":"WebSite","@id":"https:\/\/www.ull.es\/portal\/agenda\/#website","url":"https:\/\/www.ull.es\/portal\/agenda\/","name":"ULL - Agenda","description":"","potentialAction":[{"@type":"SearchAction","target":{"@type":"EntryPoint","urlTemplate":"https:\/\/www.ull.es\/portal\/agenda\/?s={search_term_string}"},"query-input":"required name=search_term_string"}],"inLanguage":"es"}]}},"_links":{"self":[{"href":"https:\/\/www.ull.es\/portal\/agenda\/wp-json\/wp\/v2\/tribe_events\/17320"}],"collection":[{"href":"https:\/\/www.ull.es\/portal\/agenda\/wp-json\/wp\/v2\/tribe_events"}],"about":[{"href":"https:\/\/www.ull.es\/portal\/agenda\/wp-json\/wp\/v2\/types\/tribe_events"}],"author":[{"embeddable":true,"href":"https:\/\/www.ull.es\/portal\/agenda\/wp-json\/wp\/v2\/users\/65"}],"replies":[{"embeddable":true,"href":"https:\/\/www.ull.es\/portal\/agenda\/wp-json\/wp\/v2\/comments?post=17320"}],"version-history":[{"count":1,"href":"https:\/\/www.ull.es\/portal\/agenda\/wp-json\/wp\/v2\/tribe_events\/17320\/revisions"}],"predecessor-version":[{"id":17322,"href":"https:\/\/www.ull.es\/portal\/agenda\/wp-json\/wp\/v2\/tribe_events\/17320\/revisions\/17322"}],"wp:featuredmedia":[{"embeddable":true,"href":"https:\/\/www.ull.es\/portal\/agenda\/wp-json\/wp\/v2\/media\/17327"}],"wp:attachment":[{"href":"https:\/\/www.ull.es\/portal\/agenda\/wp-json\/wp\/v2\/media?parent=17320"}],"wp:term":[{"taxonomy":"post_tag","embeddable":true,"href":"https:\/\/www.ull.es\/portal\/agenda\/wp-json\/wp\/v2\/tags?post=17320"},{"taxonomy":"tribe_events_cat","embeddable":true,"href":"https:\/\/www.ull.es\/portal\/agenda\/wp-json\/wp\/v2\/tribe_events_cat?post=17320"}],"curies":[{"name":"wp","href":"https:\/\/api.w.org\/{rel}","templated":true}]}}

Seminario Covid y tecnología en clave de género

<p><span style="font-weight: 400;">El seminario está dirigido a mujeres de asociaciones, tecnólogas, empresarias, personal universitario y de la administración, y público en general. Se analizarán las consecuencias de la pandemia y cómo impacta de forma diferente en la vida de mujeres y hombres, y, el potencial que tienen las tecnologías y cómo pueden ayudar a aminorar los efectos de esta crisis mundial, o, al contrario, contribuir a aumentar las brechas de género existentes, a partir del análisis de cuatro dimensiones: teletrabajo y cuidados; educación; inteligencia artificial y redes de solidaridad.</span></p>
<p><span style="font-weight: 400;">Se puede consultar el programa en esta <a href="https://www.inmujer.gob.es/areasTematicas/SocInfo/SeminariosEncuentros/SeminarioCovidTecnoClavGenero.htm" target="_blank" rel="noopener noreferrer" target="_blank" rel="noopener">página web.</a></span></p>
<p>Se retransmitirá <span style="font-weight: 400;">en directo a través del canal de YouTube Inmujer</span></p>

<p>El seminario está dirigido a mujeres de asociaciones, tecnólogas, empresarias, personal universitario y de la administración, y público en general. Se analizarán las consecuencias de la pandemia y cómo impacta de forma diferente en la vida de mujeres y hombres, y, el potencial que tienen las tecnologías y cómo pueden ayudar a aminorar los efectos&#8230;</p>

<!-- This site is optimized with the Yoast SEO plugin v21.3 - https://yoast.com/wordpress/plugins/seo/ -->
<title>Seminario Covid y tecnología en clave de género - ULL - Agenda</title>
<meta name="robots" content="index, follow, max-snippet:-1, max-image-preview:large, max-video-preview:-1" />
<link rel="canonical" href="https://www.ull.es/portal/agenda/evento/seminario-covid-y-tecnologia-en-clave-de-genero/" />
<meta property="og:locale" content="es_ES" />
<meta property="og:type" content="article" />
<meta property="og:title" content="Seminario Covid y tecnología en clave de género - ULL - Agenda" />
<meta property="og:description" content="El seminario está dirigido a mujeres de asociaciones, tecnólogas, empresarias, personal universitario y de la administración, y público en general. Se analizarán las consecuencias de la pandemia y cómo impacta de forma diferente en la vida de mujeres y hombres, y, el potencial que tienen las tecnologías y cómo pueden ayudar a aminorar los efectos..." />
<meta property="og:url" content="https://www.ull.es/portal/agenda/evento/seminario-covid-y-tecnologia-en-clave-de-genero/" />
<meta property="og:site_name" content="ULL - Agenda" />
<meta property="article:modified_time" content="2020-10-14T07:58:27+00:00" />
<meta property="og:image" content="https://www.ull.es/portal/agenda/wp-content/uploads/sites/12/2020/10/Seminario-Covid-y-Tecnologia-en-clave-de-Genero-2020-1.jpg" />
	<meta property="og:image:width" content="700" />
	<meta property="og:image:height" content="350" />
	<meta property="og:image:type" content="image/jpeg" />
<meta name="twitter:card" content="summary_large_image" />
<meta name="twitter:label1" content="Tiempo de lectura" />
	<meta name="twitter:data1" content="1 minuto" />
<script type="application/ld+json" class="yoast-schema-graph">{"@context":"https://schema.org","@graph":[{"@type":"WebPage","@id":"https://www.ull.es/portal/agenda/evento/seminario-covid-y-tecnologia-en-clave-de-genero/","url":"https://www.ull.es/portal/agenda/evento/seminario-covid-y-tecnologia-en-clave-de-genero/","name":"Seminario Covid y tecnología en clave de género - ULL - Agenda","isPartOf":{"@id":"https://www.ull.es/portal/agenda/#website"},"datePublished":"2020-10-13T14:11:18+00:00","dateModified":"2020-10-14T07:58:27+00:00","breadcrumb":{"@id":"https://www.ull.es/portal/agenda/evento/seminario-covid-y-tecnologia-en-clave-de-genero/#breadcrumb"},"inLanguage":"es","potentialAction":[{"@type":"ReadAction","target":["https://www.ull.es/portal/agenda/evento/seminario-covid-y-tecnologia-en-clave-de-genero/"]}]},{"@type":"BreadcrumbList","@id":"https://www.ull.es/portal/agenda/evento/seminario-covid-y-tecnologia-en-clave-de-genero/#breadcrumb","itemListElement":[{"@type":"ListItem","position":1,"name":"Portada","item":"https://www.ull.es/portal/agenda/"},{"@type":"ListItem","position":2,"name":"Seminario Covid y tecnología en clave de género"}]},{"@type":"WebSite","@id":"https://www.ull.es/portal/agenda/#website","url":"https://www.ull.es/portal/agenda/","name":"ULL - Agenda","description":"","potentialAction":[{"@type":"SearchAction","target":{"@type":"EntryPoint","urlTemplate":"https://www.ull.es/portal/agenda/?s={search_term_string}"},"query-input":"required name=search_term_string"}],"inLanguage":"es"}]}</script>
<!-- / Yoast SEO plugin. -->

Seminario Covid y tecnología en clave de género - ULL - Agenda

El seminario está dirigido a mujeres de asociaciones, tecnólogas, empresarias, personal universitario y de la administración, y público en general. Se analizarán las consecuencias de la pandemia y cómo impacta de forma diferente en la vida de mujeres y hombres, y, el potencial que tienen las tecnologías y cómo pueden ayudar a aminorar los efectos...
