{"id":17735,"date":"2020-11-12T12:21:20","date_gmt":"2020-11-12T12:21:20","guid":{"rendered":"https:\/\/www.ull.es\/portal\/agenda\/?post_type=tribe_events&#038;p=17735"},"modified":"2020-11-12T12:21:20","modified_gmt":"2020-11-12T12:21:20","slug":"seminario-cesco-37-la-cooperativa-de-trabajo-asociado-el-gran-desconocido-en-los-planes-de-estudio-de-derecho-y-de-relaciones-laborales","status":"publish","type":"tribe_events","link":"https:\/\/www.ull.es\/portal\/agenda\/evento\/seminario-cesco-37-la-cooperativa-de-trabajo-asociado-el-gran-desconocido-en-los-planes-de-estudio-de-derecho-y-de-relaciones-laborales\/","title":{"rendered":"Seminario CESCO 37 \u201cLa cooperativa de trabajo asociado: el gran desconocido en los planes de estudio de Derecho y de Relaciones Laborales\u201d"},"content":{"rendered":"<p>Actividad de Extensi\u00f3n Universitaria organizada por la C\u00e1tedra Cajasiete de Econom\u00eda Social y Cooperativa dentro del marco de\u00a0<a href=\"https:\/\/www.ull.es\/portal\/cursosextension\/cursos-de-catedras-institucionales-y-de-empresa\/seminarios-intercatedras-2020-2021\/\" target=\"_blank\" rel=\"noopener noreferrer\" target=\"_blank\" rel=\"noopener\">\u00abSeminarios Interc\u00e1tedras 2020\/2021\u00bb<\/a>.<\/p>\n<p>Las cooperativas de trabajo asociado representan un aut\u00e9ntico modelo de empresa alternativa, que obtiene lucro sin merma de la dignidad (real) a la que todo trabajador tiene derecho. Dichas cooperativas tienen en Espa\u00f1a una larga historia y en la actualidad son el gran exponente de la econom\u00eda social, proporcionando esta un paraguas bajo el que est\u00e1n desarrollando las nuevas generaciones diversas actividades productivas rigi\u00e9ndose por otros valores, propiciado ello tanto por la necesidad de apartarse del modelo econ\u00f3mico y social imperante cuya voracidad no parece tener l\u00edmites, como por razones medioambientales. La cooperativa de trabajo asociado responde a un modelo jur\u00eddico cuyo an\u00e1lisis es atractivo, como contraposici\u00f3n a la empresa capitalista tradicional, pero tal an\u00e1lisis tiene una m\u00ednima o incluso nula presencia en los planes de estudio de Derecho y de Relaciones Laborales.<br \/>\nEste Seminario pretende contribuir a paliar, aunque sea de forma b\u00e1sica, semejante laguna que encierra, por cierto, una clara vulneraci\u00f3n de la ley, aparte de que implica un d\u00e9ficit formativo que no se entiende.<\/p>\n<p>Imparte: Juan Miguel D\u00edaz Dom\u00ednguez- Licenciado en Derecho con Premio Extraordinario Fin de Carrera. Doctor en Derecho con una Tesis Doctoral titulada \u00abActas, informes y requerimientos de la Inspecci\u00f3n de Trabajo\u00bb, obteniendo la calificaci\u00f3n de Sobresaliente cum laude y posteriormente el Premio Extraordinario de Doctorado.<\/p>\n<p>Dirige: C\u00e1ndido Rom\u00e1n Cervantes, Profesor Titular de Universidad, Departamento de Direcci\u00f3n de Empresas e Historia Econ\u00f3mica de la ULL. Director de la C\u00e1tedra Cajasiete de Econom\u00eda Social y Colaborativa de la ULL.<\/p>\n<p><a href=\"https:\/\/sede.fg.ull.es\/es\/curso\/detalle\/a20020166\/seminario-cesco-37-la-cooperativa-de-trabajo-asociado-el-gran-desconocido-en-los-planes-de-estudio-de-derecho-y-de-relaciones-laborales\" target=\"_blank\" rel=\"noopener noreferrer\" target=\"_blank\" rel=\"noopener\"><strong><u>Consulta el programa e inscr\u00edbete aqu\u00ed.<\/u><\/strong><\/a><\/p>\n<p><strong>Contacto: 922 319 616 \/ 922 319 626 \u2013\u00a0<\/strong><a href=\"mailto:extuni@ull.edu.es\" target=\"_blank\" rel=\"noopener\"><strong>extuni@ull.es<\/strong><\/a><\/p>\n","protected":false},"excerpt":{"rendered":"<p>Actividad de Extensi\u00f3n Universitaria organizada por la C\u00e1tedra Cajasiete de Econom\u00eda Social y Cooperativa dentro del marco de\u00a0\u00abSeminarios Interc\u00e1tedras 2020\/2021\u00bb. Las cooperativas de trabajo asociado representan un aut\u00e9ntico modelo de empresa alternativa, que obtiene lucro sin merma de la dignidad (real) a la que todo trabajador tiene derecho. Dichas cooperativas tienen en Espa\u00f1a una larga&#8230;<\/p>\n","protected":false},"author":43,"featured_media":17736,"comment_status":"closed","ping_status":"closed","template":"","tags":[1455,738,3439,835,1685,3660],"tribe_events_cat":[472,3165,4,186],"acf":[],"yoast_head":"<!-- This site is optimized with the Yoast SEO plugin v21.3 - https:\/\/yoast.com\/wordpress\/plugins\/seo\/ -->\n<title>Seminario CESCO 37 \u201cLa cooperativa de trabajo asociado: el gran desconocido en los planes de estudio de Derecho y de Relaciones Laborales\u201d - ULL - Agenda<\/title>\n<meta name=\"robots\" content=\"index, follow, max-snippet:-1, max-image-preview:large, max-video-preview:-1\" \/>\n<link rel=\"canonical\" href=\"https:\/\/www.ull.es\/portal\/agenda\/evento\/seminario-cesco-37-la-cooperativa-de-trabajo-asociado-el-gran-desconocido-en-los-planes-de-estudio-de-derecho-y-de-relaciones-laborales\/\" \/>\n<meta property=\"og:locale\" content=\"es_ES\" \/>\n<meta property=\"og:type\" content=\"article\" \/>\n<meta property=\"og:title\" content=\"Seminario CESCO 37 \u201cLa cooperativa de trabajo asociado: el gran desconocido en los planes de estudio de Derecho y de Relaciones Laborales\u201d - ULL - Agenda\" \/>\n<meta property=\"og:description\" content=\"Actividad de Extensi\u00f3n Universitaria organizada por la C\u00e1tedra Cajasiete de Econom\u00eda Social y Cooperativa dentro del marco de\u00a0\u00abSeminarios Interc\u00e1tedras 2020\/2021\u00bb. Las cooperativas de trabajo asociado representan un aut\u00e9ntico modelo de empresa alternativa, que obtiene lucro sin merma de la dignidad (real) a la que todo trabajador tiene derecho. Dichas cooperativas tienen en Espa\u00f1a una larga...\" \/>\n<meta property=\"og:url\" content=\"https:\/\/www.ull.es\/portal\/agenda\/evento\/seminario-cesco-37-la-cooperativa-de-trabajo-asociado-el-gran-desconocido-en-los-planes-de-estudio-de-derecho-y-de-relaciones-laborales\/\" \/>\n<meta property=\"og:site_name\" content=\"ULL - Agenda\" \/>\n<meta property=\"og:image\" content=\"https:\/\/www.ull.es\/portal\/agenda\/wp-content\/uploads\/sites\/12\/2020\/11\/BannerCesco37.png\" \/>\n\t<meta property=\"og:image:width\" content=\"700\" \/>\n\t<meta property=\"og:image:height\" content=\"350\" \/>\n\t<meta property=\"og:image:type\" content=\"image\/png\" \/>\n<meta name=\"twitter:card\" content=\"summary_large_image\" \/>\n<meta name=\"twitter:label1\" content=\"Tiempo de lectura\" \/>\n\t<meta name=\"twitter:data1\" content=\"2 minutos\" \/>\n<script type=\"application\/ld+json\" class=\"yoast-schema-graph\">{\"@context\":\"https:\/\/schema.org\",\"@graph\":[{\"@type\":\"WebPage\",\"@id\":\"https:\/\/www.ull.es\/portal\/agenda\/evento\/seminario-cesco-37-la-cooperativa-de-trabajo-asociado-el-gran-desconocido-en-los-planes-de-estudio-de-derecho-y-de-relaciones-laborales\/\",\"url\":\"https:\/\/www.ull.es\/portal\/agenda\/evento\/seminario-cesco-37-la-cooperativa-de-trabajo-asociado-el-gran-desconocido-en-los-planes-de-estudio-de-derecho-y-de-relaciones-laborales\/\",\"name\":\"Seminario CESCO 37 \u201cLa cooperativa de trabajo asociado: el gran desconocido en los planes de estudio de Derecho y de Relaciones Laborales\u201d - ULL - Agenda\",\"isPartOf\":{\"@id\":\"https:\/\/www.ull.es\/portal\/agenda\/#website\"},\"datePublished\":\"2020-11-12T12:21:20+00:00\",\"dateModified\":\"2020-11-12T12:21:20+00:00\",\"breadcrumb\":{\"@id\":\"https:\/\/www.ull.es\/portal\/agenda\/evento\/seminario-cesco-37-la-cooperativa-de-trabajo-asociado-el-gran-desconocido-en-los-planes-de-estudio-de-derecho-y-de-relaciones-laborales\/#breadcrumb\"},\"inLanguage\":\"es\",\"potentialAction\":[{\"@type\":\"ReadAction\",\"target\":[\"https:\/\/www.ull.es\/portal\/agenda\/evento\/seminario-cesco-37-la-cooperativa-de-trabajo-asociado-el-gran-desconocido-en-los-planes-de-estudio-de-derecho-y-de-relaciones-laborales\/\"]}]},{\"@type\":\"BreadcrumbList\",\"@id\":\"https:\/\/www.ull.es\/portal\/agenda\/evento\/seminario-cesco-37-la-cooperativa-de-trabajo-asociado-el-gran-desconocido-en-los-planes-de-estudio-de-derecho-y-de-relaciones-laborales\/#breadcrumb\",\"itemListElement\":[{\"@type\":\"ListItem\",\"position\":1,\"name\":\"Portada\",\"item\":\"https:\/\/www.ull.es\/portal\/agenda\/\"},{\"@type\":\"ListItem\",\"position\":2,\"name\":\"Seminario CESCO 37 \u201cLa cooperativa de trabajo asociado: el gran desconocido en los planes de estudio de Derecho y de Relaciones Laborales\u201d\"}]},{\"@type\":\"WebSite\",\"@id\":\"https:\/\/www.ull.es\/portal\/agenda\/#website\",\"url\":\"https:\/\/www.ull.es\/portal\/agenda\/\",\"name\":\"ULL - Agenda\",\"description\":\"\",\"potentialAction\":[{\"@type\":\"SearchAction\",\"target\":{\"@type\":\"EntryPoint\",\"urlTemplate\":\"https:\/\/www.ull.es\/portal\/agenda\/?s={search_term_string}\"},\"query-input\":\"required name=search_term_string\"}],\"inLanguage\":\"es\"}]}<\/script>\n<!-- \/ Yoast SEO plugin. -->","yoast_head_json":{"title":"Seminario CESCO 37 \u201cLa cooperativa de trabajo asociado: el gran desconocido en los planes de estudio de Derecho y de Relaciones Laborales\u201d - ULL - Agenda","robots":{"index":"index","follow":"follow","max-snippet":"max-snippet:-1","max-image-preview":"max-image-preview:large","max-video-preview":"max-video-preview:-1"},"canonical":"https:\/\/www.ull.es\/portal\/agenda\/evento\/seminario-cesco-37-la-cooperativa-de-trabajo-asociado-el-gran-desconocido-en-los-planes-de-estudio-de-derecho-y-de-relaciones-laborales\/","og_locale":"es_ES","og_type":"article","og_title":"Seminario CESCO 37 \u201cLa cooperativa de trabajo asociado: el gran desconocido en los planes de estudio de Derecho y de Relaciones Laborales\u201d - ULL - Agenda","og_description":"Actividad de Extensi\u00f3n Universitaria organizada por la C\u00e1tedra Cajasiete de Econom\u00eda Social y Cooperativa dentro del marco de\u00a0\u00abSeminarios Interc\u00e1tedras 2020\/2021\u00bb. Las cooperativas de trabajo asociado representan un aut\u00e9ntico modelo de empresa alternativa, que obtiene lucro sin merma de la dignidad (real) a la que todo trabajador tiene derecho. Dichas cooperativas tienen en Espa\u00f1a una larga...","og_url":"https:\/\/www.ull.es\/portal\/agenda\/evento\/seminario-cesco-37-la-cooperativa-de-trabajo-asociado-el-gran-desconocido-en-los-planes-de-estudio-de-derecho-y-de-relaciones-laborales\/","og_site_name":"ULL - Agenda","og_image":[{"width":700,"height":350,"url":"https:\/\/www.ull.es\/portal\/agenda\/wp-content\/uploads\/sites\/12\/2020\/11\/BannerCesco37.png","type":"image\/png"}],"twitter_card":"summary_large_image","twitter_misc":{"Tiempo de lectura":"2 minutos"},"schema":{"@context":"https:\/\/schema.org","@graph":[{"@type":"WebPage","@id":"https:\/\/www.ull.es\/portal\/agenda\/evento\/seminario-cesco-37-la-cooperativa-de-trabajo-asociado-el-gran-desconocido-en-los-planes-de-estudio-de-derecho-y-de-relaciones-laborales\/","url":"https:\/\/www.ull.es\/portal\/agenda\/evento\/seminario-cesco-37-la-cooperativa-de-trabajo-asociado-el-gran-desconocido-en-los-planes-de-estudio-de-derecho-y-de-relaciones-laborales\/","name":"Seminario CESCO 37 \u201cLa cooperativa de trabajo asociado: el gran desconocido en los planes de estudio de Derecho y de Relaciones Laborales\u201d - ULL - Agenda","isPartOf":{"@id":"https:\/\/www.ull.es\/portal\/agenda\/#website"},"datePublished":"2020-11-12T12:21:20+00:00","dateModified":"2020-11-12T12:21:20+00:00","breadcrumb":{"@id":"https:\/\/www.ull.es\/portal\/agenda\/evento\/seminario-cesco-37-la-cooperativa-de-trabajo-asociado-el-gran-desconocido-en-los-planes-de-estudio-de-derecho-y-de-relaciones-laborales\/#breadcrumb"},"inLanguage":"es","potentialAction":[{"@type":"ReadAction","target":["https:\/\/www.ull.es\/portal\/agenda\/evento\/seminario-cesco-37-la-cooperativa-de-trabajo-asociado-el-gran-desconocido-en-los-planes-de-estudio-de-derecho-y-de-relaciones-laborales\/"]}]},{"@type":"BreadcrumbList","@id":"https:\/\/www.ull.es\/portal\/agenda\/evento\/seminario-cesco-37-la-cooperativa-de-trabajo-asociado-el-gran-desconocido-en-los-planes-de-estudio-de-derecho-y-de-relaciones-laborales\/#breadcrumb","itemListElement":[{"@type":"ListItem","position":1,"name":"Portada","item":"https:\/\/www.ull.es\/portal\/agenda\/"},{"@type":"ListItem","position":2,"name":"Seminario CESCO 37 \u201cLa cooperativa de trabajo asociado: el gran desconocido en los planes de estudio de Derecho y de Relaciones Laborales\u201d"}]},{"@type":"WebSite","@id":"https:\/\/www.ull.es\/portal\/agenda\/#website","url":"https:\/\/www.ull.es\/portal\/agenda\/","name":"ULL - Agenda","description":"","potentialAction":[{"@type":"SearchAction","target":{"@type":"EntryPoint","urlTemplate":"https:\/\/www.ull.es\/portal\/agenda\/?s={search_term_string}"},"query-input":"required name=search_term_string"}],"inLanguage":"es"}]}},"_links":{"self":[{"href":"https:\/\/www.ull.es\/portal\/agenda\/wp-json\/wp\/v2\/tribe_events\/17735"}],"collection":[{"href":"https:\/\/www.ull.es\/portal\/agenda\/wp-json\/wp\/v2\/tribe_events"}],"about":[{"href":"https:\/\/www.ull.es\/portal\/agenda\/wp-json\/wp\/v2\/types\/tribe_events"}],"author":[{"embeddable":true,"href":"https:\/\/www.ull.es\/portal\/agenda\/wp-json\/wp\/v2\/users\/43"}],"replies":[{"embeddable":true,"href":"https:\/\/www.ull.es\/portal\/agenda\/wp-json\/wp\/v2\/comments?post=17735"}],"version-history":[{"count":1,"href":"https:\/\/www.ull.es\/portal\/agenda\/wp-json\/wp\/v2\/tribe_events\/17735\/revisions"}],"predecessor-version":[{"id":17737,"href":"https:\/\/www.ull.es\/portal\/agenda\/wp-json\/wp\/v2\/tribe_events\/17735\/revisions\/17737"}],"wp:featuredmedia":[{"embeddable":true,"href":"https:\/\/www.ull.es\/portal\/agenda\/wp-json\/wp\/v2\/media\/17736"}],"wp:attachment":[{"href":"https:\/\/www.ull.es\/portal\/agenda\/wp-json\/wp\/v2\/media?parent=17735"}],"wp:term":[{"taxonomy":"post_tag","embeddable":true,"href":"https:\/\/www.ull.es\/portal\/agenda\/wp-json\/wp\/v2\/tags?post=17735"},{"taxonomy":"tribe_events_cat","embeddable":true,"href":"https:\/\/www.ull.es\/portal\/agenda\/wp-json\/wp\/v2\/tribe_events_cat?post=17735"}],"curies":[{"name":"wp","href":"https:\/\/api.w.org\/{rel}","templated":true}]}}

<p>Actividad de Extensión Universitaria organizada por la Cátedra Cajasiete de Economía Social y Cooperativa dentro del marco de <a href="https://www.ull.es/portal/cursosextension/cursos-de-catedras-institucionales-y-de-empresa/seminarios-intercatedras-2020-2021/" target="_blank" rel="noopener noreferrer" target="_blank" rel="noopener">«Seminarios Intercátedras 2020/2021»</a>.</p>
<p>Las cooperativas de trabajo asociado representan un auténtico modelo de empresa alternativa, que obtiene lucro sin merma de la dignidad (real) a la que todo trabajador tiene derecho. Dichas cooperativas tienen en España una larga historia y en la actualidad son el gran exponente de la economía social, proporcionando esta un paraguas bajo el que están desarrollando las nuevas generaciones diversas actividades productivas rigiéndose por otros valores, propiciado ello tanto por la necesidad de apartarse del modelo económico y social imperante cuya voracidad no parece tener límites, como por razones medioambientales. La cooperativa de trabajo asociado responde a un modelo jurídico cuyo análisis es atractivo, como contraposición a la empresa capitalista tradicional, pero tal análisis tiene una mínima o incluso nula presencia en los planes de estudio de Derecho y de Relaciones Laborales.<br />
Este Seminario pretende contribuir a paliar, aunque sea de forma básica, semejante laguna que encierra, por cierto, una clara vulneración de la ley, aparte de que implica un déficit formativo que no se entiende.</p>
<p>Imparte: Juan Miguel Díaz Domínguez- Licenciado en Derecho con Premio Extraordinario Fin de Carrera. Doctor en Derecho con una Tesis Doctoral titulada «Actas, informes y requerimientos de la Inspección de Trabajo», obteniendo la calificación de Sobresaliente cum laude y posteriormente el Premio Extraordinario de Doctorado.</p>
<p>Dirige: Cándido Román Cervantes, Profesor Titular de Universidad, Departamento de Dirección de Empresas e Historia Económica de la ULL. Director de la Cátedra Cajasiete de Economía Social y Colaborativa de la ULL.</p>
<p><a href="https://sede.fg.ull.es/es/curso/detalle/a20020166/seminario-cesco-37-la-cooperativa-de-trabajo-asociado-el-gran-desconocido-en-los-planes-de-estudio-de-derecho-y-de-relaciones-laborales" target="_blank" rel="noopener noreferrer" target="_blank" rel="noopener"><strong><u>Consulta el programa e inscríbete aquí.</u></strong></a></p>
<p><strong>Contacto: 922 319 616 / 922 319 626 – </strong><a href="mailto:extuni@ull.edu.es" target="_blank" rel="noopener"><strong>extuni@ull.es</strong></a></p>

<p>Actividad de Extensión Universitaria organizada por la Cátedra Cajasiete de Economía Social y Cooperativa dentro del marco de «Seminarios Intercátedras 2020/2021». Las cooperativas de trabajo asociado representan un auténtico modelo de empresa alternativa, que obtiene lucro sin merma de la dignidad (real) a la que todo trabajador tiene derecho. Dichas cooperativas tienen en España una larga&#8230;</p>

<!-- This site is optimized with the Yoast SEO plugin v21.3 - https://yoast.com/wordpress/plugins/seo/ -->
<title>Seminario CESCO 37 “La cooperativa de trabajo asociado: el gran desconocido en los planes de estudio de Derecho y de Relaciones Laborales” - ULL - Agenda</title>
<meta name="robots" content="index, follow, max-snippet:-1, max-image-preview:large, max-video-preview:-1" />
<link rel="canonical" href="https://www.ull.es/portal/agenda/evento/seminario-cesco-37-la-cooperativa-de-trabajo-asociado-el-gran-desconocido-en-los-planes-de-estudio-de-derecho-y-de-relaciones-laborales/" />
<meta property="og:locale" content="es_ES" />
<meta property="og:type" content="article" />
<meta property="og:title" content="Seminario CESCO 37 “La cooperativa de trabajo asociado: el gran desconocido en los planes de estudio de Derecho y de Relaciones Laborales” - ULL - Agenda" />
<meta property="og:description" content="Actividad de Extensión Universitaria organizada por la Cátedra Cajasiete de Economía Social y Cooperativa dentro del marco de «Seminarios Intercátedras 2020/2021». Las cooperativas de trabajo asociado representan un auténtico modelo de empresa alternativa, que obtiene lucro sin merma de la dignidad (real) a la que todo trabajador tiene derecho. Dichas cooperativas tienen en España una larga..." />
<meta property="og:url" content="https://www.ull.es/portal/agenda/evento/seminario-cesco-37-la-cooperativa-de-trabajo-asociado-el-gran-desconocido-en-los-planes-de-estudio-de-derecho-y-de-relaciones-laborales/" />
<meta property="og:site_name" content="ULL - Agenda" />
<meta property="og:image" content="https://www.ull.es/portal/agenda/wp-content/uploads/sites/12/2020/11/BannerCesco37.png" />
	<meta property="og:image:width" content="700" />
	<meta property="og:image:height" content="350" />
	<meta property="og:image:type" content="image/png" />
<meta name="twitter:card" content="summary_large_image" />
<meta name="twitter:label1" content="Tiempo de lectura" />
	<meta name="twitter:data1" content="2 minutos" />
<script type="application/ld+json" class="yoast-schema-graph">{"@context":"https://schema.org","@graph":[{"@type":"WebPage","@id":"https://www.ull.es/portal/agenda/evento/seminario-cesco-37-la-cooperativa-de-trabajo-asociado-el-gran-desconocido-en-los-planes-de-estudio-de-derecho-y-de-relaciones-laborales/","url":"https://www.ull.es/portal/agenda/evento/seminario-cesco-37-la-cooperativa-de-trabajo-asociado-el-gran-desconocido-en-los-planes-de-estudio-de-derecho-y-de-relaciones-laborales/","name":"Seminario CESCO 37 “La cooperativa de trabajo asociado: el gran desconocido en los planes de estudio de Derecho y de Relaciones Laborales” - ULL - Agenda","isPartOf":{"@id":"https://www.ull.es/portal/agenda/#website"},"datePublished":"2020-11-12T12:21:20+00:00","dateModified":"2020-11-12T12:21:20+00:00","breadcrumb":{"@id":"https://www.ull.es/portal/agenda/evento/seminario-cesco-37-la-cooperativa-de-trabajo-asociado-el-gran-desconocido-en-los-planes-de-estudio-de-derecho-y-de-relaciones-laborales/#breadcrumb"},"inLanguage":"es","potentialAction":[{"@type":"ReadAction","target":["https://www.ull.es/portal/agenda/evento/seminario-cesco-37-la-cooperativa-de-trabajo-asociado-el-gran-desconocido-en-los-planes-de-estudio-de-derecho-y-de-relaciones-laborales/"]}]},{"@type":"BreadcrumbList","@id":"https://www.ull.es/portal/agenda/evento/seminario-cesco-37-la-cooperativa-de-trabajo-asociado-el-gran-desconocido-en-los-planes-de-estudio-de-derecho-y-de-relaciones-laborales/#breadcrumb","itemListElement":[{"@type":"ListItem","position":1,"name":"Portada","item":"https://www.ull.es/portal/agenda/"},{"@type":"ListItem","position":2,"name":"Seminario CESCO 37 “La cooperativa de trabajo asociado: el gran desconocido en los planes de estudio de Derecho y de Relaciones Laborales”"}]},{"@type":"WebSite","@id":"https://www.ull.es/portal/agenda/#website","url":"https://www.ull.es/portal/agenda/","name":"ULL - Agenda","description":"","potentialAction":[{"@type":"SearchAction","target":{"@type":"EntryPoint","urlTemplate":"https://www.ull.es/portal/agenda/?s={search_term_string}"},"query-input":"required name=search_term_string"}],"inLanguage":"es"}]}</script>
<!-- / Yoast SEO plugin. -->

Actividad de Extensión Universitaria organizada por la Cátedra Cajasiete de Economía Social y Cooperativa dentro del marco de «Seminarios Intercátedras 2020/2021». Las cooperativas de trabajo asociado representan un auténtico modelo de empresa alternativa, que obtiene lucro sin merma de la dignidad (real) a la que todo trabajador tiene derecho. Dichas cooperativas tienen en España una larga...
