{"id":18104,"date":"2021-01-08T10:54:53","date_gmt":"2021-01-08T10:54:53","guid":{"rendered":"https:\/\/www.ull.es\/portal\/agenda\/?post_type=tribe_events&#038;p=18104"},"modified":"2021-01-18T12:38:36","modified_gmt":"2021-01-18T12:38:36","slug":"jornada-virtual-de-puertas-abiertas-2021","status":"publish","type":"tribe_events","link":"https:\/\/www.ull.es\/portal\/agenda\/evento\/jornada-virtual-de-puertas-abiertas-2021\/","title":{"rendered":"Jornada virtual de Puertas Abiertas 2021"},"content":{"rendered":"<p>La Jornada virtual de Puertas Abiertas de la Universidad de La Laguna es una responsabilidad y una oportunidad tanto para la universidad como para el futuro alumnado de nuestra instituci\u00f3n, pues en ella le damos a conocer nuestra oferta acad\u00e9mica y los servicios de apoyo esenciales con los que cuenta para la toma de decisiones de cara a iniciar estudios con nosotros en 2021\/22. Adem\u00e1s de estar dirigida esta jornada, de 9 a 14 horas, al alumnado de 2\u00ba de bachillerato o de Ciclo Formativo de Grado Superior, invitamos a todas aquellas personas que optan por otras v\u00edas de acceso y est\u00e9n pensando acceder el pr\u00f3ximo curso a la Universidad de La Laguna (mayores de 25 y 45 a\u00f1os, mayores de 40 a\u00f1os con experiencia profesional acreditada, titulados universitarios, etc.). Y en horario de tarde (de 19:00 a 20:00h) del mismo d\u00eda 21 de enero, ser\u00e1n las familias de estos estudiantes las invitadas a la jornada en una sesi\u00f3n especial donde se les informar\u00e1 con detalle de las cuestiones importantes y que preocupan e interesan a las familias (acceso, matr\u00edcula, importes, becas, ayudas, alojamiento, ser estudiante en la universidad, etc.).<\/p>\n<p><a href=\"https:\/\/drive.google.com\/file\/d\/15H5_fIScEhobdRCIAitdbQUclvVK-QI0\/view?usp=sharing\" target=\"_blank\" rel=\"noopener noreferrer\" target=\"_blank\" rel=\"noopener\">Programa<\/a><\/p>\n<div><a href=\"https:\/\/hopin.com\/events\/puertas-abiertas-ull-2021\" target=\"_blank\" rel=\"noopener noreferrer\" target=\"_blank\" rel=\"noopener\">Inscripci\u00f3n a la jornada<\/a><\/div>\n<div><\/div>\n<div><a href=\"https:\/\/drive.google.com\/file\/d\/1N9PKuRMhm020v4rCK3i_rF-sB8bwmN2l\/view?usp=sharing\" target=\"_blank\" rel=\"noopener noreferrer\" target=\"_blank\" rel=\"noopener\">Instrucciones para realizar la inscripci\u00f3n<\/a><\/div>\n<div><\/div>\n<div>Para poder seguir este evento, una vez realizada la inscripci\u00f3n, pulse este <a href=\"https:\/\/hopin.com\/sign_in\" target=\"_blank\" rel=\"noopener noreferrer\" target=\"_blank\" rel=\"noopener\">enlace.<\/a><\/div>\n<div><\/div>\n<div>\n<div><\/div>\n<\/div>\n","protected":false},"excerpt":{"rendered":"<p>La Jornada virtual de Puertas Abiertas de la Universidad de La Laguna es una responsabilidad y una oportunidad tanto para la universidad como para el futuro alumnado de nuestra instituci\u00f3n, pues en ella le damos a conocer nuestra oferta acad\u00e9mica y los servicios de apoyo esenciales con los que cuenta para la toma de decisiones&#8230;<\/p>\n","protected":false},"author":67,"featured_media":18165,"comment_status":"closed","ping_status":"closed","template":"","tags":[],"tribe_events_cat":[3,186,6],"acf":[],"yoast_head":"<!-- This site is optimized with the Yoast SEO plugin v21.3 - https:\/\/yoast.com\/wordpress\/plugins\/seo\/ -->\n<title>Jornada virtual de Puertas Abiertas 2021 - ULL - Agenda<\/title>\n<meta name=\"robots\" content=\"index, follow, max-snippet:-1, max-image-preview:large, max-video-preview:-1\" \/>\n<link rel=\"canonical\" href=\"https:\/\/www.ull.es\/portal\/agenda\/evento\/jornada-virtual-de-puertas-abiertas-2021\/\" \/>\n<meta property=\"og:locale\" content=\"es_ES\" \/>\n<meta property=\"og:type\" content=\"article\" \/>\n<meta property=\"og:title\" content=\"Jornada virtual de Puertas Abiertas 2021 - ULL - Agenda\" \/>\n<meta property=\"og:description\" content=\"La Jornada virtual de Puertas Abiertas de la Universidad de La Laguna es una responsabilidad y una oportunidad tanto para la universidad como para el futuro alumnado de nuestra instituci\u00f3n, pues en ella le damos a conocer nuestra oferta acad\u00e9mica y los servicios de apoyo esenciales con los que cuenta para la toma de decisiones...\" \/>\n<meta property=\"og:url\" content=\"https:\/\/www.ull.es\/portal\/agenda\/evento\/jornada-virtual-de-puertas-abiertas-2021\/\" \/>\n<meta property=\"og:site_name\" content=\"ULL - Agenda\" \/>\n<meta property=\"article:modified_time\" content=\"2021-01-18T12:38:36+00:00\" \/>\n<meta property=\"og:image\" content=\"https:\/\/www.ull.es\/portal\/agenda\/wp-content\/uploads\/sites\/12\/2021\/01\/Banner-700x350-1.jpg\" \/>\n\t<meta property=\"og:image:width\" content=\"751\" \/>\n\t<meta property=\"og:image:height\" content=\"351\" \/>\n\t<meta property=\"og:image:type\" content=\"image\/jpeg\" \/>\n<meta name=\"twitter:card\" content=\"summary_large_image\" \/>\n<meta name=\"twitter:label1\" content=\"Tiempo de lectura\" \/>\n\t<meta name=\"twitter:data1\" content=\"1 minuto\" \/>\n<script type=\"application\/ld+json\" class=\"yoast-schema-graph\">{\"@context\":\"https:\/\/schema.org\",\"@graph\":[{\"@type\":\"WebPage\",\"@id\":\"https:\/\/www.ull.es\/portal\/agenda\/evento\/jornada-virtual-de-puertas-abiertas-2021\/\",\"url\":\"https:\/\/www.ull.es\/portal\/agenda\/evento\/jornada-virtual-de-puertas-abiertas-2021\/\",\"name\":\"Jornada virtual de Puertas Abiertas 2021 - ULL - Agenda\",\"isPartOf\":{\"@id\":\"https:\/\/www.ull.es\/portal\/agenda\/#website\"},\"datePublished\":\"2021-01-08T10:54:53+00:00\",\"dateModified\":\"2021-01-18T12:38:36+00:00\",\"breadcrumb\":{\"@id\":\"https:\/\/www.ull.es\/portal\/agenda\/evento\/jornada-virtual-de-puertas-abiertas-2021\/#breadcrumb\"},\"inLanguage\":\"es\",\"potentialAction\":[{\"@type\":\"ReadAction\",\"target\":[\"https:\/\/www.ull.es\/portal\/agenda\/evento\/jornada-virtual-de-puertas-abiertas-2021\/\"]}]},{\"@type\":\"BreadcrumbList\",\"@id\":\"https:\/\/www.ull.es\/portal\/agenda\/evento\/jornada-virtual-de-puertas-abiertas-2021\/#breadcrumb\",\"itemListElement\":[{\"@type\":\"ListItem\",\"position\":1,\"name\":\"Portada\",\"item\":\"https:\/\/www.ull.es\/portal\/agenda\/\"},{\"@type\":\"ListItem\",\"position\":2,\"name\":\"Jornada virtual de Puertas Abiertas 2021\"}]},{\"@type\":\"WebSite\",\"@id\":\"https:\/\/www.ull.es\/portal\/agenda\/#website\",\"url\":\"https:\/\/www.ull.es\/portal\/agenda\/\",\"name\":\"ULL - Agenda\",\"description\":\"\",\"potentialAction\":[{\"@type\":\"SearchAction\",\"target\":{\"@type\":\"EntryPoint\",\"urlTemplate\":\"https:\/\/www.ull.es\/portal\/agenda\/?s={search_term_string}\"},\"query-input\":\"required name=search_term_string\"}],\"inLanguage\":\"es\"}]}<\/script>\n<!-- \/ Yoast SEO plugin. -->","yoast_head_json":{"title":"Jornada virtual de Puertas Abiertas 2021 - ULL - Agenda","robots":{"index":"index","follow":"follow","max-snippet":"max-snippet:-1","max-image-preview":"max-image-preview:large","max-video-preview":"max-video-preview:-1"},"canonical":"https:\/\/www.ull.es\/portal\/agenda\/evento\/jornada-virtual-de-puertas-abiertas-2021\/","og_locale":"es_ES","og_type":"article","og_title":"Jornada virtual de Puertas Abiertas 2021 - ULL - Agenda","og_description":"La Jornada virtual de Puertas Abiertas de la Universidad de La Laguna es una responsabilidad y una oportunidad tanto para la universidad como para el futuro alumnado de nuestra instituci\u00f3n, pues en ella le damos a conocer nuestra oferta acad\u00e9mica y los servicios de apoyo esenciales con los que cuenta para la toma de decisiones...","og_url":"https:\/\/www.ull.es\/portal\/agenda\/evento\/jornada-virtual-de-puertas-abiertas-2021\/","og_site_name":"ULL - Agenda","article_modified_time":"2021-01-18T12:38:36+00:00","og_image":[{"width":751,"height":351,"url":"https:\/\/www.ull.es\/portal\/agenda\/wp-content\/uploads\/sites\/12\/2021\/01\/Banner-700x350-1.jpg","type":"image\/jpeg"}],"twitter_card":"summary_large_image","twitter_misc":{"Tiempo de lectura":"1 minuto"},"schema":{"@context":"https:\/\/schema.org","@graph":[{"@type":"WebPage","@id":"https:\/\/www.ull.es\/portal\/agenda\/evento\/jornada-virtual-de-puertas-abiertas-2021\/","url":"https:\/\/www.ull.es\/portal\/agenda\/evento\/jornada-virtual-de-puertas-abiertas-2021\/","name":"Jornada virtual de Puertas Abiertas 2021 - ULL - Agenda","isPartOf":{"@id":"https:\/\/www.ull.es\/portal\/agenda\/#website"},"datePublished":"2021-01-08T10:54:53+00:00","dateModified":"2021-01-18T12:38:36+00:00","breadcrumb":{"@id":"https:\/\/www.ull.es\/portal\/agenda\/evento\/jornada-virtual-de-puertas-abiertas-2021\/#breadcrumb"},"inLanguage":"es","potentialAction":[{"@type":"ReadAction","target":["https:\/\/www.ull.es\/portal\/agenda\/evento\/jornada-virtual-de-puertas-abiertas-2021\/"]}]},{"@type":"BreadcrumbList","@id":"https:\/\/www.ull.es\/portal\/agenda\/evento\/jornada-virtual-de-puertas-abiertas-2021\/#breadcrumb","itemListElement":[{"@type":"ListItem","position":1,"name":"Portada","item":"https:\/\/www.ull.es\/portal\/agenda\/"},{"@type":"ListItem","position":2,"name":"Jornada virtual de Puertas Abiertas 2021"}]},{"@type":"WebSite","@id":"https:\/\/www.ull.es\/portal\/agenda\/#website","url":"https:\/\/www.ull.es\/portal\/agenda\/","name":"ULL - Agenda","description":"","potentialAction":[{"@type":"SearchAction","target":{"@type":"EntryPoint","urlTemplate":"https:\/\/www.ull.es\/portal\/agenda\/?s={search_term_string}"},"query-input":"required name=search_term_string"}],"inLanguage":"es"}]}},"_links":{"self":[{"href":"https:\/\/www.ull.es\/portal\/agenda\/wp-json\/wp\/v2\/tribe_events\/18104"}],"collection":[{"href":"https:\/\/www.ull.es\/portal\/agenda\/wp-json\/wp\/v2\/tribe_events"}],"about":[{"href":"https:\/\/www.ull.es\/portal\/agenda\/wp-json\/wp\/v2\/types\/tribe_events"}],"author":[{"embeddable":true,"href":"https:\/\/www.ull.es\/portal\/agenda\/wp-json\/wp\/v2\/users\/67"}],"replies":[{"embeddable":true,"href":"https:\/\/www.ull.es\/portal\/agenda\/wp-json\/wp\/v2\/comments?post=18104"}],"version-history":[{"count":7,"href":"https:\/\/www.ull.es\/portal\/agenda\/wp-json\/wp\/v2\/tribe_events\/18104\/revisions"}],"predecessor-version":[{"id":18176,"href":"https:\/\/www.ull.es\/portal\/agenda\/wp-json\/wp\/v2\/tribe_events\/18104\/revisions\/18176"}],"wp:featuredmedia":[{"embeddable":true,"href":"https:\/\/www.ull.es\/portal\/agenda\/wp-json\/wp\/v2\/media\/18165"}],"wp:attachment":[{"href":"https:\/\/www.ull.es\/portal\/agenda\/wp-json\/wp\/v2\/media?parent=18104"}],"wp:term":[{"taxonomy":"post_tag","embeddable":true,"href":"https:\/\/www.ull.es\/portal\/agenda\/wp-json\/wp\/v2\/tags?post=18104"},{"taxonomy":"tribe_events_cat","embeddable":true,"href":"https:\/\/www.ull.es\/portal\/agenda\/wp-json\/wp\/v2\/tribe_events_cat?post=18104"}],"curies":[{"name":"wp","href":"https:\/\/api.w.org\/{rel}","templated":true}]}}

<p>La Jornada virtual de Puertas Abiertas de la Universidad de La Laguna es una responsabilidad y una oportunidad tanto para la universidad como para el futuro alumnado de nuestra institución, pues en ella le damos a conocer nuestra oferta académica y los servicios de apoyo esenciales con los que cuenta para la toma de decisiones de cara a iniciar estudios con nosotros en 2021/22. Además de estar dirigida esta jornada, de 9 a 14 horas, al alumnado de 2º de bachillerato o de Ciclo Formativo de Grado Superior, invitamos a todas aquellas personas que optan por otras vías de acceso y estén pensando acceder el próximo curso a la Universidad de La Laguna (mayores de 25 y 45 años, mayores de 40 años con experiencia profesional acreditada, titulados universitarios, etc.). Y en horario de tarde (de 19:00 a 20:00h) del mismo día 21 de enero, serán las familias de estos estudiantes las invitadas a la jornada en una sesión especial donde se les informará con detalle de las cuestiones importantes y que preocupan e interesan a las familias (acceso, matrícula, importes, becas, ayudas, alojamiento, ser estudiante en la universidad, etc.).</p>
<p><a href="https://drive.google.com/file/d/15H5_fIScEhobdRCIAitdbQUclvVK-QI0/view?usp=sharing" target="_blank" rel="noopener noreferrer" target="_blank" rel="noopener">Programa</a></p>
<div><a href="https://hopin.com/events/puertas-abiertas-ull-2021" target="_blank" rel="noopener noreferrer" target="_blank" rel="noopener">Inscripción a la jornada</a></div>
<div></div>
<div><a href="https://drive.google.com/file/d/1N9PKuRMhm020v4rCK3i_rF-sB8bwmN2l/view?usp=sharing" target="_blank" rel="noopener noreferrer" target="_blank" rel="noopener">Instrucciones para realizar la inscripción</a></div>
<div></div>
<div>Para poder seguir este evento, una vez realizada la inscripción, pulse este <a href="https://hopin.com/sign_in" target="_blank" rel="noopener noreferrer" target="_blank" rel="noopener">enlace.</a></div>
<div></div>
<div>
<div></div>
</div>

<p>La Jornada virtual de Puertas Abiertas de la Universidad de La Laguna es una responsabilidad y una oportunidad tanto para la universidad como para el futuro alumnado de nuestra institución, pues en ella le damos a conocer nuestra oferta académica y los servicios de apoyo esenciales con los que cuenta para la toma de decisiones&#8230;</p>

<!-- This site is optimized with the Yoast SEO plugin v21.3 - https://yoast.com/wordpress/plugins/seo/ -->
<title>Jornada virtual de Puertas Abiertas 2021 - ULL - Agenda</title>
<meta name="robots" content="index, follow, max-snippet:-1, max-image-preview:large, max-video-preview:-1" />
<link rel="canonical" href="https://www.ull.es/portal/agenda/evento/jornada-virtual-de-puertas-abiertas-2021/" />
<meta property="og:locale" content="es_ES" />
<meta property="og:type" content="article" />
<meta property="og:title" content="Jornada virtual de Puertas Abiertas 2021 - ULL - Agenda" />
<meta property="og:description" content="La Jornada virtual de Puertas Abiertas de la Universidad de La Laguna es una responsabilidad y una oportunidad tanto para la universidad como para el futuro alumnado de nuestra institución, pues en ella le damos a conocer nuestra oferta académica y los servicios de apoyo esenciales con los que cuenta para la toma de decisiones..." />
<meta property="og:url" content="https://www.ull.es/portal/agenda/evento/jornada-virtual-de-puertas-abiertas-2021/" />
<meta property="og:site_name" content="ULL - Agenda" />
<meta property="article:modified_time" content="2021-01-18T12:38:36+00:00" />
<meta property="og:image" content="https://www.ull.es/portal/agenda/wp-content/uploads/sites/12/2021/01/Banner-700x350-1.jpg" />
	<meta property="og:image:width" content="751" />
	<meta property="og:image:height" content="351" />
	<meta property="og:image:type" content="image/jpeg" />
<meta name="twitter:card" content="summary_large_image" />
<meta name="twitter:label1" content="Tiempo de lectura" />
	<meta name="twitter:data1" content="1 minuto" />
<script type="application/ld+json" class="yoast-schema-graph">{"@context":"https://schema.org","@graph":[{"@type":"WebPage","@id":"https://www.ull.es/portal/agenda/evento/jornada-virtual-de-puertas-abiertas-2021/","url":"https://www.ull.es/portal/agenda/evento/jornada-virtual-de-puertas-abiertas-2021/","name":"Jornada virtual de Puertas Abiertas 2021 - ULL - Agenda","isPartOf":{"@id":"https://www.ull.es/portal/agenda/#website"},"datePublished":"2021-01-08T10:54:53+00:00","dateModified":"2021-01-18T12:38:36+00:00","breadcrumb":{"@id":"https://www.ull.es/portal/agenda/evento/jornada-virtual-de-puertas-abiertas-2021/#breadcrumb"},"inLanguage":"es","potentialAction":[{"@type":"ReadAction","target":["https://www.ull.es/portal/agenda/evento/jornada-virtual-de-puertas-abiertas-2021/"]}]},{"@type":"BreadcrumbList","@id":"https://www.ull.es/portal/agenda/evento/jornada-virtual-de-puertas-abiertas-2021/#breadcrumb","itemListElement":[{"@type":"ListItem","position":1,"name":"Portada","item":"https://www.ull.es/portal/agenda/"},{"@type":"ListItem","position":2,"name":"Jornada virtual de Puertas Abiertas 2021"}]},{"@type":"WebSite","@id":"https://www.ull.es/portal/agenda/#website","url":"https://www.ull.es/portal/agenda/","name":"ULL - Agenda","description":"","potentialAction":[{"@type":"SearchAction","target":{"@type":"EntryPoint","urlTemplate":"https://www.ull.es/portal/agenda/?s={search_term_string}"},"query-input":"required name=search_term_string"}],"inLanguage":"es"}]}</script>
<!-- / Yoast SEO plugin. -->

La Jornada virtual de Puertas Abiertas de la Universidad de La Laguna es una responsabilidad y una oportunidad tanto para la universidad como para el futuro alumnado de nuestra institución, pues en ella le damos a conocer nuestra oferta académica y los servicios de apoyo esenciales con los que cuenta para la toma de decisiones...
