{"id":18470,"date":"2021-02-19T12:35:43","date_gmt":"2021-02-19T12:35:43","guid":{"rendered":"https:\/\/www.ull.es\/portal\/agenda\/?post_type=tribe_events&#038;p=18470"},"modified":"2021-04-16T11:54:45","modified_gmt":"2021-04-16T11:54:45","slug":"huella-de-carbono-y-la-huella-hidrica-en-proyectos-de-ingenieria","status":"publish","type":"tribe_events","link":"https:\/\/www.ull.es\/portal\/agenda\/evento\/huella-de-carbono-y-la-huella-hidrica-en-proyectos-de-ingenieria\/","title":{"rendered":"Huella de carbono y la huella h\u00eddrica en proyectos de ingenier\u00eda"},"content":{"rendered":"<p>Curso de Extensi\u00f3n Universitaria organizado por el Aula Cultural del Agua de la ULL, que se celebrar\u00e1 entre el<strong> 4 y 7 de mayo de 2021<\/strong>, dirigido especialmente a alumnado de Ingenier\u00eda Agr\u00edcola y del Medio Rural.<\/p>\n<p>Objetivos:<\/p>\n<ul>\n<li>Conocer el concepto de huella de carbono y los procedimientos para su c\u00e1lculo.<\/li>\n<li>Conocer el concepto de huella h\u00eddrica y los procedimientos para su c\u00e1lculo.<\/li>\n<li>Desarrollo de un proyecto de estimaci\u00f3n de las huellas de carbono e h\u00eddrica b\u00e1sico.<\/li>\n<\/ul>\n<p>Dirigen:<\/p>\n<ul>\n<li>Juan Carlos Santamarta Cerezal. Profesor contratado doctor de Departamento de Ingenier\u00eda Agraria, N\u00e1utica, Civil y Mar\u00edtima.<\/li>\n<li>Noelia Cruz P\u00e9rez. Investigadora del Departamento de de Ingenier\u00eda Agraria, Civil, N\u00e1utica y Mar\u00edtima de la ULL.<\/li>\n<\/ul>\n<p><strong>CERTIFICADO DE ASISTENCIA, APTITUD Y RECONOCIMIENTO POR CR\u00c9DITO ECTS<\/strong><\/p>\n<p>La ULL, a trav\u00e9s del Vicerrectorado de Cultura, Participaci\u00f3n Social y Campus Ofra y La Palma, emitir\u00e1 un certificado de asistencia a todas aquellas personas que asistan a un m\u00ednimo del 80% de las horas lectivas presenciales. Asimismo, aquellas personas que superen el trabajo aut\u00f3nomo del alumnado, recibir\u00e1n un certificado de asistencia y aprovechamiento, reconocible a su vez por un cr\u00e9dito ECTS.<\/p>\n<p><a href=\"https:\/\/sede.fg.ull.es\/es\/curso\/detalle\/a21020036\/huella-de-carbono-y-la-huella-hidrica-en-proyectos-de-ingenieria\" target=\"_blank\" rel=\"noopener noreferrer\" target=\"_blank\" rel=\"noopener\"><strong><u>Consulta el programa e inscr\u00edbete aqu\u00ed.<\/u><\/strong><\/a><\/p>\n<p><strong><span style=\"color: #ff0000\">\u00a1PLAZAS AGOTADAS!<\/span><\/strong><\/p>\n<p><strong>Contacto: 922 319 616 \/ 922 319 626 \u2013\u00a0<\/strong><a href=\"mailto:extuni@ull.edu.es\" target=\"_blank\" rel=\"noopener\"><strong>extuni@ull.es<\/strong><\/a><\/p>\n<p><span style=\"color: #333399\"><strong>GARANT\u00cdA DE SEGURIDAD SANITARIA (covid-19)<\/strong><\/span><\/p>\n<p><span style=\"color: #333399\"><em>Debido a la situaci\u00f3n de alerta sanitaria, se garantiza que el lugar de celebraci\u00f3n del curso estar\u00e1 adaptado para asegurar la higiene y el distanciamiento personal entre todos los asistentes. Asimismo, cada persona deber\u00e1 ir provista de mascarilla.<\/em><\/span><\/p>\n","protected":false},"excerpt":{"rendered":"<p>Curso de Extensi\u00f3n Universitaria organizado por el Aula Cultural del Agua de la ULL, que se celebrar\u00e1 entre el 4 y 7 de mayo de 2021, dirigido especialmente a alumnado de Ingenier\u00eda Agr\u00edcola y del Medio Rural. Objetivos: Conocer el concepto de huella de carbono y los procedimientos para su c\u00e1lculo. Conocer el concepto de&#8230;<\/p>\n","protected":false},"author":43,"featured_media":18471,"comment_status":"closed","ping_status":"closed","template":"","tags":[977,3786,3709,3809,3810],"tribe_events_cat":[472,471,4,186],"acf":[],"yoast_head":"<!-- This site is optimized with the Yoast SEO plugin v21.3 - https:\/\/yoast.com\/wordpress\/plugins\/seo\/ -->\n<title>Huella de carbono y la huella h\u00eddrica en proyectos de ingenier\u00eda - ULL - Agenda<\/title>\n<meta name=\"robots\" content=\"index, follow, max-snippet:-1, max-image-preview:large, max-video-preview:-1\" \/>\n<link rel=\"canonical\" href=\"https:\/\/www.ull.es\/portal\/agenda\/evento\/huella-de-carbono-y-la-huella-hidrica-en-proyectos-de-ingenieria\/\" \/>\n<meta property=\"og:locale\" content=\"es_ES\" \/>\n<meta property=\"og:type\" content=\"article\" \/>\n<meta property=\"og:title\" content=\"Huella de carbono y la huella h\u00eddrica en proyectos de ingenier\u00eda - ULL - Agenda\" \/>\n<meta property=\"og:description\" content=\"Curso de Extensi\u00f3n Universitaria organizado por el Aula Cultural del Agua de la ULL, que se celebrar\u00e1 entre el 4 y 7 de mayo de 2021, dirigido especialmente a alumnado de Ingenier\u00eda Agr\u00edcola y del Medio Rural. Objetivos: Conocer el concepto de huella de carbono y los procedimientos para su c\u00e1lculo. Conocer el concepto de...\" \/>\n<meta property=\"og:url\" content=\"https:\/\/www.ull.es\/portal\/agenda\/evento\/huella-de-carbono-y-la-huella-hidrica-en-proyectos-de-ingenieria\/\" \/>\n<meta property=\"og:site_name\" content=\"ULL - Agenda\" \/>\n<meta property=\"article:modified_time\" content=\"2021-04-16T11:54:45+00:00\" \/>\n<meta property=\"og:image\" content=\"https:\/\/www.ull.es\/portal\/agenda\/wp-content\/uploads\/sites\/12\/2021\/02\/huellacarbono.png\" \/>\n\t<meta property=\"og:image:width\" content=\"700\" \/>\n\t<meta property=\"og:image:height\" content=\"350\" \/>\n\t<meta property=\"og:image:type\" content=\"image\/png\" \/>\n<meta name=\"twitter:card\" content=\"summary_large_image\" \/>\n<meta name=\"twitter:label1\" content=\"Tiempo de lectura\" \/>\n\t<meta name=\"twitter:data1\" content=\"2 minutos\" \/>\n<script type=\"application\/ld+json\" class=\"yoast-schema-graph\">{\"@context\":\"https:\/\/schema.org\",\"@graph\":[{\"@type\":\"WebPage\",\"@id\":\"https:\/\/www.ull.es\/portal\/agenda\/evento\/huella-de-carbono-y-la-huella-hidrica-en-proyectos-de-ingenieria\/\",\"url\":\"https:\/\/www.ull.es\/portal\/agenda\/evento\/huella-de-carbono-y-la-huella-hidrica-en-proyectos-de-ingenieria\/\",\"name\":\"Huella de carbono y la huella h\u00eddrica en proyectos de ingenier\u00eda - ULL - Agenda\",\"isPartOf\":{\"@id\":\"https:\/\/www.ull.es\/portal\/agenda\/#website\"},\"datePublished\":\"2021-02-19T12:35:43+00:00\",\"dateModified\":\"2021-04-16T11:54:45+00:00\",\"breadcrumb\":{\"@id\":\"https:\/\/www.ull.es\/portal\/agenda\/evento\/huella-de-carbono-y-la-huella-hidrica-en-proyectos-de-ingenieria\/#breadcrumb\"},\"inLanguage\":\"es\",\"potentialAction\":[{\"@type\":\"ReadAction\",\"target\":[\"https:\/\/www.ull.es\/portal\/agenda\/evento\/huella-de-carbono-y-la-huella-hidrica-en-proyectos-de-ingenieria\/\"]}]},{\"@type\":\"BreadcrumbList\",\"@id\":\"https:\/\/www.ull.es\/portal\/agenda\/evento\/huella-de-carbono-y-la-huella-hidrica-en-proyectos-de-ingenieria\/#breadcrumb\",\"itemListElement\":[{\"@type\":\"ListItem\",\"position\":1,\"name\":\"Portada\",\"item\":\"https:\/\/www.ull.es\/portal\/agenda\/\"},{\"@type\":\"ListItem\",\"position\":2,\"name\":\"Huella de carbono y la huella h\u00eddrica en proyectos de ingenier\u00eda\"}]},{\"@type\":\"WebSite\",\"@id\":\"https:\/\/www.ull.es\/portal\/agenda\/#website\",\"url\":\"https:\/\/www.ull.es\/portal\/agenda\/\",\"name\":\"ULL - Agenda\",\"description\":\"\",\"potentialAction\":[{\"@type\":\"SearchAction\",\"target\":{\"@type\":\"EntryPoint\",\"urlTemplate\":\"https:\/\/www.ull.es\/portal\/agenda\/?s={search_term_string}\"},\"query-input\":\"required name=search_term_string\"}],\"inLanguage\":\"es\"}]}<\/script>\n<!-- \/ Yoast SEO plugin. -->","yoast_head_json":{"title":"Huella de carbono y la huella h\u00eddrica en proyectos de ingenier\u00eda - ULL - Agenda","robots":{"index":"index","follow":"follow","max-snippet":"max-snippet:-1","max-image-preview":"max-image-preview:large","max-video-preview":"max-video-preview:-1"},"canonical":"https:\/\/www.ull.es\/portal\/agenda\/evento\/huella-de-carbono-y-la-huella-hidrica-en-proyectos-de-ingenieria\/","og_locale":"es_ES","og_type":"article","og_title":"Huella de carbono y la huella h\u00eddrica en proyectos de ingenier\u00eda - ULL - Agenda","og_description":"Curso de Extensi\u00f3n Universitaria organizado por el Aula Cultural del Agua de la ULL, que se celebrar\u00e1 entre el 4 y 7 de mayo de 2021, dirigido especialmente a alumnado de Ingenier\u00eda Agr\u00edcola y del Medio Rural. Objetivos: Conocer el concepto de huella de carbono y los procedimientos para su c\u00e1lculo. Conocer el concepto de...","og_url":"https:\/\/www.ull.es\/portal\/agenda\/evento\/huella-de-carbono-y-la-huella-hidrica-en-proyectos-de-ingenieria\/","og_site_name":"ULL - Agenda","article_modified_time":"2021-04-16T11:54:45+00:00","og_image":[{"width":700,"height":350,"url":"https:\/\/www.ull.es\/portal\/agenda\/wp-content\/uploads\/sites\/12\/2021\/02\/huellacarbono.png","type":"image\/png"}],"twitter_card":"summary_large_image","twitter_misc":{"Tiempo de lectura":"2 minutos"},"schema":{"@context":"https:\/\/schema.org","@graph":[{"@type":"WebPage","@id":"https:\/\/www.ull.es\/portal\/agenda\/evento\/huella-de-carbono-y-la-huella-hidrica-en-proyectos-de-ingenieria\/","url":"https:\/\/www.ull.es\/portal\/agenda\/evento\/huella-de-carbono-y-la-huella-hidrica-en-proyectos-de-ingenieria\/","name":"Huella de carbono y la huella h\u00eddrica en proyectos de ingenier\u00eda - ULL - Agenda","isPartOf":{"@id":"https:\/\/www.ull.es\/portal\/agenda\/#website"},"datePublished":"2021-02-19T12:35:43+00:00","dateModified":"2021-04-16T11:54:45+00:00","breadcrumb":{"@id":"https:\/\/www.ull.es\/portal\/agenda\/evento\/huella-de-carbono-y-la-huella-hidrica-en-proyectos-de-ingenieria\/#breadcrumb"},"inLanguage":"es","potentialAction":[{"@type":"ReadAction","target":["https:\/\/www.ull.es\/portal\/agenda\/evento\/huella-de-carbono-y-la-huella-hidrica-en-proyectos-de-ingenieria\/"]}]},{"@type":"BreadcrumbList","@id":"https:\/\/www.ull.es\/portal\/agenda\/evento\/huella-de-carbono-y-la-huella-hidrica-en-proyectos-de-ingenieria\/#breadcrumb","itemListElement":[{"@type":"ListItem","position":1,"name":"Portada","item":"https:\/\/www.ull.es\/portal\/agenda\/"},{"@type":"ListItem","position":2,"name":"Huella de carbono y la huella h\u00eddrica en proyectos de ingenier\u00eda"}]},{"@type":"WebSite","@id":"https:\/\/www.ull.es\/portal\/agenda\/#website","url":"https:\/\/www.ull.es\/portal\/agenda\/","name":"ULL - Agenda","description":"","potentialAction":[{"@type":"SearchAction","target":{"@type":"EntryPoint","urlTemplate":"https:\/\/www.ull.es\/portal\/agenda\/?s={search_term_string}"},"query-input":"required name=search_term_string"}],"inLanguage":"es"}]}},"_links":{"self":[{"href":"https:\/\/www.ull.es\/portal\/agenda\/wp-json\/wp\/v2\/tribe_events\/18470"}],"collection":[{"href":"https:\/\/www.ull.es\/portal\/agenda\/wp-json\/wp\/v2\/tribe_events"}],"about":[{"href":"https:\/\/www.ull.es\/portal\/agenda\/wp-json\/wp\/v2\/types\/tribe_events"}],"author":[{"embeddable":true,"href":"https:\/\/www.ull.es\/portal\/agenda\/wp-json\/wp\/v2\/users\/43"}],"replies":[{"embeddable":true,"href":"https:\/\/www.ull.es\/portal\/agenda\/wp-json\/wp\/v2\/comments?post=18470"}],"version-history":[{"count":4,"href":"https:\/\/www.ull.es\/portal\/agenda\/wp-json\/wp\/v2\/tribe_events\/18470\/revisions"}],"predecessor-version":[{"id":19137,"href":"https:\/\/www.ull.es\/portal\/agenda\/wp-json\/wp\/v2\/tribe_events\/18470\/revisions\/19137"}],"wp:featuredmedia":[{"embeddable":true,"href":"https:\/\/www.ull.es\/portal\/agenda\/wp-json\/wp\/v2\/media\/18471"}],"wp:attachment":[{"href":"https:\/\/www.ull.es\/portal\/agenda\/wp-json\/wp\/v2\/media?parent=18470"}],"wp:term":[{"taxonomy":"post_tag","embeddable":true,"href":"https:\/\/www.ull.es\/portal\/agenda\/wp-json\/wp\/v2\/tags?post=18470"},{"taxonomy":"tribe_events_cat","embeddable":true,"href":"https:\/\/www.ull.es\/portal\/agenda\/wp-json\/wp\/v2\/tribe_events_cat?post=18470"}],"curies":[{"name":"wp","href":"https:\/\/api.w.org\/{rel}","templated":true}]}}

Huella de carbono y la huella hídrica en proyectos de ingeniería

<p>Curso de Extensión Universitaria organizado por el Aula Cultural del Agua de la ULL, que se celebrará entre el<strong> 4 y 7 de mayo de 2021</strong>, dirigido especialmente a alumnado de Ingeniería Agrícola y del Medio Rural.</p>
<p>Objetivos:</p>
<ul>
<li>Conocer el concepto de huella de carbono y los procedimientos para su cálculo.</li>
<li>Conocer el concepto de huella hídrica y los procedimientos para su cálculo.</li>
<li>Desarrollo de un proyecto de estimación de las huellas de carbono e hídrica básico.</li>
</ul>
<p>Dirigen:</p>
<ul>
<li>Juan Carlos Santamarta Cerezal. Profesor contratado doctor de Departamento de Ingeniería Agraria, Náutica, Civil y Marítima.</li>
<li>Noelia Cruz Pérez. Investigadora del Departamento de de Ingeniería Agraria, Civil, Náutica y Marítima de la ULL.</li>
</ul>
<p><strong>CERTIFICADO DE ASISTENCIA, APTITUD Y RECONOCIMIENTO POR CRÉDITO ECTS</strong></p>
<p>La ULL, a través del Vicerrectorado de Cultura, Participación Social y Campus Ofra y La Palma, emitirá un certificado de asistencia a todas aquellas personas que asistan a un mínimo del 80% de las horas lectivas presenciales. Asimismo, aquellas personas que superen el trabajo autónomo del alumnado, recibirán un certificado de asistencia y aprovechamiento, reconocible a su vez por un crédito ECTS.</p>
<p><a href="https://sede.fg.ull.es/es/curso/detalle/a21020036/huella-de-carbono-y-la-huella-hidrica-en-proyectos-de-ingenieria" target="_blank" rel="noopener noreferrer" target="_blank" rel="noopener"><strong><u>Consulta el programa e inscríbete aquí.</u></strong></a></p>
<p><strong><span style="color: #ff0000">¡PLAZAS AGOTADAS!</span></strong></p>
<p><strong>Contacto: 922 319 616 / 922 319 626 – </strong><a href="mailto:extuni@ull.edu.es" target="_blank" rel="noopener"><strong>extuni@ull.es</strong></a></p>
<p><span style="color: #333399"><strong>GARANTÍA DE SEGURIDAD SANITARIA (covid-19)</strong></span></p>
<p><span style="color: #333399"><em>Debido a la situación de alerta sanitaria, se garantiza que el lugar de celebración del curso estará adaptado para asegurar la higiene y el distanciamiento personal entre todos los asistentes. Asimismo, cada persona deberá ir provista de mascarilla.</em></span></p>

<p>Curso de Extensión Universitaria organizado por el Aula Cultural del Agua de la ULL, que se celebrará entre el 4 y 7 de mayo de 2021, dirigido especialmente a alumnado de Ingeniería Agrícola y del Medio Rural. Objetivos: Conocer el concepto de huella de carbono y los procedimientos para su cálculo. Conocer el concepto de&#8230;</p>

<!-- This site is optimized with the Yoast SEO plugin v21.3 - https://yoast.com/wordpress/plugins/seo/ -->
<title>Huella de carbono y la huella hídrica en proyectos de ingeniería - ULL - Agenda</title>
<meta name="robots" content="index, follow, max-snippet:-1, max-image-preview:large, max-video-preview:-1" />
<link rel="canonical" href="https://www.ull.es/portal/agenda/evento/huella-de-carbono-y-la-huella-hidrica-en-proyectos-de-ingenieria/" />
<meta property="og:locale" content="es_ES" />
<meta property="og:type" content="article" />
<meta property="og:title" content="Huella de carbono y la huella hídrica en proyectos de ingeniería - ULL - Agenda" />
<meta property="og:description" content="Curso de Extensión Universitaria organizado por el Aula Cultural del Agua de la ULL, que se celebrará entre el 4 y 7 de mayo de 2021, dirigido especialmente a alumnado de Ingeniería Agrícola y del Medio Rural. Objetivos: Conocer el concepto de huella de carbono y los procedimientos para su cálculo. Conocer el concepto de..." />
<meta property="og:url" content="https://www.ull.es/portal/agenda/evento/huella-de-carbono-y-la-huella-hidrica-en-proyectos-de-ingenieria/" />
<meta property="og:site_name" content="ULL - Agenda" />
<meta property="article:modified_time" content="2021-04-16T11:54:45+00:00" />
<meta property="og:image" content="https://www.ull.es/portal/agenda/wp-content/uploads/sites/12/2021/02/huellacarbono.png" />
	<meta property="og:image:width" content="700" />
	<meta property="og:image:height" content="350" />
	<meta property="og:image:type" content="image/png" />
<meta name="twitter:card" content="summary_large_image" />
<meta name="twitter:label1" content="Tiempo de lectura" />
	<meta name="twitter:data1" content="2 minutos" />
<script type="application/ld+json" class="yoast-schema-graph">{"@context":"https://schema.org","@graph":[{"@type":"WebPage","@id":"https://www.ull.es/portal/agenda/evento/huella-de-carbono-y-la-huella-hidrica-en-proyectos-de-ingenieria/","url":"https://www.ull.es/portal/agenda/evento/huella-de-carbono-y-la-huella-hidrica-en-proyectos-de-ingenieria/","name":"Huella de carbono y la huella hídrica en proyectos de ingeniería - ULL - Agenda","isPartOf":{"@id":"https://www.ull.es/portal/agenda/#website"},"datePublished":"2021-02-19T12:35:43+00:00","dateModified":"2021-04-16T11:54:45+00:00","breadcrumb":{"@id":"https://www.ull.es/portal/agenda/evento/huella-de-carbono-y-la-huella-hidrica-en-proyectos-de-ingenieria/#breadcrumb"},"inLanguage":"es","potentialAction":[{"@type":"ReadAction","target":["https://www.ull.es/portal/agenda/evento/huella-de-carbono-y-la-huella-hidrica-en-proyectos-de-ingenieria/"]}]},{"@type":"BreadcrumbList","@id":"https://www.ull.es/portal/agenda/evento/huella-de-carbono-y-la-huella-hidrica-en-proyectos-de-ingenieria/#breadcrumb","itemListElement":[{"@type":"ListItem","position":1,"name":"Portada","item":"https://www.ull.es/portal/agenda/"},{"@type":"ListItem","position":2,"name":"Huella de carbono y la huella hídrica en proyectos de ingeniería"}]},{"@type":"WebSite","@id":"https://www.ull.es/portal/agenda/#website","url":"https://www.ull.es/portal/agenda/","name":"ULL - Agenda","description":"","potentialAction":[{"@type":"SearchAction","target":{"@type":"EntryPoint","urlTemplate":"https://www.ull.es/portal/agenda/?s={search_term_string}"},"query-input":"required name=search_term_string"}],"inLanguage":"es"}]}</script>
<!-- / Yoast SEO plugin. -->

Huella de carbono y la huella hídrica en proyectos de ingeniería - ULL - Agenda

Curso de Extensión Universitaria organizado por el Aula Cultural del Agua de la ULL, que se celebrará entre el 4 y 7 de mayo de 2021, dirigido especialmente a alumnado de Ingeniería Agrícola y del Medio Rural. Objetivos: Conocer el concepto de huella de carbono y los procedimientos para su cálculo. Conocer el concepto de...
