{"id":18980,"date":"2021-03-25T11:37:46","date_gmt":"2021-03-25T11:37:46","guid":{"rendered":"https:\/\/www.ull.es\/portal\/agenda\/?post_type=tribe_events&#038;p=18980"},"modified":"2021-04-05T10:34:09","modified_gmt":"2021-04-05T10:34:09","slug":"xxxv-semana-de-teologia-la-vulnerabilidad-reiniciar-desde-la-fragilidad","status":"publish","type":"tribe_events","link":"https:\/\/www.ull.es\/portal\/agenda\/evento\/xxxv-semana-de-teologia-la-vulnerabilidad-reiniciar-desde-la-fragilidad\/","title":{"rendered":"XXXV Semana de Teolog\u00eda. \u00abLa vulnerabilidad. Reiniciar desde la fragilidad\u00bb"},"content":{"rendered":"<p>Curso de Extensi\u00f3n Universitaria organizado por el Vicerrectorado de Cultura, Participaci\u00f3n Social y Campus Ofra y La Palma y el Instituto Superior de Teolog\u00eda de las Islas Canarias (ISTIC), que se impartir\u00e1 en modalidad\u00a0<strong>online<\/strong> (permitida presencialidad con aforo limitado) entre el 28 y el 30 de abril de 2021, <strong>reconocible por 1 ECTS<\/strong>.<\/p>\n<p>Las jornadas de teolog\u00eda consisten en una sucesi\u00f3n de ponencias y de mesas redondas en las que se expondr\u00e1n diversos aspectos de la vulnerabilidad. Tras los acontecimientos mundiales provocados por la pandemia del Covid-19, la vulnerabilidad ha vuelto a ser un tema de reflexi\u00f3n de primera l\u00ednea. Una sociedad vulnerable no es una sociedad incapaz o d\u00e9bil, sino una sociedad consciente de su fragilidad y limitaci\u00f3n. Este reconocimiento, lejos de debilitarla, se convierte en una fortaleza.<\/p>\n<p>Para ello, afrontaremos esta cuesti\u00f3n desde diversos \u00e1mbitos del pensamiento: la econom\u00eda, la psicolog\u00eda, la filosof\u00eda, la sagrada escritura, los medios de comunicaci\u00f3n social y la teolog\u00eda. Cada d\u00eda, tras las ponencias de los diversos invitados, se ofrecer\u00e1 un tiempo de preguntas y di\u00e1logo con los ponentes con vista a clarificar o ampliar aquellos temas que los participantes crean oportunos.<\/p>\n<p>Objetivos:<\/p>\n<ul>\n<li>Leer, comprender y comentar con esp\u00edritu cr\u00edtico y perspectiva multidisciplinar las diversas situaciones de vulnerabilidad que se presentan en el contexto actual.<\/li>\n<li>Discernir con profundidad el momento actual, la terminolog\u00eda propia y las diversas perspectivas y propuestas que se presentan en una realidad post-Covid.<\/li>\n<li>Favorecer un criterio propio frente a los comentarios y confusiones actuales que los problemas planteados generan en la sociedad.<\/li>\n<li>Sugerir itinerarios de profundizaci\u00f3n y compromiso con las diferentes \u00e1reas de la realidad vulnerable.<\/li>\n<\/ul>\n<p>Dirige: Julio Antonio Brito Santana. Profesor Titular de Universidad del Departamento de Ingenier\u00eda Inform\u00e1tica y de Sistemas de la ULL.<\/p>\n<p><strong>CERTIFICADO DE ASISTENCIA, APTITUD Y RECONOCIMIENTO POR CR\u00c9DITO ECTS<\/strong><\/p>\n<p>La ULL, a trav\u00e9s del Vicerrectorado de Cultura, Participaci\u00f3n Social y Campus Ofra y La Palma, emitir\u00e1 un certificado de asistencia a todas aquellas personas que asistan a un m\u00ednimo del 80% de las horas lectivas presenciales. Asimismo, aquellas personas que superen el trabajo aut\u00f3nomo del alumnado, recibir\u00e1n un certificado de asistencia y aprovechamiento, reconocible a su vez por un cr\u00e9dito ECTS.<\/p>\n<p><a href=\"https:\/\/docs.google.com\/forms\/d\/e\/1FAIpQLSf5VQC8POaSi6SJUxBsNz_LcYCi1iZecXDymW3i-_OCWwFUQQ\/viewform?gxids=7628\" target=\"_blank\" rel=\"noopener noreferrer\" target=\"_blank\" rel=\"noopener\"><strong>INSCR\u00cdBETE AQU\u00cd.<\/strong><\/a><\/p>\n<p><a href=\"https:\/\/drive.google.com\/file\/d\/1okRRdcoXoRNSAa-AtMsLZWb17gPwr8gt\/view?usp=sharing\" target=\"_blank\" rel=\"noopener noreferrer\" target=\"_blank\" rel=\"noopener\"><strong>Descargar programa.<\/strong><\/a><\/p>\n<p><strong>Contacto (ISTIC): 922 252 540 \u2013\u00a0<a href=\"mailto:secretaria@cettenerife.org\" target=\"_blank\" rel=\"noopener\">secretaria@cettenerife.org<\/a><\/strong><\/p>\n<p><strong>Contacto (ULL): 922 319 616 \/ 922 319 626 \u2013\u00a0<\/strong><a href=\"mailto:extuni@ull.edu.es\" target=\"_blank\" rel=\"noopener\"><strong>extuni@ull.es<\/strong><\/a><\/p>\n<p><em>El curso se celebrar\u00e1 de manera online, siendo permitida la presencialidad con aforo limitado en la sede del Instituto Superior de Teolog\u00eda de las Islas Canarias, \u201cVirgen de Candelaria\u201d (Sede de Tenerife, Camino Real de La Verdellada, 1. 38207. La Laguna)<\/em><\/p>\n<p><span style=\"color: #5c068c\"><strong>GARANT\u00cdA DE SEGURIDAD SANITARIA (covid-19)<\/strong><\/span><\/p>\n<p><span style=\"color: #5c068c\"><em>Debido a la situaci\u00f3n de alerta sanitaria, se garantiza que el lugar de celebraci\u00f3n del curso estar\u00e1 adaptado para asegurar la higiene y el distanciamiento personal entre todos los asistentes. Asimismo, cada persona deber\u00e1 ir provista de mascarilla.<\/em><\/span><\/p>\n","protected":false},"excerpt":{"rendered":"<p>Curso de Extensi\u00f3n Universitaria organizado por el Vicerrectorado de Cultura, Participaci\u00f3n Social y Campus Ofra y La Palma y el Instituto Superior de Teolog\u00eda de las Islas Canarias (ISTIC), que se impartir\u00e1 en modalidad\u00a0online (permitida presencialidad con aforo limitado) entre el 28 y el 30 de abril de 2021, reconocible por 1 ECTS. Las jornadas&#8230;<\/p>\n","protected":false},"author":43,"featured_media":18982,"comment_status":"closed","ping_status":"closed","template":"","tags":[3723,977,3812,727,728,98],"tribe_events_cat":[472,4,186],"acf":[],"yoast_head":"<!-- This site is optimized with the Yoast SEO plugin v21.3 - https:\/\/yoast.com\/wordpress\/plugins\/seo\/ -->\n<title>XXXV Semana de Teolog\u00eda. &quot;La vulnerabilidad. Reiniciar desde la fragilidad&quot; - ULL - Agenda<\/title>\n<meta name=\"robots\" content=\"index, follow, max-snippet:-1, max-image-preview:large, max-video-preview:-1\" \/>\n<link rel=\"canonical\" href=\"https:\/\/www.ull.es\/portal\/agenda\/evento\/xxxv-semana-de-teologia-la-vulnerabilidad-reiniciar-desde-la-fragilidad\/\" \/>\n<meta property=\"og:locale\" content=\"es_ES\" \/>\n<meta property=\"og:type\" content=\"article\" \/>\n<meta property=\"og:title\" content=\"XXXV Semana de Teolog\u00eda. &quot;La vulnerabilidad. Reiniciar desde la fragilidad&quot; - ULL - Agenda\" \/>\n<meta property=\"og:description\" content=\"Curso de Extensi\u00f3n Universitaria organizado por el Vicerrectorado de Cultura, Participaci\u00f3n Social y Campus Ofra y La Palma y el Instituto Superior de Teolog\u00eda de las Islas Canarias (ISTIC), que se impartir\u00e1 en modalidad\u00a0online (permitida presencialidad con aforo limitado) entre el 28 y el 30 de abril de 2021, reconocible por 1 ECTS. Las jornadas...\" \/>\n<meta property=\"og:url\" content=\"https:\/\/www.ull.es\/portal\/agenda\/evento\/xxxv-semana-de-teologia-la-vulnerabilidad-reiniciar-desde-la-fragilidad\/\" \/>\n<meta property=\"og:site_name\" content=\"ULL - Agenda\" \/>\n<meta property=\"article:modified_time\" content=\"2021-04-05T10:34:09+00:00\" \/>\n<meta property=\"og:image\" content=\"https:\/\/www.ull.es\/portal\/agenda\/wp-content\/uploads\/sites\/12\/2021\/03\/BannerISTIC.png\" \/>\n\t<meta property=\"og:image:width\" content=\"700\" \/>\n\t<meta property=\"og:image:height\" content=\"350\" \/>\n\t<meta property=\"og:image:type\" content=\"image\/png\" \/>\n<meta name=\"twitter:card\" content=\"summary_large_image\" \/>\n<meta name=\"twitter:label1\" content=\"Tiempo de lectura\" \/>\n\t<meta name=\"twitter:data1\" content=\"3 minutos\" \/>\n<script type=\"application\/ld+json\" class=\"yoast-schema-graph\">{\"@context\":\"https:\/\/schema.org\",\"@graph\":[{\"@type\":\"WebPage\",\"@id\":\"https:\/\/www.ull.es\/portal\/agenda\/evento\/xxxv-semana-de-teologia-la-vulnerabilidad-reiniciar-desde-la-fragilidad\/\",\"url\":\"https:\/\/www.ull.es\/portal\/agenda\/evento\/xxxv-semana-de-teologia-la-vulnerabilidad-reiniciar-desde-la-fragilidad\/\",\"name\":\"XXXV Semana de Teolog\u00eda. \\\"La vulnerabilidad. Reiniciar desde la fragilidad\\\" - ULL - Agenda\",\"isPartOf\":{\"@id\":\"https:\/\/www.ull.es\/portal\/agenda\/#website\"},\"datePublished\":\"2021-03-25T11:37:46+00:00\",\"dateModified\":\"2021-04-05T10:34:09+00:00\",\"breadcrumb\":{\"@id\":\"https:\/\/www.ull.es\/portal\/agenda\/evento\/xxxv-semana-de-teologia-la-vulnerabilidad-reiniciar-desde-la-fragilidad\/#breadcrumb\"},\"inLanguage\":\"es\",\"potentialAction\":[{\"@type\":\"ReadAction\",\"target\":[\"https:\/\/www.ull.es\/portal\/agenda\/evento\/xxxv-semana-de-teologia-la-vulnerabilidad-reiniciar-desde-la-fragilidad\/\"]}]},{\"@type\":\"BreadcrumbList\",\"@id\":\"https:\/\/www.ull.es\/portal\/agenda\/evento\/xxxv-semana-de-teologia-la-vulnerabilidad-reiniciar-desde-la-fragilidad\/#breadcrumb\",\"itemListElement\":[{\"@type\":\"ListItem\",\"position\":1,\"name\":\"Portada\",\"item\":\"https:\/\/www.ull.es\/portal\/agenda\/\"},{\"@type\":\"ListItem\",\"position\":2,\"name\":\"XXXV Semana de Teolog\u00eda. \u00abLa vulnerabilidad. Reiniciar desde la fragilidad\u00bb\"}]},{\"@type\":\"WebSite\",\"@id\":\"https:\/\/www.ull.es\/portal\/agenda\/#website\",\"url\":\"https:\/\/www.ull.es\/portal\/agenda\/\",\"name\":\"ULL - Agenda\",\"description\":\"\",\"potentialAction\":[{\"@type\":\"SearchAction\",\"target\":{\"@type\":\"EntryPoint\",\"urlTemplate\":\"https:\/\/www.ull.es\/portal\/agenda\/?s={search_term_string}\"},\"query-input\":\"required name=search_term_string\"}],\"inLanguage\":\"es\"}]}<\/script>\n<!-- \/ Yoast SEO plugin. -->","yoast_head_json":{"title":"XXXV Semana de Teolog\u00eda. \"La vulnerabilidad. Reiniciar desde la fragilidad\" - ULL - Agenda","robots":{"index":"index","follow":"follow","max-snippet":"max-snippet:-1","max-image-preview":"max-image-preview:large","max-video-preview":"max-video-preview:-1"},"canonical":"https:\/\/www.ull.es\/portal\/agenda\/evento\/xxxv-semana-de-teologia-la-vulnerabilidad-reiniciar-desde-la-fragilidad\/","og_locale":"es_ES","og_type":"article","og_title":"XXXV Semana de Teolog\u00eda. \"La vulnerabilidad. Reiniciar desde la fragilidad\" - ULL - Agenda","og_description":"Curso de Extensi\u00f3n Universitaria organizado por el Vicerrectorado de Cultura, Participaci\u00f3n Social y Campus Ofra y La Palma y el Instituto Superior de Teolog\u00eda de las Islas Canarias (ISTIC), que se impartir\u00e1 en modalidad\u00a0online (permitida presencialidad con aforo limitado) entre el 28 y el 30 de abril de 2021, reconocible por 1 ECTS. Las jornadas...","og_url":"https:\/\/www.ull.es\/portal\/agenda\/evento\/xxxv-semana-de-teologia-la-vulnerabilidad-reiniciar-desde-la-fragilidad\/","og_site_name":"ULL - Agenda","article_modified_time":"2021-04-05T10:34:09+00:00","og_image":[{"width":700,"height":350,"url":"https:\/\/www.ull.es\/portal\/agenda\/wp-content\/uploads\/sites\/12\/2021\/03\/BannerISTIC.png","type":"image\/png"}],"twitter_card":"summary_large_image","twitter_misc":{"Tiempo de lectura":"3 minutos"},"schema":{"@context":"https:\/\/schema.org","@graph":[{"@type":"WebPage","@id":"https:\/\/www.ull.es\/portal\/agenda\/evento\/xxxv-semana-de-teologia-la-vulnerabilidad-reiniciar-desde-la-fragilidad\/","url":"https:\/\/www.ull.es\/portal\/agenda\/evento\/xxxv-semana-de-teologia-la-vulnerabilidad-reiniciar-desde-la-fragilidad\/","name":"XXXV Semana de Teolog\u00eda. \"La vulnerabilidad. Reiniciar desde la fragilidad\" - ULL - Agenda","isPartOf":{"@id":"https:\/\/www.ull.es\/portal\/agenda\/#website"},"datePublished":"2021-03-25T11:37:46+00:00","dateModified":"2021-04-05T10:34:09+00:00","breadcrumb":{"@id":"https:\/\/www.ull.es\/portal\/agenda\/evento\/xxxv-semana-de-teologia-la-vulnerabilidad-reiniciar-desde-la-fragilidad\/#breadcrumb"},"inLanguage":"es","potentialAction":[{"@type":"ReadAction","target":["https:\/\/www.ull.es\/portal\/agenda\/evento\/xxxv-semana-de-teologia-la-vulnerabilidad-reiniciar-desde-la-fragilidad\/"]}]},{"@type":"BreadcrumbList","@id":"https:\/\/www.ull.es\/portal\/agenda\/evento\/xxxv-semana-de-teologia-la-vulnerabilidad-reiniciar-desde-la-fragilidad\/#breadcrumb","itemListElement":[{"@type":"ListItem","position":1,"name":"Portada","item":"https:\/\/www.ull.es\/portal\/agenda\/"},{"@type":"ListItem","position":2,"name":"XXXV Semana de Teolog\u00eda. \u00abLa vulnerabilidad. Reiniciar desde la fragilidad\u00bb"}]},{"@type":"WebSite","@id":"https:\/\/www.ull.es\/portal\/agenda\/#website","url":"https:\/\/www.ull.es\/portal\/agenda\/","name":"ULL - Agenda","description":"","potentialAction":[{"@type":"SearchAction","target":{"@type":"EntryPoint","urlTemplate":"https:\/\/www.ull.es\/portal\/agenda\/?s={search_term_string}"},"query-input":"required name=search_term_string"}],"inLanguage":"es"}]}},"_links":{"self":[{"href":"https:\/\/www.ull.es\/portal\/agenda\/wp-json\/wp\/v2\/tribe_events\/18980"}],"collection":[{"href":"https:\/\/www.ull.es\/portal\/agenda\/wp-json\/wp\/v2\/tribe_events"}],"about":[{"href":"https:\/\/www.ull.es\/portal\/agenda\/wp-json\/wp\/v2\/types\/tribe_events"}],"author":[{"embeddable":true,"href":"https:\/\/www.ull.es\/portal\/agenda\/wp-json\/wp\/v2\/users\/43"}],"replies":[{"embeddable":true,"href":"https:\/\/www.ull.es\/portal\/agenda\/wp-json\/wp\/v2\/comments?post=18980"}],"version-history":[{"count":4,"href":"https:\/\/www.ull.es\/portal\/agenda\/wp-json\/wp\/v2\/tribe_events\/18980\/revisions"}],"predecessor-version":[{"id":19023,"href":"https:\/\/www.ull.es\/portal\/agenda\/wp-json\/wp\/v2\/tribe_events\/18980\/revisions\/19023"}],"wp:featuredmedia":[{"embeddable":true,"href":"https:\/\/www.ull.es\/portal\/agenda\/wp-json\/wp\/v2\/media\/18982"}],"wp:attachment":[{"href":"https:\/\/www.ull.es\/portal\/agenda\/wp-json\/wp\/v2\/media?parent=18980"}],"wp:term":[{"taxonomy":"post_tag","embeddable":true,"href":"https:\/\/www.ull.es\/portal\/agenda\/wp-json\/wp\/v2\/tags?post=18980"},{"taxonomy":"tribe_events_cat","embeddable":true,"href":"https:\/\/www.ull.es\/portal\/agenda\/wp-json\/wp\/v2\/tribe_events_cat?post=18980"}],"curies":[{"name":"wp","href":"https:\/\/api.w.org\/{rel}","templated":true}]}}

XXXV Semana de Teología. «La vulnerabilidad. Reiniciar desde la fragilidad»

<p>Curso de Extensión Universitaria organizado por el Vicerrectorado de Cultura, Participación Social y Campus Ofra y La Palma y el Instituto Superior de Teología de las Islas Canarias (ISTIC), que se impartirá en modalidad <strong>online</strong> (permitida presencialidad con aforo limitado) entre el 28 y el 30 de abril de 2021, <strong>reconocible por 1 ECTS</strong>.</p>
<p>Las jornadas de teología consisten en una sucesión de ponencias y de mesas redondas en las que se expondrán diversos aspectos de la vulnerabilidad. Tras los acontecimientos mundiales provocados por la pandemia del Covid-19, la vulnerabilidad ha vuelto a ser un tema de reflexión de primera línea. Una sociedad vulnerable no es una sociedad incapaz o débil, sino una sociedad consciente de su fragilidad y limitación. Este reconocimiento, lejos de debilitarla, se convierte en una fortaleza.</p>
<p>Para ello, afrontaremos esta cuestión desde diversos ámbitos del pensamiento: la economía, la psicología, la filosofía, la sagrada escritura, los medios de comunicación social y la teología. Cada día, tras las ponencias de los diversos invitados, se ofrecerá un tiempo de preguntas y diálogo con los ponentes con vista a clarificar o ampliar aquellos temas que los participantes crean oportunos.</p>
<p>Objetivos:</p>
<ul>
<li>Leer, comprender y comentar con espíritu crítico y perspectiva multidisciplinar las diversas situaciones de vulnerabilidad que se presentan en el contexto actual.</li>
<li>Discernir con profundidad el momento actual, la terminología propia y las diversas perspectivas y propuestas que se presentan en una realidad post-Covid.</li>
<li>Favorecer un criterio propio frente a los comentarios y confusiones actuales que los problemas planteados generan en la sociedad.</li>
<li>Sugerir itinerarios de profundización y compromiso con las diferentes áreas de la realidad vulnerable.</li>
</ul>
<p>Dirige: Julio Antonio Brito Santana. Profesor Titular de Universidad del Departamento de Ingeniería Informática y de Sistemas de la ULL.</p>
<p><strong>CERTIFICADO DE ASISTENCIA, APTITUD Y RECONOCIMIENTO POR CRÉDITO ECTS</strong></p>
<p>La ULL, a través del Vicerrectorado de Cultura, Participación Social y Campus Ofra y La Palma, emitirá un certificado de asistencia a todas aquellas personas que asistan a un mínimo del 80% de las horas lectivas presenciales. Asimismo, aquellas personas que superen el trabajo autónomo del alumnado, recibirán un certificado de asistencia y aprovechamiento, reconocible a su vez por un crédito ECTS.</p>
<p><a href="https://docs.google.com/forms/d/e/1FAIpQLSf5VQC8POaSi6SJUxBsNz_LcYCi1iZecXDymW3i-_OCWwFUQQ/viewform?gxids=7628" target="_blank" rel="noopener noreferrer" target="_blank" rel="noopener"><strong>INSCRÍBETE AQUÍ.</strong></a></p>
<p><a href="https://drive.google.com/file/d/1okRRdcoXoRNSAa-AtMsLZWb17gPwr8gt/view?usp=sharing" target="_blank" rel="noopener noreferrer" target="_blank" rel="noopener"><strong>Descargar programa.</strong></a></p>
<p><strong>Contacto (ISTIC): 922 252 540 – <a href="mailto:secretaria@cettenerife.org" target="_blank" rel="noopener">secretaria@cettenerife.org</a></strong></p>
<p><strong>Contacto (ULL): 922 319 616 / 922 319 626 – </strong><a href="mailto:extuni@ull.edu.es" target="_blank" rel="noopener"><strong>extuni@ull.es</strong></a></p>
<p><em>El curso se celebrará de manera online, siendo permitida la presencialidad con aforo limitado en la sede del Instituto Superior de Teología de las Islas Canarias, “Virgen de Candelaria” (Sede de Tenerife, Camino Real de La Verdellada, 1. 38207. La Laguna)</em></p>
<p><span style="color: #5c068c"><strong>GARANTÍA DE SEGURIDAD SANITARIA (covid-19)</strong></span></p>
<p><span style="color: #5c068c"><em>Debido a la situación de alerta sanitaria, se garantiza que el lugar de celebración del curso estará adaptado para asegurar la higiene y el distanciamiento personal entre todos los asistentes. Asimismo, cada persona deberá ir provista de mascarilla.</em></span></p>

<p>Curso de Extensión Universitaria organizado por el Vicerrectorado de Cultura, Participación Social y Campus Ofra y La Palma y el Instituto Superior de Teología de las Islas Canarias (ISTIC), que se impartirá en modalidad online (permitida presencialidad con aforo limitado) entre el 28 y el 30 de abril de 2021, reconocible por 1 ECTS. Las jornadas&#8230;</p>

<!-- This site is optimized with the Yoast SEO plugin v21.3 - https://yoast.com/wordpress/plugins/seo/ -->
<title>XXXV Semana de Teología. &quot;La vulnerabilidad. Reiniciar desde la fragilidad&quot; - ULL - Agenda</title>
<meta name="robots" content="index, follow, max-snippet:-1, max-image-preview:large, max-video-preview:-1" />
<link rel="canonical" href="https://www.ull.es/portal/agenda/evento/xxxv-semana-de-teologia-la-vulnerabilidad-reiniciar-desde-la-fragilidad/" />
<meta property="og:locale" content="es_ES" />
<meta property="og:type" content="article" />
<meta property="og:title" content="XXXV Semana de Teología. &quot;La vulnerabilidad. Reiniciar desde la fragilidad&quot; - ULL - Agenda" />
<meta property="og:description" content="Curso de Extensión Universitaria organizado por el Vicerrectorado de Cultura, Participación Social y Campus Ofra y La Palma y el Instituto Superior de Teología de las Islas Canarias (ISTIC), que se impartirá en modalidad online (permitida presencialidad con aforo limitado) entre el 28 y el 30 de abril de 2021, reconocible por 1 ECTS. Las jornadas..." />
<meta property="og:url" content="https://www.ull.es/portal/agenda/evento/xxxv-semana-de-teologia-la-vulnerabilidad-reiniciar-desde-la-fragilidad/" />
<meta property="og:site_name" content="ULL - Agenda" />
<meta property="article:modified_time" content="2021-04-05T10:34:09+00:00" />
<meta property="og:image" content="https://www.ull.es/portal/agenda/wp-content/uploads/sites/12/2021/03/BannerISTIC.png" />
	<meta property="og:image:width" content="700" />
	<meta property="og:image:height" content="350" />
	<meta property="og:image:type" content="image/png" />
<meta name="twitter:card" content="summary_large_image" />
<meta name="twitter:label1" content="Tiempo de lectura" />
	<meta name="twitter:data1" content="3 minutos" />
<script type="application/ld+json" class="yoast-schema-graph">{"@context":"https://schema.org","@graph":[{"@type":"WebPage","@id":"https://www.ull.es/portal/agenda/evento/xxxv-semana-de-teologia-la-vulnerabilidad-reiniciar-desde-la-fragilidad/","url":"https://www.ull.es/portal/agenda/evento/xxxv-semana-de-teologia-la-vulnerabilidad-reiniciar-desde-la-fragilidad/","name":"XXXV Semana de Teología. \"La vulnerabilidad. Reiniciar desde la fragilidad\" - ULL - Agenda","isPartOf":{"@id":"https://www.ull.es/portal/agenda/#website"},"datePublished":"2021-03-25T11:37:46+00:00","dateModified":"2021-04-05T10:34:09+00:00","breadcrumb":{"@id":"https://www.ull.es/portal/agenda/evento/xxxv-semana-de-teologia-la-vulnerabilidad-reiniciar-desde-la-fragilidad/#breadcrumb"},"inLanguage":"es","potentialAction":[{"@type":"ReadAction","target":["https://www.ull.es/portal/agenda/evento/xxxv-semana-de-teologia-la-vulnerabilidad-reiniciar-desde-la-fragilidad/"]}]},{"@type":"BreadcrumbList","@id":"https://www.ull.es/portal/agenda/evento/xxxv-semana-de-teologia-la-vulnerabilidad-reiniciar-desde-la-fragilidad/#breadcrumb","itemListElement":[{"@type":"ListItem","position":1,"name":"Portada","item":"https://www.ull.es/portal/agenda/"},{"@type":"ListItem","position":2,"name":"XXXV Semana de Teología. «La vulnerabilidad. Reiniciar desde la fragilidad»"}]},{"@type":"WebSite","@id":"https://www.ull.es/portal/agenda/#website","url":"https://www.ull.es/portal/agenda/","name":"ULL - Agenda","description":"","potentialAction":[{"@type":"SearchAction","target":{"@type":"EntryPoint","urlTemplate":"https://www.ull.es/portal/agenda/?s={search_term_string}"},"query-input":"required name=search_term_string"}],"inLanguage":"es"}]}</script>
<!-- / Yoast SEO plugin. -->

XXXV Semana de Teología. "La vulnerabilidad. Reiniciar desde la fragilidad" - ULL - Agenda

Curso de Extensión Universitaria organizado por el Vicerrectorado de Cultura, Participación Social y Campus Ofra y La Palma y el Instituto Superior de Teología de las Islas Canarias (ISTIC), que se impartirá en modalidad online (permitida presencialidad con aforo limitado) entre el 28 y el 30 de abril de 2021, reconocible por 1 ECTS. Las jornadas...
