{"id":19061,"date":"2021-04-08T08:01:11","date_gmt":"2021-04-08T08:01:11","guid":{"rendered":"https:\/\/www.ull.es\/portal\/agenda\/?post_type=tribe_events&#038;p=19061"},"modified":"2021-04-29T14:22:06","modified_gmt":"2021-04-29T14:22:06","slug":"ciclo-de-primavera-de-jovenes-interpretes-recital-de-violonchelo-y-piano","status":"publish","type":"tribe_events","link":"https:\/\/www.ull.es\/portal\/agenda\/evento\/ciclo-de-primavera-de-jovenes-interpretes-recital-de-violonchelo-y-piano\/","title":{"rendered":"Ciclo de Primavera de J\u00f3venes Int\u00e9rpretes.\u00a0Recital de violonchelo y piano"},"content":{"rendered":"<p>Con este ciclo de conciertos se pretende dar continuidad al anterior Ciclo de J\u00f3venes Int\u00e9rpretes de la Universidad de La Laguna, una fruct\u00edfera colaboraci\u00f3n entre la instituci\u00f3n acad\u00e9mica y el Conservatorio de M\u00fasica de Santa Cruz de Tenerife. Con \u00e9l se brinda la oportunidad a los alumnos del Conservatorio de mostrar sus capacidades interpretativas y creativas en un ambiente y en un espacio profesional, con p\u00fablico, de modo que vayan adquiriendo la madurez para asumir retos de m\u00e1s envergadura en el futuro.<\/p>\n<p><strong>Int\u00e9rpretes:<\/strong>\u00a0Paula Torres Vega, violonchelo y\u00a0Sandra Gonz\u00e1lez, piano<\/p>\n<p><strong>Programa:<\/strong><\/p>\n<ul>\n<li>Suite V (preludio y giga) de Bach<\/li>\n<li>Sonata no. 3 op. 69 de Beethoven<\/li>\n<li>Concierto para cello en mi menor de Elgar (primer movimiento)<\/li>\n<li>Requiebros de Cassad\u00f3<\/li>\n<li>\u201cDe un lejano amor\u201d de Laura Vega<\/li>\n<\/ul>\n<p><strong>\u00a0Paula Torres Vega\u00a0\u00a0<\/strong><\/p>\n<p>Nacida en Las Palmas de Gran Canaria. Comienza sus estudios de m\u00fasica a sus 7 a\u00f1os en la Escuela Municipal de M\u00fasica de Santa Luc\u00eda. Posteriormente, accede a la Academia de la Orquesta Filarm\u00f3nica de Gran Canaria para continuar con sus estudios medios junto al profesor Carlos Rivero. Actualmente, est\u00e1 finalizando sus estudios de Grado Superior en el Conservatorio Superior de M\u00fasica de Canarias, donde ha recibido clases de Zdzislaw Tytlak y Antonio Le\u00f3n. En 2019 ha realizado una movilidad Erasmus al Conservatorio de Trieste (Italia) donde ha recibido clases de Pietro Serafin y \u2018Masterclass\u2019 de M\u00fasica de C\u00e1mara con Giovanni de Angeli y Sergio Lamberto. Ha recibido Clases Magistrales de violonchelo y m\u00fasica de c\u00e1mara de solistas como B\u00e1rbara Switalska, Michael Gieler, Johan Van Iersel, Asier Polo, Mar\u00eda Casado, Iv\u00e1n Siso, \u00c1ngel Luis Quintana, entre otros.<br \/>\nA su vez, ha formado parte de agrupaciones como la Orquesta Sinf\u00f3nica de Las Palmas, Joven Orquesta de Canarias, Joven orquesta de Gran Canaria, Inegale Joven Orquesta, Gran Canaria Wind Orchestra, Orquesta Universitaria Maestro Valle, Orquesta del Conservatorio de Trieste (Italia)\u2026<\/p>\n<p><a href=\"http:\/\/www.tomaticket.es\/paraninfoull\" target=\"_blank\" rel=\"noopener\" target=\"_blank\" rel=\"noopener\">Entrada por invitaci\u00f3n<\/a><\/p>\n","protected":false},"excerpt":{"rendered":"<p>Con este ciclo de conciertos se pretende dar continuidad al anterior Ciclo de J\u00f3venes Int\u00e9rpretes de la Universidad de La Laguna, una fruct\u00edfera colaboraci\u00f3n entre la instituci\u00f3n acad\u00e9mica y el Conservatorio de M\u00fasica de Santa Cruz de Tenerife. Con \u00e9l se brinda la oportunidad a los alumnos del Conservatorio de mostrar sus capacidades interpretativas y&#8230;<\/p>\n","protected":false},"author":65,"featured_media":19380,"comment_status":"closed","ping_status":"closed","template":"","tags":[],"tribe_events_cat":[4,343,191],"acf":[],"yoast_head":"<!-- This site is optimized with the Yoast SEO plugin v21.3 - https:\/\/yoast.com\/wordpress\/plugins\/seo\/ -->\n<title>Ciclo de Primavera de J\u00f3venes Int\u00e9rpretes.\u00a0Recital de violonchelo y piano - ULL - Agenda<\/title>\n<meta name=\"robots\" content=\"index, follow, max-snippet:-1, max-image-preview:large, max-video-preview:-1\" \/>\n<link rel=\"canonical\" href=\"https:\/\/www.ull.es\/portal\/agenda\/evento\/ciclo-de-primavera-de-jovenes-interpretes-recital-de-violonchelo-y-piano\/\" \/>\n<meta property=\"og:locale\" content=\"es_ES\" \/>\n<meta property=\"og:type\" content=\"article\" \/>\n<meta property=\"og:title\" content=\"Ciclo de Primavera de J\u00f3venes Int\u00e9rpretes.\u00a0Recital de violonchelo y piano - ULL - Agenda\" \/>\n<meta property=\"og:description\" content=\"Con este ciclo de conciertos se pretende dar continuidad al anterior Ciclo de J\u00f3venes Int\u00e9rpretes de la Universidad de La Laguna, una fruct\u00edfera colaboraci\u00f3n entre la instituci\u00f3n acad\u00e9mica y el Conservatorio de M\u00fasica de Santa Cruz de Tenerife. Con \u00e9l se brinda la oportunidad a los alumnos del Conservatorio de mostrar sus capacidades interpretativas y...\" \/>\n<meta property=\"og:url\" content=\"https:\/\/www.ull.es\/portal\/agenda\/evento\/ciclo-de-primavera-de-jovenes-interpretes-recital-de-violonchelo-y-piano\/\" \/>\n<meta property=\"og:site_name\" content=\"ULL - Agenda\" \/>\n<meta property=\"article:modified_time\" content=\"2021-04-29T14:22:06+00:00\" \/>\n<meta property=\"og:image\" content=\"https:\/\/www.ull.es\/portal\/agenda\/wp-content\/uploads\/sites\/12\/2021\/04\/4MAYO_AGENDA.jpg\" \/>\n\t<meta property=\"og:image:width\" content=\"700\" \/>\n\t<meta property=\"og:image:height\" content=\"350\" \/>\n\t<meta property=\"og:image:type\" content=\"image\/jpeg\" \/>\n<meta name=\"twitter:card\" content=\"summary_large_image\" \/>\n<meta name=\"twitter:label1\" content=\"Tiempo de lectura\" \/>\n\t<meta name=\"twitter:data1\" content=\"2 minutos\" \/>\n<script type=\"application\/ld+json\" class=\"yoast-schema-graph\">{\"@context\":\"https:\/\/schema.org\",\"@graph\":[{\"@type\":\"WebPage\",\"@id\":\"https:\/\/www.ull.es\/portal\/agenda\/evento\/ciclo-de-primavera-de-jovenes-interpretes-recital-de-violonchelo-y-piano\/\",\"url\":\"https:\/\/www.ull.es\/portal\/agenda\/evento\/ciclo-de-primavera-de-jovenes-interpretes-recital-de-violonchelo-y-piano\/\",\"name\":\"Ciclo de Primavera de J\u00f3venes Int\u00e9rpretes.\u00a0Recital de violonchelo y piano - ULL - Agenda\",\"isPartOf\":{\"@id\":\"https:\/\/www.ull.es\/portal\/agenda\/#website\"},\"datePublished\":\"2021-04-08T08:01:11+00:00\",\"dateModified\":\"2021-04-29T14:22:06+00:00\",\"breadcrumb\":{\"@id\":\"https:\/\/www.ull.es\/portal\/agenda\/evento\/ciclo-de-primavera-de-jovenes-interpretes-recital-de-violonchelo-y-piano\/#breadcrumb\"},\"inLanguage\":\"es\",\"potentialAction\":[{\"@type\":\"ReadAction\",\"target\":[\"https:\/\/www.ull.es\/portal\/agenda\/evento\/ciclo-de-primavera-de-jovenes-interpretes-recital-de-violonchelo-y-piano\/\"]}]},{\"@type\":\"BreadcrumbList\",\"@id\":\"https:\/\/www.ull.es\/portal\/agenda\/evento\/ciclo-de-primavera-de-jovenes-interpretes-recital-de-violonchelo-y-piano\/#breadcrumb\",\"itemListElement\":[{\"@type\":\"ListItem\",\"position\":1,\"name\":\"Portada\",\"item\":\"https:\/\/www.ull.es\/portal\/agenda\/\"},{\"@type\":\"ListItem\",\"position\":2,\"name\":\"Ciclo de Primavera de J\u00f3venes Int\u00e9rpretes.\u00a0Recital de violonchelo y piano\"}]},{\"@type\":\"WebSite\",\"@id\":\"https:\/\/www.ull.es\/portal\/agenda\/#website\",\"url\":\"https:\/\/www.ull.es\/portal\/agenda\/\",\"name\":\"ULL - Agenda\",\"description\":\"\",\"potentialAction\":[{\"@type\":\"SearchAction\",\"target\":{\"@type\":\"EntryPoint\",\"urlTemplate\":\"https:\/\/www.ull.es\/portal\/agenda\/?s={search_term_string}\"},\"query-input\":\"required name=search_term_string\"}],\"inLanguage\":\"es\"}]}<\/script>\n<!-- \/ Yoast SEO plugin. -->","yoast_head_json":{"title":"Ciclo de Primavera de J\u00f3venes Int\u00e9rpretes.\u00a0Recital de violonchelo y piano - ULL - Agenda","robots":{"index":"index","follow":"follow","max-snippet":"max-snippet:-1","max-image-preview":"max-image-preview:large","max-video-preview":"max-video-preview:-1"},"canonical":"https:\/\/www.ull.es\/portal\/agenda\/evento\/ciclo-de-primavera-de-jovenes-interpretes-recital-de-violonchelo-y-piano\/","og_locale":"es_ES","og_type":"article","og_title":"Ciclo de Primavera de J\u00f3venes Int\u00e9rpretes.\u00a0Recital de violonchelo y piano - ULL - Agenda","og_description":"Con este ciclo de conciertos se pretende dar continuidad al anterior Ciclo de J\u00f3venes Int\u00e9rpretes de la Universidad de La Laguna, una fruct\u00edfera colaboraci\u00f3n entre la instituci\u00f3n acad\u00e9mica y el Conservatorio de M\u00fasica de Santa Cruz de Tenerife. Con \u00e9l se brinda la oportunidad a los alumnos del Conservatorio de mostrar sus capacidades interpretativas y...","og_url":"https:\/\/www.ull.es\/portal\/agenda\/evento\/ciclo-de-primavera-de-jovenes-interpretes-recital-de-violonchelo-y-piano\/","og_site_name":"ULL - Agenda","article_modified_time":"2021-04-29T14:22:06+00:00","og_image":[{"width":700,"height":350,"url":"https:\/\/www.ull.es\/portal\/agenda\/wp-content\/uploads\/sites\/12\/2021\/04\/4MAYO_AGENDA.jpg","type":"image\/jpeg"}],"twitter_card":"summary_large_image","twitter_misc":{"Tiempo de lectura":"2 minutos"},"schema":{"@context":"https:\/\/schema.org","@graph":[{"@type":"WebPage","@id":"https:\/\/www.ull.es\/portal\/agenda\/evento\/ciclo-de-primavera-de-jovenes-interpretes-recital-de-violonchelo-y-piano\/","url":"https:\/\/www.ull.es\/portal\/agenda\/evento\/ciclo-de-primavera-de-jovenes-interpretes-recital-de-violonchelo-y-piano\/","name":"Ciclo de Primavera de J\u00f3venes Int\u00e9rpretes.\u00a0Recital de violonchelo y piano - ULL - Agenda","isPartOf":{"@id":"https:\/\/www.ull.es\/portal\/agenda\/#website"},"datePublished":"2021-04-08T08:01:11+00:00","dateModified":"2021-04-29T14:22:06+00:00","breadcrumb":{"@id":"https:\/\/www.ull.es\/portal\/agenda\/evento\/ciclo-de-primavera-de-jovenes-interpretes-recital-de-violonchelo-y-piano\/#breadcrumb"},"inLanguage":"es","potentialAction":[{"@type":"ReadAction","target":["https:\/\/www.ull.es\/portal\/agenda\/evento\/ciclo-de-primavera-de-jovenes-interpretes-recital-de-violonchelo-y-piano\/"]}]},{"@type":"BreadcrumbList","@id":"https:\/\/www.ull.es\/portal\/agenda\/evento\/ciclo-de-primavera-de-jovenes-interpretes-recital-de-violonchelo-y-piano\/#breadcrumb","itemListElement":[{"@type":"ListItem","position":1,"name":"Portada","item":"https:\/\/www.ull.es\/portal\/agenda\/"},{"@type":"ListItem","position":2,"name":"Ciclo de Primavera de J\u00f3venes Int\u00e9rpretes.\u00a0Recital de violonchelo y piano"}]},{"@type":"WebSite","@id":"https:\/\/www.ull.es\/portal\/agenda\/#website","url":"https:\/\/www.ull.es\/portal\/agenda\/","name":"ULL - Agenda","description":"","potentialAction":[{"@type":"SearchAction","target":{"@type":"EntryPoint","urlTemplate":"https:\/\/www.ull.es\/portal\/agenda\/?s={search_term_string}"},"query-input":"required name=search_term_string"}],"inLanguage":"es"}]}},"_links":{"self":[{"href":"https:\/\/www.ull.es\/portal\/agenda\/wp-json\/wp\/v2\/tribe_events\/19061"}],"collection":[{"href":"https:\/\/www.ull.es\/portal\/agenda\/wp-json\/wp\/v2\/tribe_events"}],"about":[{"href":"https:\/\/www.ull.es\/portal\/agenda\/wp-json\/wp\/v2\/types\/tribe_events"}],"author":[{"embeddable":true,"href":"https:\/\/www.ull.es\/portal\/agenda\/wp-json\/wp\/v2\/users\/65"}],"replies":[{"embeddable":true,"href":"https:\/\/www.ull.es\/portal\/agenda\/wp-json\/wp\/v2\/comments?post=19061"}],"version-history":[{"count":1,"href":"https:\/\/www.ull.es\/portal\/agenda\/wp-json\/wp\/v2\/tribe_events\/19061\/revisions"}],"predecessor-version":[{"id":19063,"href":"https:\/\/www.ull.es\/portal\/agenda\/wp-json\/wp\/v2\/tribe_events\/19061\/revisions\/19063"}],"wp:featuredmedia":[{"embeddable":true,"href":"https:\/\/www.ull.es\/portal\/agenda\/wp-json\/wp\/v2\/media\/19380"}],"wp:attachment":[{"href":"https:\/\/www.ull.es\/portal\/agenda\/wp-json\/wp\/v2\/media?parent=19061"}],"wp:term":[{"taxonomy":"post_tag","embeddable":true,"href":"https:\/\/www.ull.es\/portal\/agenda\/wp-json\/wp\/v2\/tags?post=19061"},{"taxonomy":"tribe_events_cat","embeddable":true,"href":"https:\/\/www.ull.es\/portal\/agenda\/wp-json\/wp\/v2\/tribe_events_cat?post=19061"}],"curies":[{"name":"wp","href":"https:\/\/api.w.org\/{rel}","templated":true}]}}

Ciclo de Primavera de Jóvenes Intérpretes. Recital de violonchelo y piano

<p>Con este ciclo de conciertos se pretende dar continuidad al anterior Ciclo de Jóvenes Intérpretes de la Universidad de La Laguna, una fructífera colaboración entre la institución académica y el Conservatorio de Música de Santa Cruz de Tenerife. Con él se brinda la oportunidad a los alumnos del Conservatorio de mostrar sus capacidades interpretativas y creativas en un ambiente y en un espacio profesional, con público, de modo que vayan adquiriendo la madurez para asumir retos de más envergadura en el futuro.</p>
<p><strong>Intérpretes:</strong> Paula Torres Vega, violonchelo y Sandra González, piano</p>
<p><strong>Programa:</strong></p>
<ul>
<li>Suite V (preludio y giga) de Bach</li>
<li>Sonata no. 3 op. 69 de Beethoven</li>
<li>Concierto para cello en mi menor de Elgar (primer movimiento)</li>
<li>Requiebros de Cassadó</li>
<li>“De un lejano amor” de Laura Vega</li>
</ul>
<p><strong> Paula Torres Vega  </strong></p>
<p>Nacida en Las Palmas de Gran Canaria. Comienza sus estudios de música a sus 7 años en la Escuela Municipal de Música de Santa Lucía. Posteriormente, accede a la Academia de la Orquesta Filarmónica de Gran Canaria para continuar con sus estudios medios junto al profesor Carlos Rivero. Actualmente, está finalizando sus estudios de Grado Superior en el Conservatorio Superior de Música de Canarias, donde ha recibido clases de Zdzislaw Tytlak y Antonio León. En 2019 ha realizado una movilidad Erasmus al Conservatorio de Trieste (Italia) donde ha recibido clases de Pietro Serafin y ‘Masterclass’ de Música de Cámara con Giovanni de Angeli y Sergio Lamberto. Ha recibido Clases Magistrales de violonchelo y música de cámara de solistas como Bárbara Switalska, Michael Gieler, Johan Van Iersel, Asier Polo, María Casado, Iván Siso, Ángel Luis Quintana, entre otros.<br />
A su vez, ha formado parte de agrupaciones como la Orquesta Sinfónica de Las Palmas, Joven Orquesta de Canarias, Joven orquesta de Gran Canaria, Inegale Joven Orquesta, Gran Canaria Wind Orchestra, Orquesta Universitaria Maestro Valle, Orquesta del Conservatorio de Trieste (Italia)…</p>
<p><a href="http://www.tomaticket.es/paraninfoull" target="_blank" rel="noopener" target="_blank" rel="noopener">Entrada por invitación</a></p>

<p>Con este ciclo de conciertos se pretende dar continuidad al anterior Ciclo de Jóvenes Intérpretes de la Universidad de La Laguna, una fructífera colaboración entre la institución académica y el Conservatorio de Música de Santa Cruz de Tenerife. Con él se brinda la oportunidad a los alumnos del Conservatorio de mostrar sus capacidades interpretativas y&#8230;</p>

<!-- This site is optimized with the Yoast SEO plugin v21.3 - https://yoast.com/wordpress/plugins/seo/ -->
<title>Ciclo de Primavera de Jóvenes Intérpretes. Recital de violonchelo y piano - ULL - Agenda</title>
<meta name="robots" content="index, follow, max-snippet:-1, max-image-preview:large, max-video-preview:-1" />
<link rel="canonical" href="https://www.ull.es/portal/agenda/evento/ciclo-de-primavera-de-jovenes-interpretes-recital-de-violonchelo-y-piano/" />
<meta property="og:locale" content="es_ES" />
<meta property="og:type" content="article" />
<meta property="og:title" content="Ciclo de Primavera de Jóvenes Intérpretes. Recital de violonchelo y piano - ULL - Agenda" />
<meta property="og:description" content="Con este ciclo de conciertos se pretende dar continuidad al anterior Ciclo de Jóvenes Intérpretes de la Universidad de La Laguna, una fructífera colaboración entre la institución académica y el Conservatorio de Música de Santa Cruz de Tenerife. Con él se brinda la oportunidad a los alumnos del Conservatorio de mostrar sus capacidades interpretativas y..." />
<meta property="og:url" content="https://www.ull.es/portal/agenda/evento/ciclo-de-primavera-de-jovenes-interpretes-recital-de-violonchelo-y-piano/" />
<meta property="og:site_name" content="ULL - Agenda" />
<meta property="article:modified_time" content="2021-04-29T14:22:06+00:00" />
<meta property="og:image" content="https://www.ull.es/portal/agenda/wp-content/uploads/sites/12/2021/04/4MAYO_AGENDA.jpg" />
	<meta property="og:image:width" content="700" />
	<meta property="og:image:height" content="350" />
	<meta property="og:image:type" content="image/jpeg" />
<meta name="twitter:card" content="summary_large_image" />
<meta name="twitter:label1" content="Tiempo de lectura" />
	<meta name="twitter:data1" content="2 minutos" />
<script type="application/ld+json" class="yoast-schema-graph">{"@context":"https://schema.org","@graph":[{"@type":"WebPage","@id":"https://www.ull.es/portal/agenda/evento/ciclo-de-primavera-de-jovenes-interpretes-recital-de-violonchelo-y-piano/","url":"https://www.ull.es/portal/agenda/evento/ciclo-de-primavera-de-jovenes-interpretes-recital-de-violonchelo-y-piano/","name":"Ciclo de Primavera de Jóvenes Intérpretes. Recital de violonchelo y piano - ULL - Agenda","isPartOf":{"@id":"https://www.ull.es/portal/agenda/#website"},"datePublished":"2021-04-08T08:01:11+00:00","dateModified":"2021-04-29T14:22:06+00:00","breadcrumb":{"@id":"https://www.ull.es/portal/agenda/evento/ciclo-de-primavera-de-jovenes-interpretes-recital-de-violonchelo-y-piano/#breadcrumb"},"inLanguage":"es","potentialAction":[{"@type":"ReadAction","target":["https://www.ull.es/portal/agenda/evento/ciclo-de-primavera-de-jovenes-interpretes-recital-de-violonchelo-y-piano/"]}]},{"@type":"BreadcrumbList","@id":"https://www.ull.es/portal/agenda/evento/ciclo-de-primavera-de-jovenes-interpretes-recital-de-violonchelo-y-piano/#breadcrumb","itemListElement":[{"@type":"ListItem","position":1,"name":"Portada","item":"https://www.ull.es/portal/agenda/"},{"@type":"ListItem","position":2,"name":"Ciclo de Primavera de Jóvenes Intérpretes. Recital de violonchelo y piano"}]},{"@type":"WebSite","@id":"https://www.ull.es/portal/agenda/#website","url":"https://www.ull.es/portal/agenda/","name":"ULL - Agenda","description":"","potentialAction":[{"@type":"SearchAction","target":{"@type":"EntryPoint","urlTemplate":"https://www.ull.es/portal/agenda/?s={search_term_string}"},"query-input":"required name=search_term_string"}],"inLanguage":"es"}]}</script>
<!-- / Yoast SEO plugin. -->

Ciclo de Primavera de Jóvenes Intérpretes. Recital de violonchelo y piano - ULL - Agenda

Con este ciclo de conciertos se pretende dar continuidad al anterior Ciclo de Jóvenes Intérpretes de la Universidad de La Laguna, una fructífera colaboración entre la institución académica y el Conservatorio de Música de Santa Cruz de Tenerife. Con él se brinda la oportunidad a los alumnos del Conservatorio de mostrar sus capacidades interpretativas y...
