{"id":19141,"date":"2021-04-15T08:07:28","date_gmt":"2021-04-15T08:07:28","guid":{"rendered":"https:\/\/www.ull.es\/portal\/agenda\/?post_type=tribe_events&#038;p=19141"},"modified":"2021-04-19T07:58:52","modified_gmt":"2021-04-19T07:58:52","slug":"ciclo-de-jovenes-interpretes-de-la-universidad-de-la-laguna-tenerife-guitar-quartet","status":"publish","type":"tribe_events","link":"https:\/\/www.ull.es\/portal\/agenda\/evento\/ciclo-de-jovenes-interpretes-de-la-universidad-de-la-laguna-tenerife-guitar-quartet\/","title":{"rendered":"Ciclo de J\u00f3venes Int\u00e9rpretes de la Universidad de La Laguna. Tenerife Guitar Quartet"},"content":{"rendered":"<p>El cuarteto de guitarras formado por Jos\u00e9 Luis Hern\u00e1ndez, Joel Rodr\u00edguez, Silvia Izquierdo y Josu\u00e9 Padr\u00f3n se cre\u00f3 en el a\u00f1o 2019 bajo el amparo del Conservatorio Superior de M\u00fasica de Canarias. A partir de la asignatura de M\u00fasica de C\u00e1mara, y con el apoyo de la Profesora Paula Hern\u00e1ndez, organizaron un din\u00e1mico proyecto que los llev\u00f3 a recorrer en su primer a\u00f1o de existencia numerosos escenarios de las Islas Canarias, destacando los recitales ofrecidos en el Museo de la Naturaleza y la Arqueolog\u00eda (MUNA) dentro del XIV Festival 6 Cuerdas 2020; en el Preg\u00f3n de las Fiestas del Sant\u00edsimo Cristo del Calvario 2020 de Icod de los Vinos; en la Fundaci\u00f3n Cristino de Vera &#8211; Espacio Cultural CajaCanarias; y en el Espacio Cultural el Secadero de La Palma.<\/p>\n<p>En 2020, obtuvieron el primer premio en la convocatoria del Ateneo Rec organizada y promovida por el Ateneo de La Laguna, recibiendo una subvenci\u00f3n para la grabaci\u00f3n de su primer trabajo discogr\u00e1fico, cuyo estreno ser\u00e1 pr\u00f3ximamente en este a\u00f1o 2021.<\/p>\n<p>Sus componentes, como estudiantes de Ense\u00f1anzas Superiores de Guitarra, se encuentran en continua formaci\u00f3n bajo la tutela del profesor Carlos Oramas. Han participado en numerosos cursos internacionales del instrumento recibiendo clases con important\u00edsimas figuras de la guitarra como Berta Rojas, Pedro Mateo, Miguel Tr\u00e1paga, Marco Tamayo o Margarita Escarpa entre muchas otras personalidades.<\/p>\n<p>&nbsp;<\/p>\n<p><a href=\"http:\/\/www.tomaticket.es\/paraninfoull\" target=\"_blank\" rel=\"noopener\" target=\"_blank\" rel=\"noopener\">Entrada por invitaci\u00f3n.<\/a><\/p>\n","protected":false},"excerpt":{"rendered":"<p>El cuarteto de guitarras formado por Jos\u00e9 Luis Hern\u00e1ndez, Joel Rodr\u00edguez, Silvia Izquierdo y Josu\u00e9 Padr\u00f3n se cre\u00f3 en el a\u00f1o 2019 bajo el amparo del Conservatorio Superior de M\u00fasica de Canarias. A partir de la asignatura de M\u00fasica de C\u00e1mara, y con el apoyo de la Profesora Paula Hern\u00e1ndez, organizaron un din\u00e1mico proyecto que&#8230;<\/p>\n","protected":false},"author":65,"featured_media":19142,"comment_status":"closed","ping_status":"closed","template":"","tags":[],"tribe_events_cat":[4,343],"acf":[],"yoast_head":"<!-- This site is optimized with the Yoast SEO plugin v21.3 - https:\/\/yoast.com\/wordpress\/plugins\/seo\/ -->\n<title>Ciclo de J\u00f3venes Int\u00e9rpretes de la Universidad de La Laguna. Tenerife Guitar Quartet - ULL - Agenda<\/title>\n<meta name=\"robots\" content=\"index, follow, max-snippet:-1, max-image-preview:large, max-video-preview:-1\" \/>\n<link rel=\"canonical\" href=\"https:\/\/www.ull.es\/portal\/agenda\/evento\/ciclo-de-jovenes-interpretes-de-la-universidad-de-la-laguna-tenerife-guitar-quartet\/\" \/>\n<meta property=\"og:locale\" content=\"es_ES\" \/>\n<meta property=\"og:type\" content=\"article\" \/>\n<meta property=\"og:title\" content=\"Ciclo de J\u00f3venes Int\u00e9rpretes de la Universidad de La Laguna. Tenerife Guitar Quartet - ULL - Agenda\" \/>\n<meta property=\"og:description\" content=\"El cuarteto de guitarras formado por Jos\u00e9 Luis Hern\u00e1ndez, Joel Rodr\u00edguez, Silvia Izquierdo y Josu\u00e9 Padr\u00f3n se cre\u00f3 en el a\u00f1o 2019 bajo el amparo del Conservatorio Superior de M\u00fasica de Canarias. A partir de la asignatura de M\u00fasica de C\u00e1mara, y con el apoyo de la Profesora Paula Hern\u00e1ndez, organizaron un din\u00e1mico proyecto que...\" \/>\n<meta property=\"og:url\" content=\"https:\/\/www.ull.es\/portal\/agenda\/evento\/ciclo-de-jovenes-interpretes-de-la-universidad-de-la-laguna-tenerife-guitar-quartet\/\" \/>\n<meta property=\"og:site_name\" content=\"ULL - Agenda\" \/>\n<meta property=\"article:modified_time\" content=\"2021-04-19T07:58:52+00:00\" \/>\n<meta property=\"og:image\" content=\"https:\/\/www.ull.es\/portal\/agenda\/wp-content\/uploads\/sites\/12\/2021\/04\/CARTEL21ABRIL_agenda.jpg\" \/>\n\t<meta property=\"og:image:width\" content=\"700\" \/>\n\t<meta property=\"og:image:height\" content=\"350\" \/>\n\t<meta property=\"og:image:type\" content=\"image\/jpeg\" \/>\n<meta name=\"twitter:card\" content=\"summary_large_image\" \/>\n<meta name=\"twitter:label1\" content=\"Tiempo de lectura\" \/>\n\t<meta name=\"twitter:data1\" content=\"1 minuto\" \/>\n<script type=\"application\/ld+json\" class=\"yoast-schema-graph\">{\"@context\":\"https:\/\/schema.org\",\"@graph\":[{\"@type\":\"WebPage\",\"@id\":\"https:\/\/www.ull.es\/portal\/agenda\/evento\/ciclo-de-jovenes-interpretes-de-la-universidad-de-la-laguna-tenerife-guitar-quartet\/\",\"url\":\"https:\/\/www.ull.es\/portal\/agenda\/evento\/ciclo-de-jovenes-interpretes-de-la-universidad-de-la-laguna-tenerife-guitar-quartet\/\",\"name\":\"Ciclo de J\u00f3venes Int\u00e9rpretes de la Universidad de La Laguna. Tenerife Guitar Quartet - ULL - Agenda\",\"isPartOf\":{\"@id\":\"https:\/\/www.ull.es\/portal\/agenda\/#website\"},\"datePublished\":\"2021-04-15T08:07:28+00:00\",\"dateModified\":\"2021-04-19T07:58:52+00:00\",\"breadcrumb\":{\"@id\":\"https:\/\/www.ull.es\/portal\/agenda\/evento\/ciclo-de-jovenes-interpretes-de-la-universidad-de-la-laguna-tenerife-guitar-quartet\/#breadcrumb\"},\"inLanguage\":\"es\",\"potentialAction\":[{\"@type\":\"ReadAction\",\"target\":[\"https:\/\/www.ull.es\/portal\/agenda\/evento\/ciclo-de-jovenes-interpretes-de-la-universidad-de-la-laguna-tenerife-guitar-quartet\/\"]}]},{\"@type\":\"BreadcrumbList\",\"@id\":\"https:\/\/www.ull.es\/portal\/agenda\/evento\/ciclo-de-jovenes-interpretes-de-la-universidad-de-la-laguna-tenerife-guitar-quartet\/#breadcrumb\",\"itemListElement\":[{\"@type\":\"ListItem\",\"position\":1,\"name\":\"Portada\",\"item\":\"https:\/\/www.ull.es\/portal\/agenda\/\"},{\"@type\":\"ListItem\",\"position\":2,\"name\":\"Ciclo de J\u00f3venes Int\u00e9rpretes de la Universidad de La Laguna. Tenerife Guitar Quartet\"}]},{\"@type\":\"WebSite\",\"@id\":\"https:\/\/www.ull.es\/portal\/agenda\/#website\",\"url\":\"https:\/\/www.ull.es\/portal\/agenda\/\",\"name\":\"ULL - Agenda\",\"description\":\"\",\"potentialAction\":[{\"@type\":\"SearchAction\",\"target\":{\"@type\":\"EntryPoint\",\"urlTemplate\":\"https:\/\/www.ull.es\/portal\/agenda\/?s={search_term_string}\"},\"query-input\":\"required name=search_term_string\"}],\"inLanguage\":\"es\"}]}<\/script>\n<!-- \/ Yoast SEO plugin. -->","yoast_head_json":{"title":"Ciclo de J\u00f3venes Int\u00e9rpretes de la Universidad de La Laguna. Tenerife Guitar Quartet - ULL - Agenda","robots":{"index":"index","follow":"follow","max-snippet":"max-snippet:-1","max-image-preview":"max-image-preview:large","max-video-preview":"max-video-preview:-1"},"canonical":"https:\/\/www.ull.es\/portal\/agenda\/evento\/ciclo-de-jovenes-interpretes-de-la-universidad-de-la-laguna-tenerife-guitar-quartet\/","og_locale":"es_ES","og_type":"article","og_title":"Ciclo de J\u00f3venes Int\u00e9rpretes de la Universidad de La Laguna. Tenerife Guitar Quartet - ULL - Agenda","og_description":"El cuarteto de guitarras formado por Jos\u00e9 Luis Hern\u00e1ndez, Joel Rodr\u00edguez, Silvia Izquierdo y Josu\u00e9 Padr\u00f3n se cre\u00f3 en el a\u00f1o 2019 bajo el amparo del Conservatorio Superior de M\u00fasica de Canarias. A partir de la asignatura de M\u00fasica de C\u00e1mara, y con el apoyo de la Profesora Paula Hern\u00e1ndez, organizaron un din\u00e1mico proyecto que...","og_url":"https:\/\/www.ull.es\/portal\/agenda\/evento\/ciclo-de-jovenes-interpretes-de-la-universidad-de-la-laguna-tenerife-guitar-quartet\/","og_site_name":"ULL - Agenda","article_modified_time":"2021-04-19T07:58:52+00:00","og_image":[{"width":700,"height":350,"url":"https:\/\/www.ull.es\/portal\/agenda\/wp-content\/uploads\/sites\/12\/2021\/04\/CARTEL21ABRIL_agenda.jpg","type":"image\/jpeg"}],"twitter_card":"summary_large_image","twitter_misc":{"Tiempo de lectura":"1 minuto"},"schema":{"@context":"https:\/\/schema.org","@graph":[{"@type":"WebPage","@id":"https:\/\/www.ull.es\/portal\/agenda\/evento\/ciclo-de-jovenes-interpretes-de-la-universidad-de-la-laguna-tenerife-guitar-quartet\/","url":"https:\/\/www.ull.es\/portal\/agenda\/evento\/ciclo-de-jovenes-interpretes-de-la-universidad-de-la-laguna-tenerife-guitar-quartet\/","name":"Ciclo de J\u00f3venes Int\u00e9rpretes de la Universidad de La Laguna. Tenerife Guitar Quartet - ULL - Agenda","isPartOf":{"@id":"https:\/\/www.ull.es\/portal\/agenda\/#website"},"datePublished":"2021-04-15T08:07:28+00:00","dateModified":"2021-04-19T07:58:52+00:00","breadcrumb":{"@id":"https:\/\/www.ull.es\/portal\/agenda\/evento\/ciclo-de-jovenes-interpretes-de-la-universidad-de-la-laguna-tenerife-guitar-quartet\/#breadcrumb"},"inLanguage":"es","potentialAction":[{"@type":"ReadAction","target":["https:\/\/www.ull.es\/portal\/agenda\/evento\/ciclo-de-jovenes-interpretes-de-la-universidad-de-la-laguna-tenerife-guitar-quartet\/"]}]},{"@type":"BreadcrumbList","@id":"https:\/\/www.ull.es\/portal\/agenda\/evento\/ciclo-de-jovenes-interpretes-de-la-universidad-de-la-laguna-tenerife-guitar-quartet\/#breadcrumb","itemListElement":[{"@type":"ListItem","position":1,"name":"Portada","item":"https:\/\/www.ull.es\/portal\/agenda\/"},{"@type":"ListItem","position":2,"name":"Ciclo de J\u00f3venes Int\u00e9rpretes de la Universidad de La Laguna. Tenerife Guitar Quartet"}]},{"@type":"WebSite","@id":"https:\/\/www.ull.es\/portal\/agenda\/#website","url":"https:\/\/www.ull.es\/portal\/agenda\/","name":"ULL - Agenda","description":"","potentialAction":[{"@type":"SearchAction","target":{"@type":"EntryPoint","urlTemplate":"https:\/\/www.ull.es\/portal\/agenda\/?s={search_term_string}"},"query-input":"required name=search_term_string"}],"inLanguage":"es"}]}},"_links":{"self":[{"href":"https:\/\/www.ull.es\/portal\/agenda\/wp-json\/wp\/v2\/tribe_events\/19141"}],"collection":[{"href":"https:\/\/www.ull.es\/portal\/agenda\/wp-json\/wp\/v2\/tribe_events"}],"about":[{"href":"https:\/\/www.ull.es\/portal\/agenda\/wp-json\/wp\/v2\/types\/tribe_events"}],"author":[{"embeddable":true,"href":"https:\/\/www.ull.es\/portal\/agenda\/wp-json\/wp\/v2\/users\/65"}],"replies":[{"embeddable":true,"href":"https:\/\/www.ull.es\/portal\/agenda\/wp-json\/wp\/v2\/comments?post=19141"}],"version-history":[{"count":1,"href":"https:\/\/www.ull.es\/portal\/agenda\/wp-json\/wp\/v2\/tribe_events\/19141\/revisions"}],"predecessor-version":[{"id":19143,"href":"https:\/\/www.ull.es\/portal\/agenda\/wp-json\/wp\/v2\/tribe_events\/19141\/revisions\/19143"}],"wp:featuredmedia":[{"embeddable":true,"href":"https:\/\/www.ull.es\/portal\/agenda\/wp-json\/wp\/v2\/media\/19142"}],"wp:attachment":[{"href":"https:\/\/www.ull.es\/portal\/agenda\/wp-json\/wp\/v2\/media?parent=19141"}],"wp:term":[{"taxonomy":"post_tag","embeddable":true,"href":"https:\/\/www.ull.es\/portal\/agenda\/wp-json\/wp\/v2\/tags?post=19141"},{"taxonomy":"tribe_events_cat","embeddable":true,"href":"https:\/\/www.ull.es\/portal\/agenda\/wp-json\/wp\/v2\/tribe_events_cat?post=19141"}],"curies":[{"name":"wp","href":"https:\/\/api.w.org\/{rel}","templated":true}]}}

Ciclo de Jóvenes Intérpretes de la Universidad de La Laguna. Tenerife Guitar Quartet

<p>El cuarteto de guitarras formado por José Luis Hernández, Joel Rodríguez, Silvia Izquierdo y Josué Padrón se creó en el año 2019 bajo el amparo del Conservatorio Superior de Música de Canarias. A partir de la asignatura de Música de Cámara, y con el apoyo de la Profesora Paula Hernández, organizaron un dinámico proyecto que los llevó a recorrer en su primer año de existencia numerosos escenarios de las Islas Canarias, destacando los recitales ofrecidos en el Museo de la Naturaleza y la Arqueología (MUNA) dentro del XIV Festival 6 Cuerdas 2020; en el Pregón de las Fiestas del Santísimo Cristo del Calvario 2020 de Icod de los Vinos; en la Fundación Cristino de Vera &#8211; Espacio Cultural CajaCanarias; y en el Espacio Cultural el Secadero de La Palma.</p>
<p>En 2020, obtuvieron el primer premio en la convocatoria del Ateneo Rec organizada y promovida por el Ateneo de La Laguna, recibiendo una subvención para la grabación de su primer trabajo discográfico, cuyo estreno será próximamente en este año 2021.</p>
<p>Sus componentes, como estudiantes de Enseñanzas Superiores de Guitarra, se encuentran en continua formación bajo la tutela del profesor Carlos Oramas. Han participado en numerosos cursos internacionales del instrumento recibiendo clases con importantísimas figuras de la guitarra como Berta Rojas, Pedro Mateo, Miguel Trápaga, Marco Tamayo o Margarita Escarpa entre muchas otras personalidades.</p>
<p>&nbsp;</p>
<p><a href="http://www.tomaticket.es/paraninfoull" target="_blank" rel="noopener" target="_blank" rel="noopener">Entrada por invitación.</a></p>

<p>El cuarteto de guitarras formado por José Luis Hernández, Joel Rodríguez, Silvia Izquierdo y Josué Padrón se creó en el año 2019 bajo el amparo del Conservatorio Superior de Música de Canarias. A partir de la asignatura de Música de Cámara, y con el apoyo de la Profesora Paula Hernández, organizaron un dinámico proyecto que&#8230;</p>

<!-- This site is optimized with the Yoast SEO plugin v21.3 - https://yoast.com/wordpress/plugins/seo/ -->
<title>Ciclo de Jóvenes Intérpretes de la Universidad de La Laguna. Tenerife Guitar Quartet - ULL - Agenda</title>
<meta name="robots" content="index, follow, max-snippet:-1, max-image-preview:large, max-video-preview:-1" />
<link rel="canonical" href="https://www.ull.es/portal/agenda/evento/ciclo-de-jovenes-interpretes-de-la-universidad-de-la-laguna-tenerife-guitar-quartet/" />
<meta property="og:locale" content="es_ES" />
<meta property="og:type" content="article" />
<meta property="og:title" content="Ciclo de Jóvenes Intérpretes de la Universidad de La Laguna. Tenerife Guitar Quartet - ULL - Agenda" />
<meta property="og:description" content="El cuarteto de guitarras formado por José Luis Hernández, Joel Rodríguez, Silvia Izquierdo y Josué Padrón se creó en el año 2019 bajo el amparo del Conservatorio Superior de Música de Canarias. A partir de la asignatura de Música de Cámara, y con el apoyo de la Profesora Paula Hernández, organizaron un dinámico proyecto que..." />
<meta property="og:url" content="https://www.ull.es/portal/agenda/evento/ciclo-de-jovenes-interpretes-de-la-universidad-de-la-laguna-tenerife-guitar-quartet/" />
<meta property="og:site_name" content="ULL - Agenda" />
<meta property="article:modified_time" content="2021-04-19T07:58:52+00:00" />
<meta property="og:image" content="https://www.ull.es/portal/agenda/wp-content/uploads/sites/12/2021/04/CARTEL21ABRIL_agenda.jpg" />
	<meta property="og:image:width" content="700" />
	<meta property="og:image:height" content="350" />
	<meta property="og:image:type" content="image/jpeg" />
<meta name="twitter:card" content="summary_large_image" />
<meta name="twitter:label1" content="Tiempo de lectura" />
	<meta name="twitter:data1" content="1 minuto" />
<script type="application/ld+json" class="yoast-schema-graph">{"@context":"https://schema.org","@graph":[{"@type":"WebPage","@id":"https://www.ull.es/portal/agenda/evento/ciclo-de-jovenes-interpretes-de-la-universidad-de-la-laguna-tenerife-guitar-quartet/","url":"https://www.ull.es/portal/agenda/evento/ciclo-de-jovenes-interpretes-de-la-universidad-de-la-laguna-tenerife-guitar-quartet/","name":"Ciclo de Jóvenes Intérpretes de la Universidad de La Laguna. Tenerife Guitar Quartet - ULL - Agenda","isPartOf":{"@id":"https://www.ull.es/portal/agenda/#website"},"datePublished":"2021-04-15T08:07:28+00:00","dateModified":"2021-04-19T07:58:52+00:00","breadcrumb":{"@id":"https://www.ull.es/portal/agenda/evento/ciclo-de-jovenes-interpretes-de-la-universidad-de-la-laguna-tenerife-guitar-quartet/#breadcrumb"},"inLanguage":"es","potentialAction":[{"@type":"ReadAction","target":["https://www.ull.es/portal/agenda/evento/ciclo-de-jovenes-interpretes-de-la-universidad-de-la-laguna-tenerife-guitar-quartet/"]}]},{"@type":"BreadcrumbList","@id":"https://www.ull.es/portal/agenda/evento/ciclo-de-jovenes-interpretes-de-la-universidad-de-la-laguna-tenerife-guitar-quartet/#breadcrumb","itemListElement":[{"@type":"ListItem","position":1,"name":"Portada","item":"https://www.ull.es/portal/agenda/"},{"@type":"ListItem","position":2,"name":"Ciclo de Jóvenes Intérpretes de la Universidad de La Laguna. Tenerife Guitar Quartet"}]},{"@type":"WebSite","@id":"https://www.ull.es/portal/agenda/#website","url":"https://www.ull.es/portal/agenda/","name":"ULL - Agenda","description":"","potentialAction":[{"@type":"SearchAction","target":{"@type":"EntryPoint","urlTemplate":"https://www.ull.es/portal/agenda/?s={search_term_string}"},"query-input":"required name=search_term_string"}],"inLanguage":"es"}]}</script>
<!-- / Yoast SEO plugin. -->

Ciclo de Jóvenes Intérpretes de la Universidad de La Laguna. Tenerife Guitar Quartet - ULL - Agenda

El cuarteto de guitarras formado por José Luis Hernández, Joel Rodríguez, Silvia Izquierdo y Josué Padrón se creó en el año 2019 bajo el amparo del Conservatorio Superior de Música de Canarias. A partir de la asignatura de Música de Cámara, y con el apoyo de la Profesora Paula Hernández, organizaron un dinámico proyecto que...
