{"id":19232,"date":"2021-04-20T09:22:54","date_gmt":"2021-04-20T09:22:54","guid":{"rendered":"https:\/\/www.ull.es\/portal\/agenda\/?post_type=tribe_events&#038;p=19232"},"modified":"2021-04-20T10:36:45","modified_gmt":"2021-04-20T10:36:45","slug":"35-semana-de-la-empresa","status":"publish","type":"tribe_events","link":"https:\/\/www.ull.es\/portal\/agenda\/evento\/35-semana-de-la-empresa\/","title":{"rendered":"35 Semana de la Empresa"},"content":{"rendered":"<p>La Facultad de Econom\u00eda, Empresa y Turismo de la Universidad de La Laguna, en colaboraci\u00f3n con el Vicerrectorado de Cultura, Participaci\u00f3n Social y Campus Ofra y La Palma, pretende en este curso 2020\/2021 centrar la Semana de la Empresa en los Objetivos de Desarrollo Sostenible (ODS).<\/p>\n<p>La crisis que nos est\u00e1 tocando vivir precisa de medidas que permitan conseguir no s\u00f3lo una r\u00e1pida recuperaci\u00f3n, sino lograr que \u00e9sta sea lo m\u00e1s s\u00f3lida posible. La situaci\u00f3n actual plantea una oportunidad \u00fanica para corregir aquellos problemas o defectos que han hecho que la crisis haya adquirido una dimensi\u00f3n muy superior a la que debiera al fundamentarse en las debilidades existentes. Este escenario de acelerados cambios puede servir para sentar las bases que posibiliten construir una econom\u00eda pr\u00f3spera y una sociedad que tenga una mayor capacidad de resiliencia.<\/p>\n<p><a href=\"https:\/\/drive.google.com\/file\/d\/1nxGvaLdhfcxDd0zUtrIvRx82O7lf4kfs\/view?usp=sharing\" target=\"_blank\" rel=\"noopener\" target=\"_blank\" rel=\"noopener\">Cartel<\/a><\/p>\n<p><a href=\"https:\/\/plazagrande.es\/tribuna-eventos\/eventos\/xxxv-semana-de-la-empresa\/\" target=\"_blank\" rel=\"noopener\" target=\"_blank\" rel=\"noopener\">Inscripci\u00f3n gratuita<\/a><\/p>\n<p>Para m\u00e1s informaci\u00f3n, pulse este <a href=\"https:\/\/plazagrande.es\/tribuna-eventos\/eventos\/xxxv-semana-de-la-empresa\/\" target=\"_blank\" rel=\"noopener\" target=\"_blank\" rel=\"noopener\">enlace.\u00a0<\/a><\/p>\n","protected":false},"excerpt":{"rendered":"<p>La Facultad de Econom\u00eda, Empresa y Turismo de la Universidad de La Laguna, en colaboraci\u00f3n con el Vicerrectorado de Cultura, Participaci\u00f3n Social y Campus Ofra y La Palma, pretende en este curso 2020\/2021 centrar la Semana de la Empresa en los Objetivos de Desarrollo Sostenible (ODS). La crisis que nos est\u00e1 tocando vivir precisa de&#8230;<\/p>\n","protected":false},"author":65,"featured_media":19235,"comment_status":"closed","ping_status":"closed","template":"","tags":[],"tribe_events_cat":[4,937,191],"acf":[],"yoast_head":"<!-- This site is optimized with the Yoast SEO plugin v21.3 - https:\/\/yoast.com\/wordpress\/plugins\/seo\/ -->\n<title>35 Semana de la Empresa - ULL - Agenda<\/title>\n<meta name=\"robots\" content=\"index, follow, max-snippet:-1, max-image-preview:large, max-video-preview:-1\" \/>\n<link rel=\"canonical\" href=\"https:\/\/www.ull.es\/portal\/agenda\/evento\/35-semana-de-la-empresa\/\" \/>\n<meta property=\"og:locale\" content=\"es_ES\" \/>\n<meta property=\"og:type\" content=\"article\" \/>\n<meta property=\"og:title\" content=\"35 Semana de la Empresa - ULL - Agenda\" \/>\n<meta property=\"og:description\" content=\"La Facultad de Econom\u00eda, Empresa y Turismo de la Universidad de La Laguna, en colaboraci\u00f3n con el Vicerrectorado de Cultura, Participaci\u00f3n Social y Campus Ofra y La Palma, pretende en este curso 2020\/2021 centrar la Semana de la Empresa en los Objetivos de Desarrollo Sostenible (ODS). La crisis que nos est\u00e1 tocando vivir precisa de...\" \/>\n<meta property=\"og:url\" content=\"https:\/\/www.ull.es\/portal\/agenda\/evento\/35-semana-de-la-empresa\/\" \/>\n<meta property=\"og:site_name\" content=\"ULL - Agenda\" \/>\n<meta property=\"article:modified_time\" content=\"2021-04-20T10:36:45+00:00\" \/>\n<meta property=\"og:image\" content=\"https:\/\/www.ull.es\/portal\/agenda\/wp-content\/uploads\/sites\/12\/2021\/04\/semana-de-la-empresa-e1618914995553.jpg\" \/>\n\t<meta property=\"og:image:width\" content=\"700\" \/>\n\t<meta property=\"og:image:height\" content=\"394\" \/>\n\t<meta property=\"og:image:type\" content=\"image\/jpeg\" \/>\n<meta name=\"twitter:card\" content=\"summary_large_image\" \/>\n<meta name=\"twitter:label1\" content=\"Tiempo de lectura\" \/>\n\t<meta name=\"twitter:data1\" content=\"1 minuto\" \/>\n<script type=\"application\/ld+json\" class=\"yoast-schema-graph\">{\"@context\":\"https:\/\/schema.org\",\"@graph\":[{\"@type\":\"WebPage\",\"@id\":\"https:\/\/www.ull.es\/portal\/agenda\/evento\/35-semana-de-la-empresa\/\",\"url\":\"https:\/\/www.ull.es\/portal\/agenda\/evento\/35-semana-de-la-empresa\/\",\"name\":\"35 Semana de la Empresa - ULL - Agenda\",\"isPartOf\":{\"@id\":\"https:\/\/www.ull.es\/portal\/agenda\/#website\"},\"datePublished\":\"2021-04-20T09:22:54+00:00\",\"dateModified\":\"2021-04-20T10:36:45+00:00\",\"breadcrumb\":{\"@id\":\"https:\/\/www.ull.es\/portal\/agenda\/evento\/35-semana-de-la-empresa\/#breadcrumb\"},\"inLanguage\":\"es\",\"potentialAction\":[{\"@type\":\"ReadAction\",\"target\":[\"https:\/\/www.ull.es\/portal\/agenda\/evento\/35-semana-de-la-empresa\/\"]}]},{\"@type\":\"BreadcrumbList\",\"@id\":\"https:\/\/www.ull.es\/portal\/agenda\/evento\/35-semana-de-la-empresa\/#breadcrumb\",\"itemListElement\":[{\"@type\":\"ListItem\",\"position\":1,\"name\":\"Portada\",\"item\":\"https:\/\/www.ull.es\/portal\/agenda\/\"},{\"@type\":\"ListItem\",\"position\":2,\"name\":\"35 Semana de la Empresa\"}]},{\"@type\":\"WebSite\",\"@id\":\"https:\/\/www.ull.es\/portal\/agenda\/#website\",\"url\":\"https:\/\/www.ull.es\/portal\/agenda\/\",\"name\":\"ULL - Agenda\",\"description\":\"\",\"potentialAction\":[{\"@type\":\"SearchAction\",\"target\":{\"@type\":\"EntryPoint\",\"urlTemplate\":\"https:\/\/www.ull.es\/portal\/agenda\/?s={search_term_string}\"},\"query-input\":\"required name=search_term_string\"}],\"inLanguage\":\"es\"}]}<\/script>\n<!-- \/ Yoast SEO plugin. -->","yoast_head_json":{"title":"35 Semana de la Empresa - ULL - Agenda","robots":{"index":"index","follow":"follow","max-snippet":"max-snippet:-1","max-image-preview":"max-image-preview:large","max-video-preview":"max-video-preview:-1"},"canonical":"https:\/\/www.ull.es\/portal\/agenda\/evento\/35-semana-de-la-empresa\/","og_locale":"es_ES","og_type":"article","og_title":"35 Semana de la Empresa - ULL - Agenda","og_description":"La Facultad de Econom\u00eda, Empresa y Turismo de la Universidad de La Laguna, en colaboraci\u00f3n con el Vicerrectorado de Cultura, Participaci\u00f3n Social y Campus Ofra y La Palma, pretende en este curso 2020\/2021 centrar la Semana de la Empresa en los Objetivos de Desarrollo Sostenible (ODS). La crisis que nos est\u00e1 tocando vivir precisa de...","og_url":"https:\/\/www.ull.es\/portal\/agenda\/evento\/35-semana-de-la-empresa\/","og_site_name":"ULL - Agenda","article_modified_time":"2021-04-20T10:36:45+00:00","og_image":[{"width":700,"height":394,"url":"https:\/\/www.ull.es\/portal\/agenda\/wp-content\/uploads\/sites\/12\/2021\/04\/semana-de-la-empresa-e1618914995553.jpg","type":"image\/jpeg"}],"twitter_card":"summary_large_image","twitter_misc":{"Tiempo de lectura":"1 minuto"},"schema":{"@context":"https:\/\/schema.org","@graph":[{"@type":"WebPage","@id":"https:\/\/www.ull.es\/portal\/agenda\/evento\/35-semana-de-la-empresa\/","url":"https:\/\/www.ull.es\/portal\/agenda\/evento\/35-semana-de-la-empresa\/","name":"35 Semana de la Empresa - ULL - Agenda","isPartOf":{"@id":"https:\/\/www.ull.es\/portal\/agenda\/#website"},"datePublished":"2021-04-20T09:22:54+00:00","dateModified":"2021-04-20T10:36:45+00:00","breadcrumb":{"@id":"https:\/\/www.ull.es\/portal\/agenda\/evento\/35-semana-de-la-empresa\/#breadcrumb"},"inLanguage":"es","potentialAction":[{"@type":"ReadAction","target":["https:\/\/www.ull.es\/portal\/agenda\/evento\/35-semana-de-la-empresa\/"]}]},{"@type":"BreadcrumbList","@id":"https:\/\/www.ull.es\/portal\/agenda\/evento\/35-semana-de-la-empresa\/#breadcrumb","itemListElement":[{"@type":"ListItem","position":1,"name":"Portada","item":"https:\/\/www.ull.es\/portal\/agenda\/"},{"@type":"ListItem","position":2,"name":"35 Semana de la Empresa"}]},{"@type":"WebSite","@id":"https:\/\/www.ull.es\/portal\/agenda\/#website","url":"https:\/\/www.ull.es\/portal\/agenda\/","name":"ULL - Agenda","description":"","potentialAction":[{"@type":"SearchAction","target":{"@type":"EntryPoint","urlTemplate":"https:\/\/www.ull.es\/portal\/agenda\/?s={search_term_string}"},"query-input":"required name=search_term_string"}],"inLanguage":"es"}]}},"_links":{"self":[{"href":"https:\/\/www.ull.es\/portal\/agenda\/wp-json\/wp\/v2\/tribe_events\/19232"}],"collection":[{"href":"https:\/\/www.ull.es\/portal\/agenda\/wp-json\/wp\/v2\/tribe_events"}],"about":[{"href":"https:\/\/www.ull.es\/portal\/agenda\/wp-json\/wp\/v2\/types\/tribe_events"}],"author":[{"embeddable":true,"href":"https:\/\/www.ull.es\/portal\/agenda\/wp-json\/wp\/v2\/users\/65"}],"replies":[{"embeddable":true,"href":"https:\/\/www.ull.es\/portal\/agenda\/wp-json\/wp\/v2\/comments?post=19232"}],"version-history":[{"count":2,"href":"https:\/\/www.ull.es\/portal\/agenda\/wp-json\/wp\/v2\/tribe_events\/19232\/revisions"}],"predecessor-version":[{"id":19234,"href":"https:\/\/www.ull.es\/portal\/agenda\/wp-json\/wp\/v2\/tribe_events\/19232\/revisions\/19234"}],"wp:featuredmedia":[{"embeddable":true,"href":"https:\/\/www.ull.es\/portal\/agenda\/wp-json\/wp\/v2\/media\/19235"}],"wp:attachment":[{"href":"https:\/\/www.ull.es\/portal\/agenda\/wp-json\/wp\/v2\/media?parent=19232"}],"wp:term":[{"taxonomy":"post_tag","embeddable":true,"href":"https:\/\/www.ull.es\/portal\/agenda\/wp-json\/wp\/v2\/tags?post=19232"},{"taxonomy":"tribe_events_cat","embeddable":true,"href":"https:\/\/www.ull.es\/portal\/agenda\/wp-json\/wp\/v2\/tribe_events_cat?post=19232"}],"curies":[{"name":"wp","href":"https:\/\/api.w.org\/{rel}","templated":true}]}}

<p>La Facultad de Economía, Empresa y Turismo de la Universidad de La Laguna, en colaboración con el Vicerrectorado de Cultura, Participación Social y Campus Ofra y La Palma, pretende en este curso 2020/2021 centrar la Semana de la Empresa en los Objetivos de Desarrollo Sostenible (ODS).</p>
<p>La crisis que nos está tocando vivir precisa de medidas que permitan conseguir no sólo una rápida recuperación, sino lograr que ésta sea lo más sólida posible. La situación actual plantea una oportunidad única para corregir aquellos problemas o defectos que han hecho que la crisis haya adquirido una dimensión muy superior a la que debiera al fundamentarse en las debilidades existentes. Este escenario de acelerados cambios puede servir para sentar las bases que posibiliten construir una economía próspera y una sociedad que tenga una mayor capacidad de resiliencia.</p>
<p><a href="https://drive.google.com/file/d/1nxGvaLdhfcxDd0zUtrIvRx82O7lf4kfs/view?usp=sharing" target="_blank" rel="noopener" target="_blank" rel="noopener">Cartel</a></p>
<p><a href="https://plazagrande.es/tribuna-eventos/eventos/xxxv-semana-de-la-empresa/" target="_blank" rel="noopener" target="_blank" rel="noopener">Inscripción gratuita</a></p>
<p>Para más información, pulse este <a href="https://plazagrande.es/tribuna-eventos/eventos/xxxv-semana-de-la-empresa/" target="_blank" rel="noopener" target="_blank" rel="noopener">enlace. </a></p>

<p>La Facultad de Economía, Empresa y Turismo de la Universidad de La Laguna, en colaboración con el Vicerrectorado de Cultura, Participación Social y Campus Ofra y La Palma, pretende en este curso 2020/2021 centrar la Semana de la Empresa en los Objetivos de Desarrollo Sostenible (ODS). La crisis que nos está tocando vivir precisa de&#8230;</p>

<!-- This site is optimized with the Yoast SEO plugin v21.3 - https://yoast.com/wordpress/plugins/seo/ -->
<title>35 Semana de la Empresa - ULL - Agenda</title>
<meta name="robots" content="index, follow, max-snippet:-1, max-image-preview:large, max-video-preview:-1" />
<link rel="canonical" href="https://www.ull.es/portal/agenda/evento/35-semana-de-la-empresa/" />
<meta property="og:locale" content="es_ES" />
<meta property="og:type" content="article" />
<meta property="og:title" content="35 Semana de la Empresa - ULL - Agenda" />
<meta property="og:description" content="La Facultad de Economía, Empresa y Turismo de la Universidad de La Laguna, en colaboración con el Vicerrectorado de Cultura, Participación Social y Campus Ofra y La Palma, pretende en este curso 2020/2021 centrar la Semana de la Empresa en los Objetivos de Desarrollo Sostenible (ODS). La crisis que nos está tocando vivir precisa de..." />
<meta property="og:url" content="https://www.ull.es/portal/agenda/evento/35-semana-de-la-empresa/" />
<meta property="og:site_name" content="ULL - Agenda" />
<meta property="article:modified_time" content="2021-04-20T10:36:45+00:00" />
<meta property="og:image" content="https://www.ull.es/portal/agenda/wp-content/uploads/sites/12/2021/04/semana-de-la-empresa-e1618914995553.jpg" />
	<meta property="og:image:width" content="700" />
	<meta property="og:image:height" content="394" />
	<meta property="og:image:type" content="image/jpeg" />
<meta name="twitter:card" content="summary_large_image" />
<meta name="twitter:label1" content="Tiempo de lectura" />
	<meta name="twitter:data1" content="1 minuto" />
<script type="application/ld+json" class="yoast-schema-graph">{"@context":"https://schema.org","@graph":[{"@type":"WebPage","@id":"https://www.ull.es/portal/agenda/evento/35-semana-de-la-empresa/","url":"https://www.ull.es/portal/agenda/evento/35-semana-de-la-empresa/","name":"35 Semana de la Empresa - ULL - Agenda","isPartOf":{"@id":"https://www.ull.es/portal/agenda/#website"},"datePublished":"2021-04-20T09:22:54+00:00","dateModified":"2021-04-20T10:36:45+00:00","breadcrumb":{"@id":"https://www.ull.es/portal/agenda/evento/35-semana-de-la-empresa/#breadcrumb"},"inLanguage":"es","potentialAction":[{"@type":"ReadAction","target":["https://www.ull.es/portal/agenda/evento/35-semana-de-la-empresa/"]}]},{"@type":"BreadcrumbList","@id":"https://www.ull.es/portal/agenda/evento/35-semana-de-la-empresa/#breadcrumb","itemListElement":[{"@type":"ListItem","position":1,"name":"Portada","item":"https://www.ull.es/portal/agenda/"},{"@type":"ListItem","position":2,"name":"35 Semana de la Empresa"}]},{"@type":"WebSite","@id":"https://www.ull.es/portal/agenda/#website","url":"https://www.ull.es/portal/agenda/","name":"ULL - Agenda","description":"","potentialAction":[{"@type":"SearchAction","target":{"@type":"EntryPoint","urlTemplate":"https://www.ull.es/portal/agenda/?s={search_term_string}"},"query-input":"required name=search_term_string"}],"inLanguage":"es"}]}</script>
<!-- / Yoast SEO plugin. -->

La Facultad de Economía, Empresa y Turismo de la Universidad de La Laguna, en colaboración con el Vicerrectorado de Cultura, Participación Social y Campus Ofra y La Palma, pretende en este curso 2020/2021 centrar la Semana de la Empresa en los Objetivos de Desarrollo Sostenible (ODS). La crisis que nos está tocando vivir precisa de...
