{"id":19265,"date":"2021-04-21T13:32:17","date_gmt":"2021-04-21T13:32:17","guid":{"rendered":"https:\/\/www.ull.es\/portal\/agenda\/?post_type=tribe_events&#038;p=19265"},"modified":"2021-04-21T13:46:55","modified_gmt":"2021-04-21T13:46:55","slug":"conferencia-sobre-el-futuro-de-europa-y-la-juventud-de-las-regiones-ultraperifericas","status":"publish","type":"tribe_events","link":"https:\/\/www.ull.es\/portal\/agenda\/evento\/conferencia-sobre-el-futuro-de-europa-y-la-juventud-de-las-regiones-ultraperifericas\/","title":{"rendered":"Conferencia sobre el Futuro de Europa y la juventud de las Regiones Ultraperif\u00e9ricas"},"content":{"rendered":"<p>El Centro de Documentaci\u00f3n Europea de la Universidad de La Laguna, en colaboraci\u00f3n con el Consejo Canario del Movimiento Europeo, Europe Direct Canarias y el Centro de Documentaci\u00f3n Europeos de la ULPGC, organizan el d\u00eda 30 de abril de 2021, de 12:30 a 14:00 horas (hora canaria), y dentro de los actos dedicados a la preparaci\u00f3n de la Conferencia sobre el Futuro de Europa desde las Regiones ultraperif\u00e9ricas, apenas 10 d\u00edas antes del inicio de la Conferencia, un evento en el que damos la voz a la juventud de las RUP m\u00e1s informada.<\/p>\n<p>Se organizar\u00e1 un debate moderado por tres j\u00f3venes, una de cada RUP, de distintos \u00e1mbitos y or\u00edgenes, en el que hablar\u00e1n de t\u00fa a t\u00fa con la sociedad sobre cu\u00e1les son las inquietudes que creen que deben estar presentes en el debate sobre el futuro de la UE. Buscamos dinamizar a nuestra juventud, hacerla part\u00edcipe activa de los debates que deban proponerse a la UE en la futura Conferencia sobre el futuro de la Uni\u00f3n. A partir de un trabajo previo de encuesta y debate proponemos elaborar un documento que haremos llegar a la Comisi\u00f3n Europea en la intenci\u00f3n de que la voz de la juventud canaria est\u00e9 presente en esta elaboraci\u00f3n.<\/p>\n<p>Se ha distribuido una encuesta entre nuestros j\u00f3venes y debatimos sobre los tres temas que m\u00e1s interesan seg\u00fan esta encuesta, el Pacto verde, la Europa social y la Europa por la salud.<\/p>\n<p><strong>Programa<\/strong><\/p>\n<p><b>12.30-12.35-<\/b><span style=\"font-weight: 400;\"> V\u00eddeos de la ciudadan\u00eda joven de las RUP. \u00bfQu\u00e9 espero de la CoFoe?<\/span><\/p>\n<p><b>12.35-12.45-<\/b><span style=\"font-weight: 400;\"> Presentaci\u00f3n del acto. Mar\u00eda Andr\u00e9s. Directora de la Oficina del Parlamento Europeo en Espa\u00f1a<\/span><\/p>\n<p><b>12.45-13.05-<\/b> <b>Primera mesa<\/b><span style=\"font-weight: 400;\">. Pacto verde y cambio clim\u00e1tico.<\/span><\/p>\n<p><b>13.05-13.25- Segunda mesa.<\/b><span style=\"font-weight: 400;\"> La Europa social, empleo, futuro, salario.\u00a0<\/span><\/p>\n<p><b>13.25-13.45- Tercera mesa.<\/b><span style=\"font-weight: 400;\"> UE por la salud, investigaci\u00f3n, Covid-19, salud mental.<\/span><\/p>\n<p><b>13.45-14.00- Debate<\/b><span style=\"font-weight: 400;\"> y preguntas del p\u00fablico participante.<\/span><\/p>\n<p><span style=\"font-weight: 400;\">Para el acto contaremos con traducci\u00f3n simult\u00e1nea en tres idiomas siendo franc\u00e9s, ingl\u00e9s y portugu\u00e9s, adem\u00e1s del espa\u00f1ol, gracias a la colaboraci\u00f3n de los alumnos del M\u00e1ster en Interpretaci\u00f3n de Conferencias de la ULL. <\/span><\/p>\n<p><a href=\"https:\/\/forms.gle\/3vCLL7LhpsEN4iFdA\" target=\"_blank\" rel=\"noopener\"><span style=\"font-weight: 400;\">Inscripci\u00f3n<\/span><\/a><span style=\"font-weight: 400;\">\u00a0<\/span><\/p>\n<p><a href=\"https:\/\/forms.gle\/FkikxAhMEedSoND89\" target=\"_blank\" rel=\"noopener\"><span style=\"font-weight: 400;\">Encuesta sobre la Juventud y la UE<\/span><\/a><\/p>\n","protected":false},"excerpt":{"rendered":"<p>El Centro de Documentaci\u00f3n Europea de la Universidad de La Laguna, en colaboraci\u00f3n con el Consejo Canario del Movimiento Europeo, Europe Direct Canarias y el Centro de Documentaci\u00f3n Europeos de la ULPGC, organizan el d\u00eda 30 de abril de 2021, de 12:30 a 14:00 horas (hora canaria), y dentro de los actos dedicados a la&#8230;<\/p>\n","protected":false},"author":65,"featured_media":19266,"comment_status":"closed","ping_status":"closed","template":"","tags":[],"tribe_events_cat":[841,4,191],"acf":[],"yoast_head":"<!-- This site is optimized with the Yoast SEO plugin v21.3 - https:\/\/yoast.com\/wordpress\/plugins\/seo\/ -->\n<title>Conferencia sobre el Futuro de Europa y la juventud de las Regiones Ultraperif\u00e9ricas - ULL - Agenda<\/title>\n<meta name=\"robots\" content=\"index, follow, max-snippet:-1, max-image-preview:large, max-video-preview:-1\" \/>\n<link rel=\"canonical\" href=\"https:\/\/www.ull.es\/portal\/agenda\/evento\/conferencia-sobre-el-futuro-de-europa-y-la-juventud-de-las-regiones-ultraperifericas\/\" \/>\n<meta property=\"og:locale\" content=\"es_ES\" \/>\n<meta property=\"og:type\" content=\"article\" \/>\n<meta property=\"og:title\" content=\"Conferencia sobre el Futuro de Europa y la juventud de las Regiones Ultraperif\u00e9ricas - ULL - Agenda\" \/>\n<meta property=\"og:description\" content=\"El Centro de Documentaci\u00f3n Europea de la Universidad de La Laguna, en colaboraci\u00f3n con el Consejo Canario del Movimiento Europeo, Europe Direct Canarias y el Centro de Documentaci\u00f3n Europeos de la ULPGC, organizan el d\u00eda 30 de abril de 2021, de 12:30 a 14:00 horas (hora canaria), y dentro de los actos dedicados a la...\" \/>\n<meta property=\"og:url\" content=\"https:\/\/www.ull.es\/portal\/agenda\/evento\/conferencia-sobre-el-futuro-de-europa-y-la-juventud-de-las-regiones-ultraperifericas\/\" \/>\n<meta property=\"og:site_name\" content=\"ULL - Agenda\" \/>\n<meta property=\"article:modified_time\" content=\"2021-04-21T13:46:55+00:00\" \/>\n<meta property=\"og:image\" content=\"https:\/\/www.ull.es\/portal\/agenda\/wp-content\/uploads\/sites\/12\/2021\/04\/700x350.jpg\" \/>\n\t<meta property=\"og:image:width\" content=\"700\" \/>\n\t<meta property=\"og:image:height\" content=\"350\" \/>\n\t<meta property=\"og:image:type\" content=\"image\/jpeg\" \/>\n<meta name=\"twitter:card\" content=\"summary_large_image\" \/>\n<meta name=\"twitter:label1\" content=\"Tiempo de lectura\" \/>\n\t<meta name=\"twitter:data1\" content=\"2 minutos\" \/>\n<script type=\"application\/ld+json\" class=\"yoast-schema-graph\">{\"@context\":\"https:\/\/schema.org\",\"@graph\":[{\"@type\":\"WebPage\",\"@id\":\"https:\/\/www.ull.es\/portal\/agenda\/evento\/conferencia-sobre-el-futuro-de-europa-y-la-juventud-de-las-regiones-ultraperifericas\/\",\"url\":\"https:\/\/www.ull.es\/portal\/agenda\/evento\/conferencia-sobre-el-futuro-de-europa-y-la-juventud-de-las-regiones-ultraperifericas\/\",\"name\":\"Conferencia sobre el Futuro de Europa y la juventud de las Regiones Ultraperif\u00e9ricas - ULL - Agenda\",\"isPartOf\":{\"@id\":\"https:\/\/www.ull.es\/portal\/agenda\/#website\"},\"datePublished\":\"2021-04-21T13:32:17+00:00\",\"dateModified\":\"2021-04-21T13:46:55+00:00\",\"breadcrumb\":{\"@id\":\"https:\/\/www.ull.es\/portal\/agenda\/evento\/conferencia-sobre-el-futuro-de-europa-y-la-juventud-de-las-regiones-ultraperifericas\/#breadcrumb\"},\"inLanguage\":\"es\",\"potentialAction\":[{\"@type\":\"ReadAction\",\"target\":[\"https:\/\/www.ull.es\/portal\/agenda\/evento\/conferencia-sobre-el-futuro-de-europa-y-la-juventud-de-las-regiones-ultraperifericas\/\"]}]},{\"@type\":\"BreadcrumbList\",\"@id\":\"https:\/\/www.ull.es\/portal\/agenda\/evento\/conferencia-sobre-el-futuro-de-europa-y-la-juventud-de-las-regiones-ultraperifericas\/#breadcrumb\",\"itemListElement\":[{\"@type\":\"ListItem\",\"position\":1,\"name\":\"Portada\",\"item\":\"https:\/\/www.ull.es\/portal\/agenda\/\"},{\"@type\":\"ListItem\",\"position\":2,\"name\":\"Conferencia sobre el Futuro de Europa y la juventud de las Regiones Ultraperif\u00e9ricas\"}]},{\"@type\":\"WebSite\",\"@id\":\"https:\/\/www.ull.es\/portal\/agenda\/#website\",\"url\":\"https:\/\/www.ull.es\/portal\/agenda\/\",\"name\":\"ULL - Agenda\",\"description\":\"\",\"potentialAction\":[{\"@type\":\"SearchAction\",\"target\":{\"@type\":\"EntryPoint\",\"urlTemplate\":\"https:\/\/www.ull.es\/portal\/agenda\/?s={search_term_string}\"},\"query-input\":\"required name=search_term_string\"}],\"inLanguage\":\"es\"}]}<\/script>\n<!-- \/ Yoast SEO plugin. -->","yoast_head_json":{"title":"Conferencia sobre el Futuro de Europa y la juventud de las Regiones Ultraperif\u00e9ricas - ULL - Agenda","robots":{"index":"index","follow":"follow","max-snippet":"max-snippet:-1","max-image-preview":"max-image-preview:large","max-video-preview":"max-video-preview:-1"},"canonical":"https:\/\/www.ull.es\/portal\/agenda\/evento\/conferencia-sobre-el-futuro-de-europa-y-la-juventud-de-las-regiones-ultraperifericas\/","og_locale":"es_ES","og_type":"article","og_title":"Conferencia sobre el Futuro de Europa y la juventud de las Regiones Ultraperif\u00e9ricas - ULL - Agenda","og_description":"El Centro de Documentaci\u00f3n Europea de la Universidad de La Laguna, en colaboraci\u00f3n con el Consejo Canario del Movimiento Europeo, Europe Direct Canarias y el Centro de Documentaci\u00f3n Europeos de la ULPGC, organizan el d\u00eda 30 de abril de 2021, de 12:30 a 14:00 horas (hora canaria), y dentro de los actos dedicados a la...","og_url":"https:\/\/www.ull.es\/portal\/agenda\/evento\/conferencia-sobre-el-futuro-de-europa-y-la-juventud-de-las-regiones-ultraperifericas\/","og_site_name":"ULL - Agenda","article_modified_time":"2021-04-21T13:46:55+00:00","og_image":[{"width":700,"height":350,"url":"https:\/\/www.ull.es\/portal\/agenda\/wp-content\/uploads\/sites\/12\/2021\/04\/700x350.jpg","type":"image\/jpeg"}],"twitter_card":"summary_large_image","twitter_misc":{"Tiempo de lectura":"2 minutos"},"schema":{"@context":"https:\/\/schema.org","@graph":[{"@type":"WebPage","@id":"https:\/\/www.ull.es\/portal\/agenda\/evento\/conferencia-sobre-el-futuro-de-europa-y-la-juventud-de-las-regiones-ultraperifericas\/","url":"https:\/\/www.ull.es\/portal\/agenda\/evento\/conferencia-sobre-el-futuro-de-europa-y-la-juventud-de-las-regiones-ultraperifericas\/","name":"Conferencia sobre el Futuro de Europa y la juventud de las Regiones Ultraperif\u00e9ricas - ULL - Agenda","isPartOf":{"@id":"https:\/\/www.ull.es\/portal\/agenda\/#website"},"datePublished":"2021-04-21T13:32:17+00:00","dateModified":"2021-04-21T13:46:55+00:00","breadcrumb":{"@id":"https:\/\/www.ull.es\/portal\/agenda\/evento\/conferencia-sobre-el-futuro-de-europa-y-la-juventud-de-las-regiones-ultraperifericas\/#breadcrumb"},"inLanguage":"es","potentialAction":[{"@type":"ReadAction","target":["https:\/\/www.ull.es\/portal\/agenda\/evento\/conferencia-sobre-el-futuro-de-europa-y-la-juventud-de-las-regiones-ultraperifericas\/"]}]},{"@type":"BreadcrumbList","@id":"https:\/\/www.ull.es\/portal\/agenda\/evento\/conferencia-sobre-el-futuro-de-europa-y-la-juventud-de-las-regiones-ultraperifericas\/#breadcrumb","itemListElement":[{"@type":"ListItem","position":1,"name":"Portada","item":"https:\/\/www.ull.es\/portal\/agenda\/"},{"@type":"ListItem","position":2,"name":"Conferencia sobre el Futuro de Europa y la juventud de las Regiones Ultraperif\u00e9ricas"}]},{"@type":"WebSite","@id":"https:\/\/www.ull.es\/portal\/agenda\/#website","url":"https:\/\/www.ull.es\/portal\/agenda\/","name":"ULL - Agenda","description":"","potentialAction":[{"@type":"SearchAction","target":{"@type":"EntryPoint","urlTemplate":"https:\/\/www.ull.es\/portal\/agenda\/?s={search_term_string}"},"query-input":"required name=search_term_string"}],"inLanguage":"es"}]}},"_links":{"self":[{"href":"https:\/\/www.ull.es\/portal\/agenda\/wp-json\/wp\/v2\/tribe_events\/19265"}],"collection":[{"href":"https:\/\/www.ull.es\/portal\/agenda\/wp-json\/wp\/v2\/tribe_events"}],"about":[{"href":"https:\/\/www.ull.es\/portal\/agenda\/wp-json\/wp\/v2\/types\/tribe_events"}],"author":[{"embeddable":true,"href":"https:\/\/www.ull.es\/portal\/agenda\/wp-json\/wp\/v2\/users\/65"}],"replies":[{"embeddable":true,"href":"https:\/\/www.ull.es\/portal\/agenda\/wp-json\/wp\/v2\/comments?post=19265"}],"version-history":[{"count":2,"href":"https:\/\/www.ull.es\/portal\/agenda\/wp-json\/wp\/v2\/tribe_events\/19265\/revisions"}],"predecessor-version":[{"id":19269,"href":"https:\/\/www.ull.es\/portal\/agenda\/wp-json\/wp\/v2\/tribe_events\/19265\/revisions\/19269"}],"wp:featuredmedia":[{"embeddable":true,"href":"https:\/\/www.ull.es\/portal\/agenda\/wp-json\/wp\/v2\/media\/19266"}],"wp:attachment":[{"href":"https:\/\/www.ull.es\/portal\/agenda\/wp-json\/wp\/v2\/media?parent=19265"}],"wp:term":[{"taxonomy":"post_tag","embeddable":true,"href":"https:\/\/www.ull.es\/portal\/agenda\/wp-json\/wp\/v2\/tags?post=19265"},{"taxonomy":"tribe_events_cat","embeddable":true,"href":"https:\/\/www.ull.es\/portal\/agenda\/wp-json\/wp\/v2\/tribe_events_cat?post=19265"}],"curies":[{"name":"wp","href":"https:\/\/api.w.org\/{rel}","templated":true}]}}

Conferencia sobre el Futuro de Europa y la juventud de las Regiones Ultraperiféricas

<p>El Centro de Documentación Europea de la Universidad de La Laguna, en colaboración con el Consejo Canario del Movimiento Europeo, Europe Direct Canarias y el Centro de Documentación Europeos de la ULPGC, organizan el día 30 de abril de 2021, de 12:30 a 14:00 horas (hora canaria), y dentro de los actos dedicados a la preparación de la Conferencia sobre el Futuro de Europa desde las Regiones ultraperiféricas, apenas 10 días antes del inicio de la Conferencia, un evento en el que damos la voz a la juventud de las RUP más informada.</p>
<p>Se organizará un debate moderado por tres jóvenes, una de cada RUP, de distintos ámbitos y orígenes, en el que hablarán de tú a tú con la sociedad sobre cuáles son las inquietudes que creen que deben estar presentes en el debate sobre el futuro de la UE. Buscamos dinamizar a nuestra juventud, hacerla partícipe activa de los debates que deban proponerse a la UE en la futura Conferencia sobre el futuro de la Unión. A partir de un trabajo previo de encuesta y debate proponemos elaborar un documento que haremos llegar a la Comisión Europea en la intención de que la voz de la juventud canaria esté presente en esta elaboración.</p>
<p>Se ha distribuido una encuesta entre nuestros jóvenes y debatimos sobre los tres temas que más interesan según esta encuesta, el Pacto verde, la Europa social y la Europa por la salud.</p>
<p><strong>Programa</strong></p>
<p><b>12.30-12.35-</b><span style="font-weight: 400;"> Vídeos de la ciudadanía joven de las RUP. ¿Qué espero de la CoFoe?</span></p>
<p><b>12.35-12.45-</b><span style="font-weight: 400;"> Presentación del acto. María Andrés. Directora de la Oficina del Parlamento Europeo en España</span></p>
<p><b>12.45-13.05-</b> <b>Primera mesa</b><span style="font-weight: 400;">. Pacto verde y cambio climático.</span></p>
<p><b>13.05-13.25- Segunda mesa.</b><span style="font-weight: 400;"> La Europa social, empleo, futuro, salario. </span></p>
<p><b>13.25-13.45- Tercera mesa.</b><span style="font-weight: 400;"> UE por la salud, investigación, Covid-19, salud mental.</span></p>
<p><b>13.45-14.00- Debate</b><span style="font-weight: 400;"> y preguntas del público participante.</span></p>
<p><span style="font-weight: 400;">Para el acto contaremos con traducción simultánea en tres idiomas siendo francés, inglés y portugués, además del español, gracias a la colaboración de los alumnos del Máster en Interpretación de Conferencias de la ULL. </span></p>
<p><a href="https://forms.gle/3vCLL7LhpsEN4iFdA" target="_blank" rel="noopener"><span style="font-weight: 400;">Inscripción</span></a><span style="font-weight: 400;"> </span></p>
<p><a href="https://forms.gle/FkikxAhMEedSoND89" target="_blank" rel="noopener"><span style="font-weight: 400;">Encuesta sobre la Juventud y la UE</span></a></p>

<p>El Centro de Documentación Europea de la Universidad de La Laguna, en colaboración con el Consejo Canario del Movimiento Europeo, Europe Direct Canarias y el Centro de Documentación Europeos de la ULPGC, organizan el día 30 de abril de 2021, de 12:30 a 14:00 horas (hora canaria), y dentro de los actos dedicados a la&#8230;</p>

<!-- This site is optimized with the Yoast SEO plugin v21.3 - https://yoast.com/wordpress/plugins/seo/ -->
<title>Conferencia sobre el Futuro de Europa y la juventud de las Regiones Ultraperiféricas - ULL - Agenda</title>
<meta name="robots" content="index, follow, max-snippet:-1, max-image-preview:large, max-video-preview:-1" />
<link rel="canonical" href="https://www.ull.es/portal/agenda/evento/conferencia-sobre-el-futuro-de-europa-y-la-juventud-de-las-regiones-ultraperifericas/" />
<meta property="og:locale" content="es_ES" />
<meta property="og:type" content="article" />
<meta property="og:title" content="Conferencia sobre el Futuro de Europa y la juventud de las Regiones Ultraperiféricas - ULL - Agenda" />
<meta property="og:description" content="El Centro de Documentación Europea de la Universidad de La Laguna, en colaboración con el Consejo Canario del Movimiento Europeo, Europe Direct Canarias y el Centro de Documentación Europeos de la ULPGC, organizan el día 30 de abril de 2021, de 12:30 a 14:00 horas (hora canaria), y dentro de los actos dedicados a la..." />
<meta property="og:url" content="https://www.ull.es/portal/agenda/evento/conferencia-sobre-el-futuro-de-europa-y-la-juventud-de-las-regiones-ultraperifericas/" />
<meta property="og:site_name" content="ULL - Agenda" />
<meta property="article:modified_time" content="2021-04-21T13:46:55+00:00" />
<meta property="og:image" content="https://www.ull.es/portal/agenda/wp-content/uploads/sites/12/2021/04/700x350.jpg" />
	<meta property="og:image:width" content="700" />
	<meta property="og:image:height" content="350" />
	<meta property="og:image:type" content="image/jpeg" />
<meta name="twitter:card" content="summary_large_image" />
<meta name="twitter:label1" content="Tiempo de lectura" />
	<meta name="twitter:data1" content="2 minutos" />
<script type="application/ld+json" class="yoast-schema-graph">{"@context":"https://schema.org","@graph":[{"@type":"WebPage","@id":"https://www.ull.es/portal/agenda/evento/conferencia-sobre-el-futuro-de-europa-y-la-juventud-de-las-regiones-ultraperifericas/","url":"https://www.ull.es/portal/agenda/evento/conferencia-sobre-el-futuro-de-europa-y-la-juventud-de-las-regiones-ultraperifericas/","name":"Conferencia sobre el Futuro de Europa y la juventud de las Regiones Ultraperiféricas - ULL - Agenda","isPartOf":{"@id":"https://www.ull.es/portal/agenda/#website"},"datePublished":"2021-04-21T13:32:17+00:00","dateModified":"2021-04-21T13:46:55+00:00","breadcrumb":{"@id":"https://www.ull.es/portal/agenda/evento/conferencia-sobre-el-futuro-de-europa-y-la-juventud-de-las-regiones-ultraperifericas/#breadcrumb"},"inLanguage":"es","potentialAction":[{"@type":"ReadAction","target":["https://www.ull.es/portal/agenda/evento/conferencia-sobre-el-futuro-de-europa-y-la-juventud-de-las-regiones-ultraperifericas/"]}]},{"@type":"BreadcrumbList","@id":"https://www.ull.es/portal/agenda/evento/conferencia-sobre-el-futuro-de-europa-y-la-juventud-de-las-regiones-ultraperifericas/#breadcrumb","itemListElement":[{"@type":"ListItem","position":1,"name":"Portada","item":"https://www.ull.es/portal/agenda/"},{"@type":"ListItem","position":2,"name":"Conferencia sobre el Futuro de Europa y la juventud de las Regiones Ultraperiféricas"}]},{"@type":"WebSite","@id":"https://www.ull.es/portal/agenda/#website","url":"https://www.ull.es/portal/agenda/","name":"ULL - Agenda","description":"","potentialAction":[{"@type":"SearchAction","target":{"@type":"EntryPoint","urlTemplate":"https://www.ull.es/portal/agenda/?s={search_term_string}"},"query-input":"required name=search_term_string"}],"inLanguage":"es"}]}</script>
<!-- / Yoast SEO plugin. -->

Conferencia sobre el Futuro de Europa y la juventud de las Regiones Ultraperiféricas - ULL - Agenda

El Centro de Documentación Europea de la Universidad de La Laguna, en colaboración con el Consejo Canario del Movimiento Europeo, Europe Direct Canarias y el Centro de Documentación Europeos de la ULPGC, organizan el día 30 de abril de 2021, de 12:30 a 14:00 horas (hora canaria), y dentro de los actos dedicados a la...
