{"id":19319,"date":"2021-04-27T09:16:39","date_gmt":"2021-04-27T09:16:39","guid":{"rendered":"https:\/\/www.ull.es\/portal\/agenda\/?post_type=tribe_events&#038;p=19319"},"modified":"2021-04-27T10:18:38","modified_gmt":"2021-04-27T10:18:38","slug":"inventalo-x","status":"publish","type":"tribe_events","link":"https:\/\/www.ull.es\/portal\/agenda\/evento\/inventalo-x\/","title":{"rendered":"Inv\u00e9ntalo X"},"content":{"rendered":"<p>Actividad de Extensi\u00f3n Universitaria organizada por la C\u00e1tedra Fundaci\u00f3n DISA de J\u00f3venes Emprendedores de la ULL y la Fundaci\u00f3n General de la ULL, que se impartir\u00e1 en modalidad <strong>online<\/strong> del <strong>17 de mayo al 6 de junio<\/strong> de 2021.<\/p>\n<p>A trav\u00e9s de esta oferta formativa se pretende motivar al alumnado para la generaci\u00f3n de ideas empresariales innovadoras conociendo nuevas metodolog\u00edas de emprendimiento \u00e1gil, adem\u00e1s del m\u00e9todo cient\u00edfico.<\/p>\n<p>Se trata de un curso de emprendimiento 100% online, dirigido principalmente a estudiantes de doctorado y m\u00e1ster de la Universidad de La Laguna, con el fin de motivar la generaci\u00f3n de ideas empresariales innovadoras.<\/p>\n<p>Para ello, se cruzan de la mano las nuevas metodolog\u00edas de emprendimiento \u00e1gil y el m\u00e9todo cient\u00edfico, buscando crear proyectos empresariales validando hip\u00f3tesis.<\/p>\n<p>El contenido audiovisual y los sencillos ejercicios pr\u00e1cticos har\u00e1n mucho m\u00e1s efectiva la formaci\u00f3n.<\/p>\n<p>Dirigen:<\/p>\n<ul>\n<li>Carmen In\u00e9s Ruiz de la Rosa, Profesora del Departamento de Econom\u00eda, Contabilidad y Finanzas de la ULL.<\/li>\n<li>Samuel Reyes Su\u00e1rez, Fundaci\u00f3n General de la Universidad de La Laguna.<\/li>\n<\/ul>\n<p><strong>CERTIFICADO DE ASISTENCIA, APTITUD Y RECONOCIMIENTO POR CR\u00c9DITO ECTS<\/strong><\/p>\n<p>La ULL, a trav\u00e9s del Vicerrectorado de Cultura, Participaci\u00f3n Social y Campus Ofra y La Palma, emitir\u00e1 un certificado de asistencia a todas aquellas personas que asistan a un m\u00ednimo del 80% de las horas lectivas. Asimismo, aquellas personas que superen el trabajo aut\u00f3nomo del alumnado, recibir\u00e1n un certificado de asistencia y aprovechamiento, reconocible a su vez por un cr\u00e9dito ECTS.<\/p>\n<p><a href=\"https:\/\/sede.fg.ull.es\/es\/curso\/detalle\/a21020122\/inventalo-x\" target=\"_blank\" rel=\"noopener noreferrer\" target=\"_blank\" rel=\"noopener\"><strong><u>Consulta el programa e inscr\u00edbete aqu\u00ed.<\/u><\/strong><\/a><\/p>\n<p><strong>Contacto Extensi\u00f3n Universitaria ULL: 922 319 616 \/ 922 319 626 \u2013 <\/strong><a href=\"mailto:extuni@ull.edu.es\" target=\"_blank\" rel=\"noopener\"><strong>extuni@ull.es<\/strong><\/a><\/p>\n<p><strong>Contacto Emprende FGULL: 922 319 714 \u2013 <\/strong><a href=\"emprende@fg.ull.es\" target=\"_blank\" rel=\"noopener\"><strong>emprende@fg.ull.es<\/strong><\/a><\/p>\n<p>Colaboran: Servicio Canario de Empleo del Gobierno de Canarias y Servicio P\u00fablico de Empelo Estatal del Ministerio de Trabajo y Econom\u00eda Social.<\/p>\n","protected":false},"excerpt":{"rendered":"<p>Actividad de Extensi\u00f3n Universitaria organizada por la C\u00e1tedra Fundaci\u00f3n DISA de J\u00f3venes Emprendedores de la ULL y la Fundaci\u00f3n General de la ULL, que se impartir\u00e1 en modalidad online del 17 de mayo al 6 de junio de 2021. A trav\u00e9s de esta oferta formativa se pretende motivar al alumnado para la generaci\u00f3n de ideas&#8230;<\/p>\n","protected":false},"author":43,"featured_media":19320,"comment_status":"closed","ping_status":"closed","template":"","tags":[977,2011,560,316,3812,3441],"tribe_events_cat":[472,2654,3165,4,186],"acf":[],"yoast_head":"<!-- This site is optimized with the Yoast SEO plugin v21.3 - https:\/\/yoast.com\/wordpress\/plugins\/seo\/ -->\n<title>Inv\u00e9ntalo X - ULL - Agenda<\/title>\n<meta name=\"robots\" content=\"index, follow, max-snippet:-1, max-image-preview:large, max-video-preview:-1\" \/>\n<link rel=\"canonical\" href=\"https:\/\/www.ull.es\/portal\/agenda\/evento\/inventalo-x\/\" \/>\n<meta property=\"og:locale\" content=\"es_ES\" \/>\n<meta property=\"og:type\" content=\"article\" \/>\n<meta property=\"og:title\" content=\"Inv\u00e9ntalo X - ULL - Agenda\" \/>\n<meta property=\"og:description\" content=\"Actividad de Extensi\u00f3n Universitaria organizada por la C\u00e1tedra Fundaci\u00f3n DISA de J\u00f3venes Emprendedores de la ULL y la Fundaci\u00f3n General de la ULL, que se impartir\u00e1 en modalidad online del 17 de mayo al 6 de junio de 2021. A trav\u00e9s de esta oferta formativa se pretende motivar al alumnado para la generaci\u00f3n de ideas...\" \/>\n<meta property=\"og:url\" content=\"https:\/\/www.ull.es\/portal\/agenda\/evento\/inventalo-x\/\" \/>\n<meta property=\"og:site_name\" content=\"ULL - Agenda\" \/>\n<meta property=\"article:modified_time\" content=\"2021-04-27T10:18:38+00:00\" \/>\n<meta property=\"og:image\" content=\"https:\/\/www.ull.es\/portal\/agenda\/wp-content\/uploads\/sites\/12\/2021\/04\/InventaloX.jpg\" \/>\n\t<meta property=\"og:image:width\" content=\"700\" \/>\n\t<meta property=\"og:image:height\" content=\"350\" \/>\n\t<meta property=\"og:image:type\" content=\"image\/jpeg\" \/>\n<meta name=\"twitter:card\" content=\"summary_large_image\" \/>\n<meta name=\"twitter:label1\" content=\"Tiempo de lectura\" \/>\n\t<meta name=\"twitter:data1\" content=\"2 minutos\" \/>\n<script type=\"application\/ld+json\" class=\"yoast-schema-graph\">{\"@context\":\"https:\/\/schema.org\",\"@graph\":[{\"@type\":\"WebPage\",\"@id\":\"https:\/\/www.ull.es\/portal\/agenda\/evento\/inventalo-x\/\",\"url\":\"https:\/\/www.ull.es\/portal\/agenda\/evento\/inventalo-x\/\",\"name\":\"Inv\u00e9ntalo X - ULL - Agenda\",\"isPartOf\":{\"@id\":\"https:\/\/www.ull.es\/portal\/agenda\/#website\"},\"datePublished\":\"2021-04-27T09:16:39+00:00\",\"dateModified\":\"2021-04-27T10:18:38+00:00\",\"breadcrumb\":{\"@id\":\"https:\/\/www.ull.es\/portal\/agenda\/evento\/inventalo-x\/#breadcrumb\"},\"inLanguage\":\"es\",\"potentialAction\":[{\"@type\":\"ReadAction\",\"target\":[\"https:\/\/www.ull.es\/portal\/agenda\/evento\/inventalo-x\/\"]}]},{\"@type\":\"BreadcrumbList\",\"@id\":\"https:\/\/www.ull.es\/portal\/agenda\/evento\/inventalo-x\/#breadcrumb\",\"itemListElement\":[{\"@type\":\"ListItem\",\"position\":1,\"name\":\"Portada\",\"item\":\"https:\/\/www.ull.es\/portal\/agenda\/\"},{\"@type\":\"ListItem\",\"position\":2,\"name\":\"Inv\u00e9ntalo X\"}]},{\"@type\":\"WebSite\",\"@id\":\"https:\/\/www.ull.es\/portal\/agenda\/#website\",\"url\":\"https:\/\/www.ull.es\/portal\/agenda\/\",\"name\":\"ULL - Agenda\",\"description\":\"\",\"potentialAction\":[{\"@type\":\"SearchAction\",\"target\":{\"@type\":\"EntryPoint\",\"urlTemplate\":\"https:\/\/www.ull.es\/portal\/agenda\/?s={search_term_string}\"},\"query-input\":\"required name=search_term_string\"}],\"inLanguage\":\"es\"}]}<\/script>\n<!-- \/ Yoast SEO plugin. -->","yoast_head_json":{"title":"Inv\u00e9ntalo X - ULL - Agenda","robots":{"index":"index","follow":"follow","max-snippet":"max-snippet:-1","max-image-preview":"max-image-preview:large","max-video-preview":"max-video-preview:-1"},"canonical":"https:\/\/www.ull.es\/portal\/agenda\/evento\/inventalo-x\/","og_locale":"es_ES","og_type":"article","og_title":"Inv\u00e9ntalo X - ULL - Agenda","og_description":"Actividad de Extensi\u00f3n Universitaria organizada por la C\u00e1tedra Fundaci\u00f3n DISA de J\u00f3venes Emprendedores de la ULL y la Fundaci\u00f3n General de la ULL, que se impartir\u00e1 en modalidad online del 17 de mayo al 6 de junio de 2021. A trav\u00e9s de esta oferta formativa se pretende motivar al alumnado para la generaci\u00f3n de ideas...","og_url":"https:\/\/www.ull.es\/portal\/agenda\/evento\/inventalo-x\/","og_site_name":"ULL - Agenda","article_modified_time":"2021-04-27T10:18:38+00:00","og_image":[{"width":700,"height":350,"url":"https:\/\/www.ull.es\/portal\/agenda\/wp-content\/uploads\/sites\/12\/2021\/04\/InventaloX.jpg","type":"image\/jpeg"}],"twitter_card":"summary_large_image","twitter_misc":{"Tiempo de lectura":"2 minutos"},"schema":{"@context":"https:\/\/schema.org","@graph":[{"@type":"WebPage","@id":"https:\/\/www.ull.es\/portal\/agenda\/evento\/inventalo-x\/","url":"https:\/\/www.ull.es\/portal\/agenda\/evento\/inventalo-x\/","name":"Inv\u00e9ntalo X - ULL - Agenda","isPartOf":{"@id":"https:\/\/www.ull.es\/portal\/agenda\/#website"},"datePublished":"2021-04-27T09:16:39+00:00","dateModified":"2021-04-27T10:18:38+00:00","breadcrumb":{"@id":"https:\/\/www.ull.es\/portal\/agenda\/evento\/inventalo-x\/#breadcrumb"},"inLanguage":"es","potentialAction":[{"@type":"ReadAction","target":["https:\/\/www.ull.es\/portal\/agenda\/evento\/inventalo-x\/"]}]},{"@type":"BreadcrumbList","@id":"https:\/\/www.ull.es\/portal\/agenda\/evento\/inventalo-x\/#breadcrumb","itemListElement":[{"@type":"ListItem","position":1,"name":"Portada","item":"https:\/\/www.ull.es\/portal\/agenda\/"},{"@type":"ListItem","position":2,"name":"Inv\u00e9ntalo X"}]},{"@type":"WebSite","@id":"https:\/\/www.ull.es\/portal\/agenda\/#website","url":"https:\/\/www.ull.es\/portal\/agenda\/","name":"ULL - Agenda","description":"","potentialAction":[{"@type":"SearchAction","target":{"@type":"EntryPoint","urlTemplate":"https:\/\/www.ull.es\/portal\/agenda\/?s={search_term_string}"},"query-input":"required name=search_term_string"}],"inLanguage":"es"}]}},"_links":{"self":[{"href":"https:\/\/www.ull.es\/portal\/agenda\/wp-json\/wp\/v2\/tribe_events\/19319"}],"collection":[{"href":"https:\/\/www.ull.es\/portal\/agenda\/wp-json\/wp\/v2\/tribe_events"}],"about":[{"href":"https:\/\/www.ull.es\/portal\/agenda\/wp-json\/wp\/v2\/types\/tribe_events"}],"author":[{"embeddable":true,"href":"https:\/\/www.ull.es\/portal\/agenda\/wp-json\/wp\/v2\/users\/43"}],"replies":[{"embeddable":true,"href":"https:\/\/www.ull.es\/portal\/agenda\/wp-json\/wp\/v2\/comments?post=19319"}],"version-history":[{"count":2,"href":"https:\/\/www.ull.es\/portal\/agenda\/wp-json\/wp\/v2\/tribe_events\/19319\/revisions"}],"predecessor-version":[{"id":19325,"href":"https:\/\/www.ull.es\/portal\/agenda\/wp-json\/wp\/v2\/tribe_events\/19319\/revisions\/19325"}],"wp:featuredmedia":[{"embeddable":true,"href":"https:\/\/www.ull.es\/portal\/agenda\/wp-json\/wp\/v2\/media\/19320"}],"wp:attachment":[{"href":"https:\/\/www.ull.es\/portal\/agenda\/wp-json\/wp\/v2\/media?parent=19319"}],"wp:term":[{"taxonomy":"post_tag","embeddable":true,"href":"https:\/\/www.ull.es\/portal\/agenda\/wp-json\/wp\/v2\/tags?post=19319"},{"taxonomy":"tribe_events_cat","embeddable":true,"href":"https:\/\/www.ull.es\/portal\/agenda\/wp-json\/wp\/v2\/tribe_events_cat?post=19319"}],"curies":[{"name":"wp","href":"https:\/\/api.w.org\/{rel}","templated":true}]}}

Invéntalo X

<p>Actividad de Extensión Universitaria organizada por la Cátedra Fundación DISA de Jóvenes Emprendedores de la ULL y la Fundación General de la ULL, que se impartirá en modalidad <strong>online</strong> del <strong>17 de mayo al 6 de junio</strong> de 2021.</p>
<p>A través de esta oferta formativa se pretende motivar al alumnado para la generación de ideas empresariales innovadoras conociendo nuevas metodologías de emprendimiento ágil, además del método científico.</p>
<p>Se trata de un curso de emprendimiento 100% online, dirigido principalmente a estudiantes de doctorado y máster de la Universidad de La Laguna, con el fin de motivar la generación de ideas empresariales innovadoras.</p>
<p>Para ello, se cruzan de la mano las nuevas metodologías de emprendimiento ágil y el método científico, buscando crear proyectos empresariales validando hipótesis.</p>
<p>El contenido audiovisual y los sencillos ejercicios prácticos harán mucho más efectiva la formación.</p>
<p>Dirigen:</p>
<ul>
<li>Carmen Inés Ruiz de la Rosa, Profesora del Departamento de Economía, Contabilidad y Finanzas de la ULL.</li>
<li>Samuel Reyes Suárez, Fundación General de la Universidad de La Laguna.</li>
</ul>
<p><strong>CERTIFICADO DE ASISTENCIA, APTITUD Y RECONOCIMIENTO POR CRÉDITO ECTS</strong></p>
<p>La ULL, a través del Vicerrectorado de Cultura, Participación Social y Campus Ofra y La Palma, emitirá un certificado de asistencia a todas aquellas personas que asistan a un mínimo del 80% de las horas lectivas. Asimismo, aquellas personas que superen el trabajo autónomo del alumnado, recibirán un certificado de asistencia y aprovechamiento, reconocible a su vez por un crédito ECTS.</p>
<p><a href="https://sede.fg.ull.es/es/curso/detalle/a21020122/inventalo-x" target="_blank" rel="noopener noreferrer" target="_blank" rel="noopener"><strong><u>Consulta el programa e inscríbete aquí.</u></strong></a></p>
<p><strong>Contacto Extensión Universitaria ULL: 922 319 616 / 922 319 626 – </strong><a href="mailto:extuni@ull.edu.es" target="_blank" rel="noopener"><strong>extuni@ull.es</strong></a></p>
<p><strong>Contacto Emprende FGULL: 922 319 714 – </strong><a href="emprende@fg.ull.es" target="_blank" rel="noopener"><strong>emprende@fg.ull.es</strong></a></p>
<p>Colaboran: Servicio Canario de Empleo del Gobierno de Canarias y Servicio Público de Empelo Estatal del Ministerio de Trabajo y Economía Social.</p>

<p>Actividad de Extensión Universitaria organizada por la Cátedra Fundación DISA de Jóvenes Emprendedores de la ULL y la Fundación General de la ULL, que se impartirá en modalidad online del 17 de mayo al 6 de junio de 2021. A través de esta oferta formativa se pretende motivar al alumnado para la generación de ideas&#8230;</p>

<!-- This site is optimized with the Yoast SEO plugin v21.3 - https://yoast.com/wordpress/plugins/seo/ -->
<title>Invéntalo X - ULL - Agenda</title>
<meta name="robots" content="index, follow, max-snippet:-1, max-image-preview:large, max-video-preview:-1" />
<link rel="canonical" href="https://www.ull.es/portal/agenda/evento/inventalo-x/" />
<meta property="og:locale" content="es_ES" />
<meta property="og:type" content="article" />
<meta property="og:title" content="Invéntalo X - ULL - Agenda" />
<meta property="og:description" content="Actividad de Extensión Universitaria organizada por la Cátedra Fundación DISA de Jóvenes Emprendedores de la ULL y la Fundación General de la ULL, que se impartirá en modalidad online del 17 de mayo al 6 de junio de 2021. A través de esta oferta formativa se pretende motivar al alumnado para la generación de ideas..." />
<meta property="og:url" content="https://www.ull.es/portal/agenda/evento/inventalo-x/" />
<meta property="og:site_name" content="ULL - Agenda" />
<meta property="article:modified_time" content="2021-04-27T10:18:38+00:00" />
<meta property="og:image" content="https://www.ull.es/portal/agenda/wp-content/uploads/sites/12/2021/04/InventaloX.jpg" />
	<meta property="og:image:width" content="700" />
	<meta property="og:image:height" content="350" />
	<meta property="og:image:type" content="image/jpeg" />
<meta name="twitter:card" content="summary_large_image" />
<meta name="twitter:label1" content="Tiempo de lectura" />
	<meta name="twitter:data1" content="2 minutos" />
<script type="application/ld+json" class="yoast-schema-graph">{"@context":"https://schema.org","@graph":[{"@type":"WebPage","@id":"https://www.ull.es/portal/agenda/evento/inventalo-x/","url":"https://www.ull.es/portal/agenda/evento/inventalo-x/","name":"Invéntalo X - ULL - Agenda","isPartOf":{"@id":"https://www.ull.es/portal/agenda/#website"},"datePublished":"2021-04-27T09:16:39+00:00","dateModified":"2021-04-27T10:18:38+00:00","breadcrumb":{"@id":"https://www.ull.es/portal/agenda/evento/inventalo-x/#breadcrumb"},"inLanguage":"es","potentialAction":[{"@type":"ReadAction","target":["https://www.ull.es/portal/agenda/evento/inventalo-x/"]}]},{"@type":"BreadcrumbList","@id":"https://www.ull.es/portal/agenda/evento/inventalo-x/#breadcrumb","itemListElement":[{"@type":"ListItem","position":1,"name":"Portada","item":"https://www.ull.es/portal/agenda/"},{"@type":"ListItem","position":2,"name":"Invéntalo X"}]},{"@type":"WebSite","@id":"https://www.ull.es/portal/agenda/#website","url":"https://www.ull.es/portal/agenda/","name":"ULL - Agenda","description":"","potentialAction":[{"@type":"SearchAction","target":{"@type":"EntryPoint","urlTemplate":"https://www.ull.es/portal/agenda/?s={search_term_string}"},"query-input":"required name=search_term_string"}],"inLanguage":"es"}]}</script>
<!-- / Yoast SEO plugin. -->

Invéntalo X - ULL - Agenda

Actividad de Extensión Universitaria organizada por la Cátedra Fundación DISA de Jóvenes Emprendedores de la ULL y la Fundación General de la ULL, que se impartirá en modalidad online del 17 de mayo al 6 de junio de 2021. A través de esta oferta formativa se pretende motivar al alumnado para la generación de ideas...
