{"id":19820,"date":"2021-06-08T13:53:12","date_gmt":"2021-06-08T13:53:12","guid":{"rendered":"https:\/\/www.ull.es\/portal\/agenda\/?post_type=tribe_events&#038;p=19820"},"modified":"2021-06-08T13:53:12","modified_gmt":"2021-06-08T13:53:12","slug":"concierto-de-david-duque-luis-alejandro-garcia","status":"publish","type":"tribe_events","link":"https:\/\/www.ull.es\/portal\/agenda\/evento\/concierto-de-david-duque-luis-alejandro-garcia\/","title":{"rendered":"Concierto de David Duque &#038; Luis Alejandro Garc\u00eda"},"content":{"rendered":"<p>Timple y guitarra hunden sus ra\u00edces en la tradici\u00f3n popular. Con el paso de los siglos, el \u00e1mbito de la guitarra fue evolucionando hasta erigirse como un instrumento solista con total autonom\u00eda. La revoluci\u00f3n t\u00e9cnica y organol\u00f3gica, unida al nuevo repertorio compuesto y adaptado para las seis cuerdas, posicionaron al cord\u00f3fono a la altura del resto de instrumentos sol\u00edsticos. En el caso del timple, su desarrollo ha sido similar, aunque bastante m\u00e1s tard\u00edo; alrededor de los \u00faltimos 50 a\u00f1os.<\/p>\n<p>Dado el paralelismo existente en el origen y evoluci\u00f3n de ambos instrumentos, hemos decidido elaborar una propuesta que, en primer lugar, plasme dichas similitudes, a trav\u00e9s del repertorio popular canario y latinoamericano. Sin embargo, nuestra idea nos lleva a dar un paso m\u00e1s, al incluir en nuestro recital un recorrido por el academicismo musical, en el que abordaremos un repertorio renacentista, barroco y cl\u00e1sico-rom\u00e1ntico. De este modo, una vez m\u00e1s de la mano, timple y guitarra recorrer\u00e1n sus senderos populares, pero con la aportaci\u00f3n de un nuevo prisma, innovador en este formato.<\/p>\n<p><strong>DAVID DUQUE INFANTE<\/strong><\/p>\n<p>Titulado por el Conservatorio Superior de m\u00fasica de Canarias en la especialidad de guitarra. Ha recibido clases magistrales de distintos guitarristas de reconocido prestigio internacional, como Jos\u00e9 Luis Rodrigo, Margarita Escarpa, \u00c0lex Garrob\u00e9 o Carles Trepat, entre otros. Tambi\u00e9n se forma como timplista con el maestro Benito cabrera, y como cantante (tenor) con la soprano Raquel Hern\u00e1ndez. En paralelo se forma tambi\u00e9n en las especialidades de direcci\u00f3n coral y orquestal y m\u00fasica moderna.<\/p>\n<p>En la actualidad se desarrolla activamente como concertista de timple y guitarra, dirige la A. F. Los Trigales, el G. F. Los Majuelos y La Rondalla de la Sociedad Mamel\u2019s. Trabaja en la transcripci\u00f3n, adaptaci\u00f3n y composici\u00f3n de obras para timple solista e incluyendo el timple en formatos de m\u00fasica de c\u00e1mara en el \u00e1mbito acad\u00e9mico. Adem\u00e1s, ocupa la plaza de profesor de timple de la Escuela Municipal de M\u00fasica y Danza \u201cVilla de la Orotava\u201d desde Octubre de 2018.<\/p>\n<p><strong>LUIS ALEJANDRO GARC\u00cdA<\/strong><\/p>\n<p>Con m\u00e1s de 30 premios nacionales e internacionales en su haber, Luis Alejandro Garc\u00eda (Tenerife, 1993) es uno de los guitarristas espa\u00f1oles m\u00e1s laureados de su generaci\u00f3n. Alabado como un int\u00e9rprete que combina \u201cvirtuosismo con una excepcional musicalidad, repleta de matices\u201d (Enric Madriguera, Russell Cleveland Director of Guitar Studies at UT Dallas), se ha alzado con Primeros Premios en cert\u00e1menes como el Festival Internazionale di Chitarra \u201cGemona del Friuli\u201d (2020), el Premio El Primer Palau (2019), el Concurso \u201cJos\u00e9 Tom\u00e1s \u2013 Villa de Petrer\u201d (2019), Primer Premio y Premio del P\u00fablico en el Festival Internacional de Guitarra de Coria (2019), Primer Premio y Premio Especial Alhambra en el Certamen<\/p>\n<p>Sus pr\u00f3ximos compromisos incluyen conciertos junto a la Orquesta y Coro de Radio Televisi\u00f3n Espa\u00f1ola en el Teatro Monumental (2022), en adici\u00f3n a giras por diferentes lugares de Espa\u00f1a, Italia, Estados Unidos, Brasil, M\u00e9xico o Argentina. Luis Alejandro Garc\u00eda toca con guitarras de Vicente Carrillo y con cuerdas de Knobloch Strings.<\/p>\n<p><a href=\"https:\/\/www.tomaticket.es\/recintos\/paraninfo-ull\" target=\"_blank\" rel=\"noopener\" target=\"_blank\" rel=\"noopener\">Entradas:<\/a> 10\u20ac<\/p>\n","protected":false},"excerpt":{"rendered":"<p>Timple y guitarra hunden sus ra\u00edces en la tradici\u00f3n popular. Con el paso de los siglos, el \u00e1mbito de la guitarra fue evolucionando hasta erigirse como un instrumento solista con total autonom\u00eda. La revoluci\u00f3n t\u00e9cnica y organol\u00f3gica, unida al nuevo repertorio compuesto y adaptado para las seis cuerdas, posicionaron al cord\u00f3fono a la altura del&#8230;<\/p>\n","protected":false},"author":65,"featured_media":19821,"comment_status":"closed","ping_status":"closed","template":"","tags":[],"tribe_events_cat":[3987,4,343,191],"acf":[],"yoast_head":"<!-- This site is optimized with the Yoast SEO plugin v21.3 - https:\/\/yoast.com\/wordpress\/plugins\/seo\/ -->\n<title>Concierto de David Duque &amp; Luis Alejandro Garc\u00eda - ULL - Agenda<\/title>\n<meta name=\"robots\" content=\"index, follow, max-snippet:-1, max-image-preview:large, max-video-preview:-1\" \/>\n<link rel=\"canonical\" href=\"https:\/\/www.ull.es\/portal\/agenda\/evento\/concierto-de-david-duque-luis-alejandro-garcia\/\" \/>\n<meta property=\"og:locale\" content=\"es_ES\" \/>\n<meta property=\"og:type\" content=\"article\" \/>\n<meta property=\"og:title\" content=\"Concierto de David Duque &amp; Luis Alejandro Garc\u00eda - ULL - Agenda\" \/>\n<meta property=\"og:description\" content=\"Timple y guitarra hunden sus ra\u00edces en la tradici\u00f3n popular. Con el paso de los siglos, el \u00e1mbito de la guitarra fue evolucionando hasta erigirse como un instrumento solista con total autonom\u00eda. La revoluci\u00f3n t\u00e9cnica y organol\u00f3gica, unida al nuevo repertorio compuesto y adaptado para las seis cuerdas, posicionaron al cord\u00f3fono a la altura del...\" \/>\n<meta property=\"og:url\" content=\"https:\/\/www.ull.es\/portal\/agenda\/evento\/concierto-de-david-duque-luis-alejandro-garcia\/\" \/>\n<meta property=\"og:site_name\" content=\"ULL - Agenda\" \/>\n<meta property=\"og:image\" content=\"https:\/\/www.ull.es\/portal\/agenda\/wp-content\/uploads\/sites\/12\/2021\/06\/Cartel-700x350_LOGO.jpg\" \/>\n\t<meta property=\"og:image:width\" content=\"700\" \/>\n\t<meta property=\"og:image:height\" content=\"350\" \/>\n\t<meta property=\"og:image:type\" content=\"image\/jpeg\" \/>\n<meta name=\"twitter:card\" content=\"summary_large_image\" \/>\n<meta name=\"twitter:label1\" content=\"Tiempo de lectura\" \/>\n\t<meta name=\"twitter:data1\" content=\"3 minutos\" \/>\n<script type=\"application\/ld+json\" class=\"yoast-schema-graph\">{\"@context\":\"https:\/\/schema.org\",\"@graph\":[{\"@type\":\"WebPage\",\"@id\":\"https:\/\/www.ull.es\/portal\/agenda\/evento\/concierto-de-david-duque-luis-alejandro-garcia\/\",\"url\":\"https:\/\/www.ull.es\/portal\/agenda\/evento\/concierto-de-david-duque-luis-alejandro-garcia\/\",\"name\":\"Concierto de David Duque & Luis Alejandro Garc\u00eda - ULL - Agenda\",\"isPartOf\":{\"@id\":\"https:\/\/www.ull.es\/portal\/agenda\/#website\"},\"datePublished\":\"2021-06-08T13:53:12+00:00\",\"dateModified\":\"2021-06-08T13:53:12+00:00\",\"breadcrumb\":{\"@id\":\"https:\/\/www.ull.es\/portal\/agenda\/evento\/concierto-de-david-duque-luis-alejandro-garcia\/#breadcrumb\"},\"inLanguage\":\"es\",\"potentialAction\":[{\"@type\":\"ReadAction\",\"target\":[\"https:\/\/www.ull.es\/portal\/agenda\/evento\/concierto-de-david-duque-luis-alejandro-garcia\/\"]}]},{\"@type\":\"BreadcrumbList\",\"@id\":\"https:\/\/www.ull.es\/portal\/agenda\/evento\/concierto-de-david-duque-luis-alejandro-garcia\/#breadcrumb\",\"itemListElement\":[{\"@type\":\"ListItem\",\"position\":1,\"name\":\"Portada\",\"item\":\"https:\/\/www.ull.es\/portal\/agenda\/\"},{\"@type\":\"ListItem\",\"position\":2,\"name\":\"Concierto de David Duque &#038; Luis Alejandro Garc\u00eda\"}]},{\"@type\":\"WebSite\",\"@id\":\"https:\/\/www.ull.es\/portal\/agenda\/#website\",\"url\":\"https:\/\/www.ull.es\/portal\/agenda\/\",\"name\":\"ULL - Agenda\",\"description\":\"\",\"potentialAction\":[{\"@type\":\"SearchAction\",\"target\":{\"@type\":\"EntryPoint\",\"urlTemplate\":\"https:\/\/www.ull.es\/portal\/agenda\/?s={search_term_string}\"},\"query-input\":\"required name=search_term_string\"}],\"inLanguage\":\"es\"}]}<\/script>\n<!-- \/ Yoast SEO plugin. -->","yoast_head_json":{"title":"Concierto de David Duque & Luis Alejandro Garc\u00eda - ULL - Agenda","robots":{"index":"index","follow":"follow","max-snippet":"max-snippet:-1","max-image-preview":"max-image-preview:large","max-video-preview":"max-video-preview:-1"},"canonical":"https:\/\/www.ull.es\/portal\/agenda\/evento\/concierto-de-david-duque-luis-alejandro-garcia\/","og_locale":"es_ES","og_type":"article","og_title":"Concierto de David Duque & Luis Alejandro Garc\u00eda - ULL - Agenda","og_description":"Timple y guitarra hunden sus ra\u00edces en la tradici\u00f3n popular. Con el paso de los siglos, el \u00e1mbito de la guitarra fue evolucionando hasta erigirse como un instrumento solista con total autonom\u00eda. La revoluci\u00f3n t\u00e9cnica y organol\u00f3gica, unida al nuevo repertorio compuesto y adaptado para las seis cuerdas, posicionaron al cord\u00f3fono a la altura del...","og_url":"https:\/\/www.ull.es\/portal\/agenda\/evento\/concierto-de-david-duque-luis-alejandro-garcia\/","og_site_name":"ULL - Agenda","og_image":[{"width":700,"height":350,"url":"https:\/\/www.ull.es\/portal\/agenda\/wp-content\/uploads\/sites\/12\/2021\/06\/Cartel-700x350_LOGO.jpg","type":"image\/jpeg"}],"twitter_card":"summary_large_image","twitter_misc":{"Tiempo de lectura":"3 minutos"},"schema":{"@context":"https:\/\/schema.org","@graph":[{"@type":"WebPage","@id":"https:\/\/www.ull.es\/portal\/agenda\/evento\/concierto-de-david-duque-luis-alejandro-garcia\/","url":"https:\/\/www.ull.es\/portal\/agenda\/evento\/concierto-de-david-duque-luis-alejandro-garcia\/","name":"Concierto de David Duque & Luis Alejandro Garc\u00eda - ULL - Agenda","isPartOf":{"@id":"https:\/\/www.ull.es\/portal\/agenda\/#website"},"datePublished":"2021-06-08T13:53:12+00:00","dateModified":"2021-06-08T13:53:12+00:00","breadcrumb":{"@id":"https:\/\/www.ull.es\/portal\/agenda\/evento\/concierto-de-david-duque-luis-alejandro-garcia\/#breadcrumb"},"inLanguage":"es","potentialAction":[{"@type":"ReadAction","target":["https:\/\/www.ull.es\/portal\/agenda\/evento\/concierto-de-david-duque-luis-alejandro-garcia\/"]}]},{"@type":"BreadcrumbList","@id":"https:\/\/www.ull.es\/portal\/agenda\/evento\/concierto-de-david-duque-luis-alejandro-garcia\/#breadcrumb","itemListElement":[{"@type":"ListItem","position":1,"name":"Portada","item":"https:\/\/www.ull.es\/portal\/agenda\/"},{"@type":"ListItem","position":2,"name":"Concierto de David Duque &#038; Luis Alejandro Garc\u00eda"}]},{"@type":"WebSite","@id":"https:\/\/www.ull.es\/portal\/agenda\/#website","url":"https:\/\/www.ull.es\/portal\/agenda\/","name":"ULL - Agenda","description":"","potentialAction":[{"@type":"SearchAction","target":{"@type":"EntryPoint","urlTemplate":"https:\/\/www.ull.es\/portal\/agenda\/?s={search_term_string}"},"query-input":"required name=search_term_string"}],"inLanguage":"es"}]}},"_links":{"self":[{"href":"https:\/\/www.ull.es\/portal\/agenda\/wp-json\/wp\/v2\/tribe_events\/19820"}],"collection":[{"href":"https:\/\/www.ull.es\/portal\/agenda\/wp-json\/wp\/v2\/tribe_events"}],"about":[{"href":"https:\/\/www.ull.es\/portal\/agenda\/wp-json\/wp\/v2\/types\/tribe_events"}],"author":[{"embeddable":true,"href":"https:\/\/www.ull.es\/portal\/agenda\/wp-json\/wp\/v2\/users\/65"}],"replies":[{"embeddable":true,"href":"https:\/\/www.ull.es\/portal\/agenda\/wp-json\/wp\/v2\/comments?post=19820"}],"version-history":[{"count":1,"href":"https:\/\/www.ull.es\/portal\/agenda\/wp-json\/wp\/v2\/tribe_events\/19820\/revisions"}],"predecessor-version":[{"id":19822,"href":"https:\/\/www.ull.es\/portal\/agenda\/wp-json\/wp\/v2\/tribe_events\/19820\/revisions\/19822"}],"wp:featuredmedia":[{"embeddable":true,"href":"https:\/\/www.ull.es\/portal\/agenda\/wp-json\/wp\/v2\/media\/19821"}],"wp:attachment":[{"href":"https:\/\/www.ull.es\/portal\/agenda\/wp-json\/wp\/v2\/media?parent=19820"}],"wp:term":[{"taxonomy":"post_tag","embeddable":true,"href":"https:\/\/www.ull.es\/portal\/agenda\/wp-json\/wp\/v2\/tags?post=19820"},{"taxonomy":"tribe_events_cat","embeddable":true,"href":"https:\/\/www.ull.es\/portal\/agenda\/wp-json\/wp\/v2\/tribe_events_cat?post=19820"}],"curies":[{"name":"wp","href":"https:\/\/api.w.org\/{rel}","templated":true}]}}

Concierto de David Duque &#038; Luis Alejandro García

<p>Timple y guitarra hunden sus raíces en la tradición popular. Con el paso de los siglos, el ámbito de la guitarra fue evolucionando hasta erigirse como un instrumento solista con total autonomía. La revolución técnica y organológica, unida al nuevo repertorio compuesto y adaptado para las seis cuerdas, posicionaron al cordófono a la altura del resto de instrumentos solísticos. En el caso del timple, su desarrollo ha sido similar, aunque bastante más tardío; alrededor de los últimos 50 años.</p>
<p>Dado el paralelismo existente en el origen y evolución de ambos instrumentos, hemos decidido elaborar una propuesta que, en primer lugar, plasme dichas similitudes, a través del repertorio popular canario y latinoamericano. Sin embargo, nuestra idea nos lleva a dar un paso más, al incluir en nuestro recital un recorrido por el academicismo musical, en el que abordaremos un repertorio renacentista, barroco y clásico-romántico. De este modo, una vez más de la mano, timple y guitarra recorrerán sus senderos populares, pero con la aportación de un nuevo prisma, innovador en este formato.</p>
<p><strong>DAVID DUQUE INFANTE</strong></p>
<p>Titulado por el Conservatorio Superior de música de Canarias en la especialidad de guitarra. Ha recibido clases magistrales de distintos guitarristas de reconocido prestigio internacional, como José Luis Rodrigo, Margarita Escarpa, Àlex Garrobé o Carles Trepat, entre otros. También se forma como timplista con el maestro Benito cabrera, y como cantante (tenor) con la soprano Raquel Hernández. En paralelo se forma también en las especialidades de dirección coral y orquestal y música moderna.</p>
<p>En la actualidad se desarrolla activamente como concertista de timple y guitarra, dirige la A. F. Los Trigales, el G. F. Los Majuelos y La Rondalla de la Sociedad Mamel’s. Trabaja en la transcripción, adaptación y composición de obras para timple solista e incluyendo el timple en formatos de música de cámara en el ámbito académico. Además, ocupa la plaza de profesor de timple de la Escuela Municipal de Música y Danza “Villa de la Orotava” desde Octubre de 2018.</p>
<p><strong>LUIS ALEJANDRO GARCÍA</strong></p>
<p>Con más de 30 premios nacionales e internacionales en su haber, Luis Alejandro García (Tenerife, 1993) es uno de los guitarristas españoles más laureados de su generación. Alabado como un intérprete que combina “virtuosismo con una excepcional musicalidad, repleta de matices” (Enric Madriguera, Russell Cleveland Director of Guitar Studies at UT Dallas), se ha alzado con Primeros Premios en certámenes como el Festival Internazionale di Chitarra “Gemona del Friuli” (2020), el Premio El Primer Palau (2019), el Concurso “José Tomás – Villa de Petrer” (2019), Primer Premio y Premio del Público en el Festival Internacional de Guitarra de Coria (2019), Primer Premio y Premio Especial Alhambra en el Certamen</p>
<p>Sus próximos compromisos incluyen conciertos junto a la Orquesta y Coro de Radio Televisión Española en el Teatro Monumental (2022), en adición a giras por diferentes lugares de España, Italia, Estados Unidos, Brasil, México o Argentina. Luis Alejandro García toca con guitarras de Vicente Carrillo y con cuerdas de Knobloch Strings.</p>
<p><a href="https://www.tomaticket.es/recintos/paraninfo-ull" target="_blank" rel="noopener" target="_blank" rel="noopener">Entradas:</a> 10€</p>

<p>Timple y guitarra hunden sus raíces en la tradición popular. Con el paso de los siglos, el ámbito de la guitarra fue evolucionando hasta erigirse como un instrumento solista con total autonomía. La revolución técnica y organológica, unida al nuevo repertorio compuesto y adaptado para las seis cuerdas, posicionaron al cordófono a la altura del&#8230;</p>

<!-- This site is optimized with the Yoast SEO plugin v21.3 - https://yoast.com/wordpress/plugins/seo/ -->
<title>Concierto de David Duque &amp; Luis Alejandro García - ULL - Agenda</title>
<meta name="robots" content="index, follow, max-snippet:-1, max-image-preview:large, max-video-preview:-1" />
<link rel="canonical" href="https://www.ull.es/portal/agenda/evento/concierto-de-david-duque-luis-alejandro-garcia/" />
<meta property="og:locale" content="es_ES" />
<meta property="og:type" content="article" />
<meta property="og:title" content="Concierto de David Duque &amp; Luis Alejandro García - ULL - Agenda" />
<meta property="og:description" content="Timple y guitarra hunden sus raíces en la tradición popular. Con el paso de los siglos, el ámbito de la guitarra fue evolucionando hasta erigirse como un instrumento solista con total autonomía. La revolución técnica y organológica, unida al nuevo repertorio compuesto y adaptado para las seis cuerdas, posicionaron al cordófono a la altura del..." />
<meta property="og:url" content="https://www.ull.es/portal/agenda/evento/concierto-de-david-duque-luis-alejandro-garcia/" />
<meta property="og:site_name" content="ULL - Agenda" />
<meta property="og:image" content="https://www.ull.es/portal/agenda/wp-content/uploads/sites/12/2021/06/Cartel-700x350_LOGO.jpg" />
	<meta property="og:image:width" content="700" />
	<meta property="og:image:height" content="350" />
	<meta property="og:image:type" content="image/jpeg" />
<meta name="twitter:card" content="summary_large_image" />
<meta name="twitter:label1" content="Tiempo de lectura" />
	<meta name="twitter:data1" content="3 minutos" />
<script type="application/ld+json" class="yoast-schema-graph">{"@context":"https://schema.org","@graph":[{"@type":"WebPage","@id":"https://www.ull.es/portal/agenda/evento/concierto-de-david-duque-luis-alejandro-garcia/","url":"https://www.ull.es/portal/agenda/evento/concierto-de-david-duque-luis-alejandro-garcia/","name":"Concierto de David Duque & Luis Alejandro García - ULL - Agenda","isPartOf":{"@id":"https://www.ull.es/portal/agenda/#website"},"datePublished":"2021-06-08T13:53:12+00:00","dateModified":"2021-06-08T13:53:12+00:00","breadcrumb":{"@id":"https://www.ull.es/portal/agenda/evento/concierto-de-david-duque-luis-alejandro-garcia/#breadcrumb"},"inLanguage":"es","potentialAction":[{"@type":"ReadAction","target":["https://www.ull.es/portal/agenda/evento/concierto-de-david-duque-luis-alejandro-garcia/"]}]},{"@type":"BreadcrumbList","@id":"https://www.ull.es/portal/agenda/evento/concierto-de-david-duque-luis-alejandro-garcia/#breadcrumb","itemListElement":[{"@type":"ListItem","position":1,"name":"Portada","item":"https://www.ull.es/portal/agenda/"},{"@type":"ListItem","position":2,"name":"Concierto de David Duque &#038; Luis Alejandro García"}]},{"@type":"WebSite","@id":"https://www.ull.es/portal/agenda/#website","url":"https://www.ull.es/portal/agenda/","name":"ULL - Agenda","description":"","potentialAction":[{"@type":"SearchAction","target":{"@type":"EntryPoint","urlTemplate":"https://www.ull.es/portal/agenda/?s={search_term_string}"},"query-input":"required name=search_term_string"}],"inLanguage":"es"}]}</script>
<!-- / Yoast SEO plugin. -->

Concierto de David Duque & Luis Alejandro García - ULL - Agenda

Timple y guitarra hunden sus raíces en la tradición popular. Con el paso de los siglos, el ámbito de la guitarra fue evolucionando hasta erigirse como un instrumento solista con total autonomía. La revolución técnica y organológica, unida al nuevo repertorio compuesto y adaptado para las seis cuerdas, posicionaron al cordófono a la altura del...
